{"id":97,"date":"2020-05-07T14:57:20","date_gmt":"2020-05-07T12:57:20","guid":{"rendered":"https:\/\/wordpress-test.app.u-pariscite.fr\/sport\/?page_id=97"},"modified":"2024-06-13T09:29:37","modified_gmt":"2024-06-13T07:29:37","slug":"nos-missions","status":"publish","type":"page","link":"https:\/\/wordpress-test.app.u-pariscite.fr\/sport\/nos-missions\/","title":{"rendered":"Nos missions"},"content":{"rendered":"<p>[et_pb_section bb_built=\u00a0\u00bb1&Prime; fullwidth=\u00a0\u00bboff\u00a0\u00bb specialty=\u00a0\u00bboff\u00a0\u00bb next_background_color=\u00a0\u00bb#000000&Prime; inner_width=\u00a0\u00bbauto\u00a0\u00bb inner_max_width=\u00a0\u00bbnone\u00a0\u00bb][et_pb_row _builder_version=\u00a0\u00bb3.22&Prime; background_size=\u00a0\u00bbinitial\u00a0\u00bb background_position=\u00a0\u00bbtop_left\u00a0\u00bb background_repeat=\u00a0\u00bbrepeat\u00a0\u00bb][et_pb_column type=\u00a0\u00bb4_4&Prime;][et_pb_post_title admin_label=\u00a0\u00bbTitre de la page\u00a0\u00bb meta=\u00a0\u00bboff\u00a0\u00bb featured_image=\u00a0\u00bboff\u00a0\u00bb _builder_version=\u00a0\u00bb3.22.1&Prime;]<\/p>\n<p>[\/et_pb_post_title][\/et_pb_column][\/et_pb_row][et_pb_row _builder_version=\u00a0\u00bb3.22&Prime; background_size=\u00a0\u00bbinitial\u00a0\u00bb background_position=\u00a0\u00bbtop_left\u00a0\u00bb background_repeat=\u00a0\u00bbrepeat\u00a0\u00bb][et_pb_column type=\u00a0\u00bb3_4&Prime;][et_pb_text admin_label=\u00a0\u00bbIntro\u00a0\u00bb module_id=\u00a0\u00bbintro\u00a0\u00bb _builder_version=\u00a0\u00bb3.22.1&Prime; z_index_tablet=\u00a0\u00bb500&Prime;]<\/p>\n<p>[\/et_pb_text][\/et_pb_column][et_pb_column type=\u00a0\u00bb1_4&Prime;][\/et_pb_column][\/et_pb_row][et_pb_row module_id=\u00a0\u00bbimage-page-type\u00a0\u00bb _builder_version=\u00a0\u00bb3.22.1&Prime; z_index_tablet=\u00a0\u00bb500&Prime;][et_pb_column type=\u00a0\u00bb3_4&Prime;][et_pb_image admin_label=\u00a0\u00bbImage 1920 x 1080&Prime; src=\u00a0\u00bbhttps:\/\/wordpress-test.app.u-pariscite.fr\/sport\/wp-content\/uploads\/sites\/17\/2020\/09\/nosmissions.jpeg\u00a0\u00bb module_id=\u00a0\u00bbimage-page\u00a0\u00bb _builder_version=\u00a0\u00bb3.22.1&Prime; z_index_tablet=\u00a0\u00bb500&Prime;]<\/p>\n<p>[\/et_pb_image][\/et_pb_column][et_pb_column type=\u00a0\u00bb1_4&Prime;][\/et_pb_column][\/et_pb_row][\/et_pb_section][et_pb_section bb_built=\u00a0\u00bb1&Prime; _builder_version=\u00a0\u00bb3.22&Prime; prev_background_color=\u00a0\u00bb#000000&Prime;][et_pb_row custom_padding=\u00a0\u00bb||\u00a0\u00bb _builder_version=\u00a0\u00bb3.22.1&Prime; background_size=\u00a0\u00bbinitial\u00a0\u00bb background_position=\u00a0\u00bbtop_left\u00a0\u00bb background_repeat=\u00a0\u00bbrepeat\u00a0\u00bb][et_pb_column type=\u00a0\u00bb3_4&Prime;][et_pb_toggle admin_label=\u00a0\u00bbLa formation\u00a0\u00bb title=\u00a0\u00bbLa formation\u00a0\u00bb _builder_version=\u00a0\u00bb3.22.1&Prime; z_index_tablet=\u00a0\u00bb500&Prime; text_shadow_horizontal_length=\u00a0\u00bbtext_shadow_style,%91object Object%93&Prime; text_shadow_vertical_length=\u00a0\u00bbtext_shadow_style,%91object Object%93&Prime; text_shadow_blur_strength=\u00a0\u00bbtext_shadow_style,%91object Object%93&Prime; title_text_shadow_horizontal_length=\u00a0\u00bbtitle_text_shadow_style,%91object Object%93&Prime; title_text_shadow_vertical_length=\u00a0\u00bbtitle_text_shadow_style,%91object Object%93&Prime; title_text_shadow_blur_strength=\u00a0\u00bbtitle_text_shadow_style,%91object Object%93&Prime; body_text_shadow_horizontal_length=\u00a0\u00bbbody_text_shadow_style,%91object Object%93&Prime; body_text_shadow_vertical_length=\u00a0\u00bbbody_text_shadow_style,%91object Object%93&Prime; body_text_shadow_blur_strength=\u00a0\u00bbbody_text_shadow_style,%91object Object%93&Prime;]<\/p>\n<p>L\u2019enseignement des activit\u00e9s physiques sportives et artistiques (APSA) participe \u00e0 la formation de l\u2019\u00e9tudiant de fa\u00e7on originale et compl\u00e9mentaire.<\/p>\n<p>Le service des sports propose un enseignement de qualit\u00e9 en direction de toutes les \u00e9tudiantes et de tous les \u00e9tudiants du d\u00e9butant \u00e0 l\u2019expert.<\/p>\n<p>Universit\u00e9 Paris Cit\u00e9 int\u00e8gre aussi l\u2019enseignement des APSA dans les maquettes de formation. Au-del\u00e0 du d\u00e9veloppement de comp\u00e9tences sp\u00e9cifiques, nos enseignements favorisent l\u2019acquisition de comp\u00e9tences transversales (travail en \u00e9quipe, autonomie, cr\u00e9ativit\u00e9&#8230;).<\/p>\n<p>Cette formation par les APSA constitue une r\u00e9elle valeur ajout\u00e9e pour leur insertion professionnelle.<\/p>\n<p>L\u2019enseignement des activit\u00e9s sportives et artistiques pour une formation compl\u00e8te de l\u2019\u00e9tudiant.<\/p>\n<p><strong><u>Comp\u00e9tences interdisciplinaires<\/u>\u00a0:<\/strong><\/p>\n<ul>\n<li>Proposer des contenus de formation en coh\u00e9rence avec le champ disciplinaire.<\/li>\n<\/ul>\n<p>Exemple\u00a0: \u00e9tudes de sant\u00e9\/activit\u00e9 physique et sant\u00e9.<\/p>\n<p><strong><u>Comp\u00e9tences sant\u00e9 bien \u00eatre<\/u>\u00a0:<\/strong><\/p>\n<ul>\n<li>Apprendre \u00e0 g\u00e9rer sa sant\u00e9 et son bien-\u00eatre tout au long de sa vie.<\/li>\n<\/ul>\n<p><strong><u>Comp\u00e9tences disciplinaires<\/u>\u00a0:<\/strong><\/p>\n<ul>\n<li>D\u00e9velopper des comp\u00e9tences sp\u00e9cifiques dans les diff\u00e9rentes activit\u00e9s physiques et sportives.<\/li>\n<\/ul>\n<p><strong><u>Comp\u00e9tences transversales<\/u>\u00a0:<\/strong> \u00e0 vis\u00e9e d\u2019insertion professionnelle.<\/p>\n<ul>\n<li>Travailler en \u00e9quipe\u00a0: argumenter et \u00e9changer.<\/li>\n<li>G\u00e9rer une \u00e9quipe.<\/li>\n<li>Cr\u00e9er et innover.<\/li>\n<\/ul>\n<p><strong><u>Comp\u00e9tences li\u00e9es \u00e0 l\u2019engagement \u00e9tudiant<\/u>\u00a0:<\/strong><\/p>\n<ul>\n<li>Pratiquer comme comp\u00e9titeur, juge, arbitre ou artiste.<\/li>\n<li>Mission associative\/management.<\/li>\n<\/ul>\n<p>[\/et_pb_toggle][et_pb_toggle admin_label=\u00a0\u00bbSport Sant\u00e9\u00a0\u00bb title=\u00a0\u00bb Sport Sant\u00e9\u00a0\u00bb _builder_version=\u00a0\u00bb3.22.1&Prime; z_index_tablet=\u00a0\u00bb500&Prime; text_shadow_horizontal_length=\u00a0\u00bbtext_shadow_style,%91object Object%93&Prime; text_shadow_vertical_length=\u00a0\u00bbtext_shadow_style,%91object Object%93&Prime; text_shadow_blur_strength=\u00a0\u00bbtext_shadow_style,%91object Object%93&Prime; title_text_shadow_horizontal_length=\u00a0\u00bbtitle_text_shadow_style,%91object Object%93&Prime; title_text_shadow_vertical_length=\u00a0\u00bbtitle_text_shadow_style,%91object Object%93&Prime; title_text_shadow_blur_strength=\u00a0\u00bbtitle_text_shadow_style,%91object Object%93&Prime; body_text_shadow_horizontal_length=\u00a0\u00bbbody_text_shadow_style,%91object Object%93&Prime; body_text_shadow_vertical_length=\u00a0\u00bbbody_text_shadow_style,%91object Object%93&Prime; body_text_shadow_blur_strength=\u00a0\u00bbbody_text_shadow_style,%91object Object%93&Prime;]<\/p>\n<p>Le service des sports contribue \u00e0 la politique de sant\u00e9 publique de lutte contre la s\u00e9dentarit\u00e9.<\/p>\n<p>Le service des sports est le dernier lieu d\u2019ancrage de l\u2019habitus pratique de l\u2019activit\u00e9 physique. L\u2019offre du service des sports favorise les actions de pr\u00e9vention des affections (maladie cardio-vasculaire, surcharge pond\u00e9rale, diab\u00e8te\u2026).<\/p>\n<p>Si \u00e0 l\u2019\u00e9vidence, la r\u00e9ussite de l\u2019\u00e9tudiant est intimement li\u00e9e \u00e0 son \u00e9tat de bien-\u00eatre, le souci de la qualit\u00e9 de vie au travail devient un enjeu soci\u00e9tal.<\/p>\n<p>Le service des sports d\u00e9veloppe l\u2019activit\u00e9 physique pour l\u2019ensemble de la communaut\u00e9 universitaire (\u00e9tudiants et personnels).<\/p>\n<p>L\u2019activit\u00e9 physique et sant\u00e9\u00a0: une offre de pratiques vari\u00e9es et adapt\u00e9es pour la sant\u00e9 et le bien -\u00eatre de chacun.<\/p>\n<p>Le service des sports, en liaison avec le Relais Handicap, dans le cadre de sa politique d\u2019inclusion, favorise la pratique handisport en direction de tous.<\/p>\n<p>Le service des sports souhaite renforcer et d\u00e9velopper\u00a0:<\/p>\n<ul>\n<li>Une offre de pratique vari\u00e9es pour r\u00e9pondre aux besoins de sant\u00e9 bien-\u00eatre.<\/li>\n<li>La mise en place de tests de condition physique pour l\u2019\u00e9tudiant et le personnel universitaire afin de pouvoir \u00e9valuer et proposer une pratique r\u00e9guli\u00e8re adapt\u00e9e en partenariat avec les services de sant\u00e9 universitaire.<\/li>\n<li>Une offre de formation pour leurs enseignantes et enseignants d\u2019EPS mais \u00e9galement \u00e0 destination des services de sant\u00e9 afin de renforcer la qualit\u00e9 des dispositifs d\u2019accompagnement de publics particuliers.<\/li>\n<li>Une offre de formation sp\u00e9cifique pour les \u00e9tudiantes et \u00e9tudiants en m\u00e9decine en partenariat avec la facult\u00e9 de sant\u00e9 pour renforcer leurs connaissances de l\u2019activit\u00e9 physique afin de mieux pouvoir la prescrire et la pr\u00e9coniser (loi Fourneyron 2016).<\/li>\n<\/ul>\n<p>[\/et_pb_toggle][et_pb_toggle admin_label=\u00a0\u00bbLe sport de comp\u00e9tition\u00a0\u00bb title=\u00a0\u00bbLe sport de comp\u00e9tition\u00a0\u00bb _builder_version=\u00a0\u00bb3.22.1&Prime; z_index_tablet=\u00a0\u00bb500&Prime;]<\/p>\n<p>Le service des sports, lieu de pratique des activit\u00e9s physiques et sportives dans toutes leurs diversit\u00e9s, dans toutes leurs modalit\u00e9s, a mission de favoriser la participation des \u00e9tudiants \u00e0 la comp\u00e9tition sportive.<\/p>\n<p>L\u2019exp\u00e9rience de la comp\u00e9tition, tout comme l\u2019engagement associatif, sont formateurs et facteurs d\u2019enrichissement personnel.<\/p>\n<p>Le service des sports contribue \u00e0 forger un citoyen capable de se pr\u00e9parer, s\u2019organiser, g\u00e9rer des \u00e9ch\u00e9ances, des \u00e9motions \u00e0 travers la r\u00e9ussite mais aussi l\u2019\u00e9chec.<\/p>\n<p>Le service des sports, \u00e0 travers l\u2019Association Sportive et en partenariat avec la F\u00e9d\u00e9ration Fran\u00e7aise du Sport Universitaire (FFSU), contribue \u00e0 cette dynamique et renforce le sentiment d\u2019appartenance des \u00e9tudiantes et \u00e9tudiants \u00e0 leur universit\u00e9.<\/p>\n<p>[\/et_pb_toggle][et_pb_toggle admin_label=\u00a0\u00bbl\u2019Ev\u00e8nementiel sportif et artistique\u00a0\u00bb title=\u00a0\u00bbl\u2019Ev\u00e8nementiel sportif et artistique\u00a0\u00bb _builder_version=\u00a0\u00bb3.22.1&Prime; z_index_tablet=\u00a0\u00bb500&Prime;]<\/p>\n<p>Tournois, challenges, championnats mais aussi stages, d\u00e9monstrations, spectacles\u00a0: des temps forts qui marquent la vie de l\u2019\u00e9tudiant.<\/p>\n<p>Ils favorisent naturellement le lien social et d\u00e9veloppe le sentiment d\u2019appartenance \u00e0 la communaut\u00e9 universitaire.<\/p>\n<p>Le service des sports participe \u00e0 l\u2019attractivit\u00e9 et au rayonnement de nos \u00e9tablissements en renfor\u00e7ant l\u2019ancrage territorial de l\u2019universit\u00e9 mais \u00e9galement en amplifiant les actions de coop\u00e9ration et de d\u00e9veloppement nationales et internationales.<\/p>\n<p>L\u2019int\u00e9gration des personnels \u00e0 la vie de campus contribue par la convivialit\u00e9 g\u00e9n\u00e9rale au bien-\u00eatre au travail.<\/p>\n<p>Cette dynamique peut \u00eatre renforc\u00e9e par des synergies avec les diff\u00e9rents services de la Vie de Campus.<\/p>\n<p>[\/et_pb_toggle][et_pb_toggle admin_label=\u00a0\u00bb Les sportives et sportifs de Haut niveau\u00a0\u00bb title=\u00a0\u00bb Les sportives et sportifs de Haut niveau\u00a0\u00bb _builder_version=\u00a0\u00bb3.22.1&Prime; z_index_tablet=\u00a0\u00bb500&Prime;]<\/p>\n<p>Le service des sports a pour mission de coordonner les dispositifs d\u2019accompagnement de l\u2019\u00e9tudiant sportif de haut niveau pour favoriser la r\u00e9ussite du double projet sport de niveau et \u00e9tudes sup\u00e9rieures.<\/p>\n<p>Par la connaissance du milieu universitaire mais \u00e9galement par ses r\u00e9seaux sportifs f\u00e9d\u00e9raux locaux et nationaux, le service des sports assure une prise en charge optimum des sportifs de haut niveau\u00a0: am\u00e9nagement des \u00e9tudes et des examens, accompagnement social, relais avec les f\u00e9d\u00e9rations, les ligues, les clubs amateurs et professionnels.<\/p>\n<p>L\u2019universit\u00e9 propose aux sportifs de haut niveau une offre de formation adapt\u00e9e et une mise en r\u00e9seau qui favorisent leur insertion professionnelle.<\/p>\n<p>Le service des sports a pour mission de coordonner les dispositifs d\u2019accompagnement de l\u2019\u00e9tudiant sportif de haut niveau pour favoriser la r\u00e9ussite du double projet sport de niveau et \u00e9tudes sup\u00e9rieures.<\/p>\n<p>Par la connaissance du milieu universitaire mais \u00e9galement par ses r\u00e9seaux sportifs f\u00e9d\u00e9raux locaux et nationaux, le service des sports assure une prise en charge optimum des sportifs de haut niveau\u00a0: am\u00e9nagement des \u00e9tudes et des examens, accompagnement social, relais avec les f\u00e9d\u00e9rations, les ligues, les clubs amateurs et professionnels.<\/p>\n<p>L\u2019universit\u00e9 propose aux sportifs de haut niveau une offre de formation adapt\u00e9e et une mise en r\u00e9seau qui favorisent leur insertion professionnelle.<\/p>\n<p>[\/et_pb_toggle][et_pb_toggle admin_label=\u00a0\u00bbLes installations sportives universitaires : une gestion optimale d\u2019\u00e9quipements de proximit\u00e9\u00a0\u00bb title=\u00a0\u00bbLes installations sportives universitaires : une gestion optimale d\u2019\u00e9quipements de proximit\u00e9\u00a0\u00bb _builder_version=\u00a0\u00bb3.22.1&Prime; z_index_tablet=\u00a0\u00bb500&Prime; text_shadow_horizontal_length=\u00a0\u00bbtext_shadow_style,%91object Object%93&Prime; text_shadow_vertical_length=\u00a0\u00bbtext_shadow_style,%91object Object%93&Prime; text_shadow_blur_strength=\u00a0\u00bbtext_shadow_style,%91object Object%93&Prime; title_text_shadow_horizontal_length=\u00a0\u00bbtitle_text_shadow_style,%91object Object%93&Prime; title_text_shadow_vertical_length=\u00a0\u00bbtitle_text_shadow_style,%91object Object%93&Prime; title_text_shadow_blur_strength=\u00a0\u00bbtitle_text_shadow_style,%91object Object%93&Prime; body_text_shadow_horizontal_length=\u00a0\u00bbbody_text_shadow_style,%91object Object%93&Prime; body_text_shadow_vertical_length=\u00a0\u00bbbody_text_shadow_style,%91object Object%93&Prime; body_text_shadow_blur_strength=\u00a0\u00bbbody_text_shadow_style,%91object Object%93&Prime;]<\/p>\n<p>La pratique sportive et les installations qu\u2019elle n\u00e9cessite sont essentielles pour Universit\u00e9 Paris Cit\u00e9 qui souhaite figurer en bonne place dans le concert international, pr\u00e9occup\u00e9e du bien-\u00eatre de ses usagers.<\/p>\n<p>Sur le plan international et national, la pratique sportive est inh\u00e9rente \u00e0 la responsabilit\u00e9 sociale et soci\u00e9tale que doit assumer une grande Universit\u00e9.<\/p>\n<p>Les activit\u00e9s physiques sportives et artistiques ouvertes \u00e0 toutes et tous dans de bonnes conditions renvoient aux pr\u00e9occupations d\u2019\u00e9quit\u00e9, de sant\u00e9, de s\u00e9curit\u00e9, de vie de campus.<\/p>\n<p>Les installations sportives font partie int\u00e9grante du patrimoine d&rsquo;Universit\u00e9 Paris Cit\u00e9.<\/p>\n<p>La r\u00e9novation, l\u2019entretien mais \u00e9galement la construction de nouveaux \u00e9quipements est une pr\u00e9occupation de notre \u00e9tablissement.<\/p>\n<p>Pour une vie sportive et de campus de qualit\u00e9, les infrastructures sportives doivent \u00eatre accessibles \u00e0 moins de 15 minutes \u00e0 pied ou en transport en commun des lieux d\u2019\u00e9tudes.<\/p>\n<p>[\/et_pb_toggle][\/et_pb_column][et_pb_column type=\u00a0\u00bb1_4&Prime;][et_pb_text _builder_version=\u00a0\u00bb3.22.1&Prime; custom_padding=\u00a0\u00bb||\u00a0\u00bb z_index_tablet=\u00a0\u00bb500&Prime; text_text_shadow_horizontal_length=\u00a0\u00bbtext_text_shadow_style,%91object Object%93&Prime; text_text_shadow_vertical_length=\u00a0\u00bbtext_text_shadow_style,%91object Object%93&Prime; text_text_shadow_blur_strength=\u00a0\u00bbtext_text_shadow_style,%91object Object%93&Prime; link_text_shadow_horizontal_length=\u00a0\u00bblink_text_shadow_style,%91object Object%93&Prime; link_text_shadow_vertical_length=\u00a0\u00bblink_text_shadow_style,%91object Object%93&Prime; link_text_shadow_blur_strength=\u00a0\u00bblink_text_shadow_style,%91object Object%93&Prime; ul_text_shadow_horizontal_length=\u00a0\u00bbul_text_shadow_style,%91object Object%93&Prime; ul_text_shadow_vertical_length=\u00a0\u00bbul_text_shadow_style,%91object Object%93&Prime; ul_text_shadow_blur_strength=\u00a0\u00bbul_text_shadow_style,%91object Object%93&Prime; ol_text_shadow_horizontal_length=\u00a0\u00bbol_text_shadow_style,%91object Object%93&Prime; ol_text_shadow_vertical_length=\u00a0\u00bbol_text_shadow_style,%91object Object%93&Prime; ol_text_shadow_blur_strength=\u00a0\u00bbol_text_shadow_style,%91object Object%93&Prime; quote_text_shadow_horizontal_length=\u00a0\u00bbquote_text_shadow_style,%91object Object%93&Prime; quote_text_shadow_vertical_length=\u00a0\u00bbquote_text_shadow_style,%91object Object%93&Prime; quote_text_shadow_blur_strength=\u00a0\u00bbquote_text_shadow_style,%91object Object%93&Prime; header_text_shadow_horizontal_length=\u00a0\u00bbheader_text_shadow_style,%91object Object%93&Prime; header_text_shadow_vertical_length=\u00a0\u00bbheader_text_shadow_style,%91object Object%93&Prime; header_text_shadow_blur_strength=\u00a0\u00bbheader_text_shadow_style,%91object Object%93&Prime; header_2_text_shadow_horizontal_length=\u00a0\u00bbheader_2_text_shadow_style,%91object Object%93&Prime; header_2_text_shadow_vertical_length=\u00a0\u00bbheader_2_text_shadow_style,%91object Object%93&Prime; header_2_text_shadow_blur_strength=\u00a0\u00bbheader_2_text_shadow_style,%91object Object%93&Prime; header_3_text_shadow_horizontal_length=\u00a0\u00bbheader_3_text_shadow_style,%91object Object%93&Prime; header_3_text_shadow_vertical_length=\u00a0\u00bbheader_3_text_shadow_style,%91object Object%93&Prime; header_3_text_shadow_blur_strength=\u00a0\u00bbheader_3_text_shadow_style,%91object Object%93&Prime; header_4_text_shadow_horizontal_length=\u00a0\u00bbheader_4_text_shadow_style,%91object Object%93&Prime; header_4_text_shadow_vertical_length=\u00a0\u00bbheader_4_text_shadow_style,%91object Object%93&Prime; header_4_text_shadow_blur_strength=\u00a0\u00bbheader_4_text_shadow_style,%91object Object%93&Prime; header_5_text_shadow_horizontal_length=\u00a0\u00bbheader_5_text_shadow_style,%91object Object%93&Prime; header_5_text_shadow_vertical_length=\u00a0\u00bbheader_5_text_shadow_style,%91object Object%93&Prime; header_5_text_shadow_blur_strength=\u00a0\u00bbheader_5_text_shadow_style,%91object Object%93&Prime; header_6_text_shadow_horizontal_length=\u00a0\u00bbheader_6_text_shadow_style,%91object Object%93&Prime; header_6_text_shadow_vertical_length=\u00a0\u00bbheader_6_text_shadow_style,%91object Object%93&Prime; header_6_text_shadow_blur_strength=\u00a0\u00bbheader_6_text_shadow_style,%91object Object%93&Prime;]<\/p>\n<h4><strong>Contact<\/strong><\/h4>\n<h6><strong>Antenne Grands Moulins<br \/><\/strong>B\u00e2timent Sophie Germain \u2013 RdC sur cour<br \/>8 Place Aur\u00e9lie Nemours Paris 13e<br \/>01 57 27 79 60<\/h6>\n<h6>Horaires d&rsquo;ouverture:<\/h6>\n<ul>\n<li>Lundi\/Mardi\/Jeudi\/Vendredi : 9h30 \u00e0 12h \/ 13h \u00e0 17h<\/li>\n<li>Mercredi (ferm\u00e9)<\/li>\n<\/ul>\n<h4><span style=\"color: #8a1538\"><a style=\"color: #8a1538\" href=\"mailto:sport@wordpress-test.app.u-pariscite.fr\" target=\"_blank\" rel=\"noopener noreferrer\"><strong>sport@wordpress-test.app.u-pariscite.fr<\/strong><\/a><\/span><\/h4>\n<p>[\/et_pb_text][\/et_pb_column][\/et_pb_row][\/et_pb_section]<\/p>\n","protected":false},"excerpt":{"rendered":"<p>L\u2019enseignement des activit\u00e9s physiques sportives et artistiques (APSA) participe \u00e0 la formation de l\u2019\u00e9tudiant de fa\u00e7on originale et compl\u00e9mentaire. Le service des sports propose un enseignement de qualit\u00e9 en direction de toutes les \u00e9tudiantes et de tous les \u00e9tudiants du d\u00e9butant \u00e0 l\u2019expert. Universit\u00e9 Paris Cit\u00e9 int\u00e8gre aussi l\u2019enseignement des APSA dans les maquettes de&hellip; <a class=\"continue\" href=\"https:\/\/wordpress-test.app.u-pariscite.fr\/sport\/nos-missions\/\">Lire la suite<span> Nos missions<\/span><\/a><\/p>\n","protected":false},"author":35,"featured_media":0,"parent":0,"menu_order":0,"comment_status":"closed","ping_status":"closed","template":"","meta":{"_et_pb_use_builder":"on","_et_pb_old_content":"","_et_gb_content_width":"","footnotes":""},"class_list":["post-97","page","type-page","status-publish","hentry"],"_links":{"self":[{"href":"https:\/\/wordpress-test.app.u-pariscite.fr\/sport\/wp-json\/wp\/v2\/pages\/97","targetHints":{"allow":["GET"]}}],"collection":[{"href":"https:\/\/wordpress-test.app.u-pariscite.fr\/sport\/wp-json\/wp\/v2\/pages"}],"about":[{"href":"https:\/\/wordpress-test.app.u-pariscite.fr\/sport\/wp-json\/wp\/v2\/types\/page"}],"author":[{"embeddable":true,"href":"https:\/\/wordpress-test.app.u-pariscite.fr\/sport\/wp-json\/wp\/v2\/users\/35"}],"replies":[{"embeddable":true,"href":"https:\/\/wordpress-test.app.u-pariscite.fr\/sport\/wp-json\/wp\/v2\/comments?post=97"}],"version-history":[{"count":51,"href":"https:\/\/wordpress-test.app.u-pariscite.fr\/sport\/wp-json\/wp\/v2\/pages\/97\/revisions"}],"predecessor-version":[{"id":26383,"href":"https:\/\/wordpress-test.app.u-pariscite.fr\/sport\/wp-json\/wp\/v2\/pages\/97\/revisions\/26383"}],"wp:attachment":[{"href":"https:\/\/wordpress-test.app.u-pariscite.fr\/sport\/wp-json\/wp\/v2\/media?parent=97"}],"curies":[{"name":"wp","href":"https:\/\/api.w.org\/{rel}","templated":true}]}}