{"id":94,"date":"2020-06-24T11:49:16","date_gmt":"2020-06-24T09:49:16","guid":{"rendered":"https:\/\/wordpress-test.app.u-pariscite.fr\/siumpps\/?page_id=94"},"modified":"2022-03-28T14:41:52","modified_gmt":"2022-03-28T12:41:52","slug":"liens-utiles","status":"publish","type":"page","link":"https:\/\/wordpress-test.app.u-pariscite.fr\/service-sante\/liens-utiles\/","title":{"rendered":"Contacts et liens utiles"},"content":{"rendered":"<p>[et_pb_section bb_built=\u00a0\u00bb1&Prime; _builder_version=\u00a0\u00bb3.22&Prime;][et_pb_row _builder_version=\u00a0\u00bb3.22&Prime; background_size=\u00a0\u00bbinitial\u00a0\u00bb background_position=\u00a0\u00bbtop_left\u00a0\u00bb background_repeat=\u00a0\u00bbrepeat\u00a0\u00bb][et_pb_column type=\u00a0\u00bb4_4&Prime;][et_pb_post_title admin_label=\u00a0\u00bbTitre de la page\u00a0\u00bb meta=\u00a0\u00bboff\u00a0\u00bb featured_image=\u00a0\u00bboff\u00a0\u00bb _builder_version=\u00a0\u00bb3.19.11&Prime;]<\/p>\n<p><\/p>\n<p>[\/et_pb_post_title][\/et_pb_column][\/et_pb_row][et_pb_row _builder_version=\u00a0\u00bb3.22&Prime; background_size=\u00a0\u00bbinitial\u00a0\u00bb background_position=\u00a0\u00bbtop_left\u00a0\u00bb background_repeat=\u00a0\u00bbrepeat\u00a0\u00bb][et_pb_column type=\u00a0\u00bb3_4&Prime;][et_pb_toggle admin_label=\u00a0\u00bbAddictions\u00a0\u00bb title=\u00a0\u00bbAddictions\u00a0\u00bb _builder_version=\u00a0\u00bb3.22.1&Prime; z_index_tablet=\u00a0\u00bb500&Prime;]<\/p>\n<ul>\n<li><a href=\"https:\/\/www.tabac-info-service.fr\/\" target=\"_blank\" rel=\"noopener noreferrer\">Tabac-info-service.fr<\/a><\/li>\n<li><a href=\"https:\/\/www.drogues-info-service.fr\/\" target=\"_blank\" rel=\"noopener noreferrer\">Drogues-info-service.fr<\/a><\/li>\n<li><a href=\"https:\/\/www.drogues.gouv.fr\/\" target=\"_blank\" rel=\"noopener noreferrer\">MILDECA<\/a> <em>Mission interminist\u00e9rielle de lutte contre la drogue et les conduites addictives<\/em><\/li>\n<li><a href=\"https:\/\/www.securite-routiere.gouv.fr\/les-medias\/nos-campagnes-de-communication\/jeunes-securite-routiere\" target=\"_blank\" rel=\"noopener noreferrer\">Jeunes &amp; s\u00e9curit\u00e9 routi\u00e8re<\/a><\/li>\n<li><a href=\"https:\/\/www.joueurs-info-service.fr\/\" target=\"_blank\" rel=\"noopener noreferrer\">Joueurs-info-service.fr<\/a><\/li>\n<li><a href=\"https:\/\/www.alcooliques-anonymes.fr\/\" target=\"_blank\" rel=\"noopener noreferrer\">Alcooliques Anonymes<\/a><\/li>\n<\/ul>\n<p>[\/et_pb_toggle][et_pb_toggle admin_label=\u00a0\u00bbCancer\u00a0\u00bb title=\u00a0\u00bbCancer\u00a0\u00bb _builder_version=\u00a0\u00bb3.22.1&Prime; z_index_tablet=\u00a0\u00bb500&Prime;]<\/p>\n<ul>\n<li><a href=\"https:\/\/www.e-cancer.fr\/\" target=\"_blank\" rel=\"noopener noreferrer\">INCA<\/a>\u00a0<em>Institut National du Cancer<\/em><\/li>\n<li><a href=\"https:\/\/www.e-cancer.fr\/Comprendre-prevenir-depister\/Reduire-les-risques-de-cancer\/Comment-prevenir-au-mieux-les-cancers\" target=\"_blank\" rel=\"noopener noreferrer\">Pr\u00e9vention cancer<\/a><\/li>\n<\/ul>\n<p>[\/et_pb_toggle][et_pb_toggle admin_label=\u00a0\u00bbContraception\u00a0\u00bb title=\u00a0\u00bbContraception\u00a0\u00bb _builder_version=\u00a0\u00bb3.22.1&Prime; z_index_tablet=\u00a0\u00bb500&Prime;]<\/p>\n<ul>\n<li><a href=\"https:\/\/www.choisirsacontraception.fr\/\" target=\"_blank\" rel=\"noopener noreferrer\">Choisir sa contraception<\/a><\/li>\n<\/ul>\n<p>[\/et_pb_toggle][et_pb_toggle admin_label=\u00a0\u00bb\u00c9coute &amp; aides psychologiques\u00a0\u00bb title=\u00a0\u00bb\u00c9coute &amp; aides psychologiques\u00a0\u00bb _builder_version=\u00a0\u00bb3.22.1&Prime; z_index_tablet=\u00a0\u00bb500&Prime; text_shadow_horizontal_length=\u00a0\u00bbtext_shadow_style,%91object Object%93&Prime; text_shadow_vertical_length=\u00a0\u00bbtext_shadow_style,%91object Object%93&Prime; text_shadow_blur_strength=\u00a0\u00bbtext_shadow_style,%91object Object%93&Prime; title_text_shadow_horizontal_length=\u00a0\u00bbtitle_text_shadow_style,%91object Object%93&Prime; title_text_shadow_vertical_length=\u00a0\u00bbtitle_text_shadow_style,%91object Object%93&Prime; title_text_shadow_blur_strength=\u00a0\u00bbtitle_text_shadow_style,%91object Object%93&Prime; body_text_shadow_horizontal_length=\u00a0\u00bbbody_text_shadow_style,%91object Object%93&Prime; body_text_shadow_vertical_length=\u00a0\u00bbbody_text_shadow_style,%91object Object%93&Prime; body_text_shadow_blur_strength=\u00a0\u00bbbody_text_shadow_style,%91object Object%93&Prime;]<\/p>\n<p>En cas d\u2019urgence, vous pouvez vous pr\u00e9senter sur un des 4 sites du SSE : l\u2019\u00e9quipe pr\u00e9sente vous recevra pour un premier entretien d\u2019\u00e9valuation et d\u00e9buter une prise en charge. \u00c9ventuellement, un ch\u00e8que psy \u00e9tudiant pourra vous \u00eatre prescrit.<\/p>\n<p>Vous pouvez \u00e9galement solliciter les dispositifs nationaux ou r\u00e9gionaux mis en place notamment pour les \u00e9tudiants\u00a0:<\/p>\n<p><strong>Ecoute \u00e9tudiants Ile de France<\/strong> :<br \/>Ce site est con\u00e7u par des professionnels du soutien psychologique. Les \u00e9tudiants peuvent y trouver des informations, des conseils, des exercices pratiques \u00e0 effectuer chez soi et b\u00e9n\u00e9ficier de t\u00e9l\u00e9consultations (jusqu\u2019\u00e0 3 gratuites) avec des psychologues.<br \/>&gt;&gt; <a href=\"https:\/\/ecouteetudiants-iledefrance.fr\/home\">\u00c9coute \u00c9tudiants \u00cele de France<\/a><\/p>\n<p><strong>Fil Sant\u00e9 Jeunes, \u00e0 l\u2019\u00e9coute des jeunes de 12 \u00e0 25 ans <br \/><\/strong>Ce service anonyme et gratuit propose une ligne d\u2019\u00e9coute <strong>0 800 235 236,<\/strong> accessible 7 jours sur 7 de 9h \u00e0 23h, et un site internet mettant \u00e0 disposition de l\u2019information, un forum, un tchat, et une orientation vers des structures d\u2019aide (lieux d\u2019accueil et d\u2019\u00e9coute, maisons des adolescents, structures associatives, professionnels et structures de soins). Ces services sont dispens\u00e9s par des professionnels (psychologues, \u00e9ducateurs, conseillers familiaux, m\u00e9decins).<\/p>\n<p><strong>Num\u00e9ro national de pr\u00e9vention du suicide &#8211; 3114<br \/><\/strong>Le 3114 est un num\u00e9ro de t\u00e9l\u00e9phone gratuit, accessible 24\u00a0heures\u00a0sur 24 et 7\u00a0jours\u00a0sur\u00a07. Il permet aux personnes en d\u00e9tresse psychologique, ou ayant des id\u00e9es suicidaires, d&rsquo;\u00e9changer et de trouver une r\u00e9ponse adapt\u00e9e aupr\u00e8s de professionnels de la psychiatrie et de la sant\u00e9 mentale (psychiatres, infirmiers sp\u00e9cialis\u00e9s et psychologues). Le num\u00e9ro est \u00e9galement ouvert aux proches, aux professionnels et aux personnes endeuill\u00e9es par suicide (appel confidentiel et gratuit, accessible tous les jours, 24h\/24, par t\u00e9l\u00e9phone ou <a href=\"https:\/\/3114.fr\/\">sur internet<\/a>).<\/p>\n<p><strong>Les autres lieux ou lignes d&rsquo;\u00e9coute :<\/strong><\/p>\n<ul>\n<li><a href=\"http:\/\/www.apaso.fr\/\" target=\"_blank\" rel=\"noopener noreferrer\">Apaso<\/a><\/li>\n<li><a href=\"https:\/\/annuaire.action-sociale.org\/etablissements\/jeunes-handicapes\/bureau-d-aide-psychologique-universitaire--b-a-p-u---221\/rgn-ile-de-france.html\" target=\"_blank\" rel=\"noopener noreferrer\">BAPU de Paris<\/a><\/li>\n<li><a href=\"https:\/\/www.crous-paris.fr\/\" target=\"_blank\" rel=\"noopener noreferrer\">Crous de Paris<\/a><\/li>\n<li><a href=\"https:\/\/www.nanterre.fr\/annuaire\/225\/144-annuaire.htm\" target=\"_blank\" rel=\"noopener noreferrer\">Espace sant\u00e9 jeunes Ville de Nanterre<\/a><\/li>\n<li><a href=\"https:\/\/nightline-paris.fr\/\" target=\"_blank\" rel=\"noopener noreferrer\">Nightline<\/a><\/li>\n<li><a href=\"https:\/\/www.stopblues.fr\/\" target=\"_blank\" rel=\"noopener noreferrer\">Stopblues<\/a><\/li>\n<li><a href=\"https:\/\/www.suicide-ecoute.fr\/\" target=\"_blank\" rel=\"noopener noreferrer\">Suicide \u00c9coute<\/a><\/li>\n<\/ul>\n<p>[\/et_pb_toggle][et_pb_toggle admin_label=\u00a0\u00bb\u00c9tudier en situation de handicap\u00a0\u00bb title=\u00a0\u00bb\u00c9tudier en situation de handicap\u00a0\u00bb _builder_version=\u00a0\u00bb3.22.1&Prime; z_index_tablet=\u00a0\u00bb500&Prime;]<\/p>\n<ul>\n<li><a href=\"https:\/\/wordpress-test.app.u-pariscite.fr\/etudes-et-handicap\/\" target=\"_blank\" rel=\"noopener noreferrer\">P\u00f4le handicap \u00e9tudiants Universit\u00e9 Paris Cit\u00e9<\/a><\/li>\n<li><a href=\"http:\/\/etudiant.gouv.fr\" target=\"_blank\" rel=\"noopener noreferrer\">Etudiant.gouv.fr<\/a><\/li>\n<li><a href=\"http:\/\/handicap.gouv.fr\" target=\"_blank\" rel=\"noopener noreferrer\">Handicap.gouv.fr<\/a><\/li>\n<\/ul>\n<p>[\/et_pb_toggle][et_pb_toggle admin_label=\u00a0\u00bbMaladies rares\u00a0\u00bb title=\u00a0\u00bbMaladies rares\u00a0\u00bb _builder_version=\u00a0\u00bb3.22.1&Prime; z_index_tablet=\u00a0\u00bb500&Prime;]<\/p>\n<ul>\n<li><a href=\"https:\/\/www.maladiesraresinfo.org\/\" target=\"_blank\" rel=\"noopener noreferrer\">Informations sur les maladies rares<\/a><\/li>\n<\/ul>\n<p>[\/et_pb_toggle][et_pb_toggle admin_label=\u00a0\u00bbMaladie respiratoire\u00a0\u00bb title=\u00a0\u00bbMaladie respiratoire\u00a0\u00bb _builder_version=\u00a0\u00bb3.22.1&Prime; z_index_tablet=\u00a0\u00bb500&Prime;]<\/p>\n<ul>\n<li><a href=\"https:\/\/asthme-allergies.org\/\" target=\"_blank\" rel=\"noopener noreferrer\">Asthme et Allergies\u00a0<\/a><\/li>\n<li><a href=\"https:\/\/www.lesouffle.org\/\" target=\"_blank\" rel=\"noopener noreferrer\">Fondation Le Souffle<\/a><\/li>\n<\/ul>\n<p>[\/et_pb_toggle][et_pb_toggle admin_label=\u00a0\u00bbMaladies transmissibles\u00a0\u00bb title=\u00a0\u00bbMaladies transmissibles\u00a0\u00bb _builder_version=\u00a0\u00bb3.22.1&Prime; z_index_tablet=\u00a0\u00bb500&Prime;]<\/p>\n<ul>\n<li><a href=\"https:\/\/www.sida-info-service.org\/\" target=\"_blank\" rel=\"noopener noreferrer\">Sida-info-service.fr<\/a><\/li>\n<li><a href=\"https:\/\/www.lecrips-idf.net\/\" target=\"_blank\" rel=\"noopener noreferrer\">CRIPS<\/a> <em>Le Centre r\u00e9gional d&rsquo;information et de pr\u00e9vention du sida et pour la sant\u00e9 des jeunes<\/em><\/li>\n<li><a href=\"https:\/\/www.hepatites-info-service.org\/\" target=\"_blank\" rel=\"noopener noreferrer\">H\u00e9patite-info-service.fr<\/a><\/li>\n<li><a href=\"http:\/\/www.info-ist.fr\/\" target=\"_blank\" rel=\"noopener noreferrer\">Infos-IST<\/a><\/li>\n<\/ul>\n<p>[\/et_pb_toggle][et_pb_toggle admin_label=\u00a0\u00bbSant\u00e9 &amp; Vie \u00e9tudiante\u00a0\u00bb title=\u00a0\u00bbSant\u00e9 &amp; Vie \u00e9tudiante\u00a0\u00bb _builder_version=\u00a0\u00bb3.22.1&Prime; z_index_tablet=\u00a0\u00bb500&Prime;]<\/p>\n<ul>\n<li><a href=\"http:\/\/etudiant.gouv.fr\" target=\"_blank\" rel=\"noopener noreferrer\">Etudiant.gouv.fr<\/a><\/li>\n<li><a href=\"https:\/\/www.cidj.com\/\" target=\"_blank\" rel=\"noopener noreferrer\">CIDJ<\/a><\/li>\n<li><a href=\"https:\/\/www.filsantejeunes.com\/\" target=\"_blank\" rel=\"noopener noreferrer\">Fil Sant\u00e9 Jeunes<\/a><\/li>\n<li><a href=\"http:\/\/www.fsef.net\/\" target=\"_blank\" rel=\"noopener noreferrer\">Fondation Sant\u00e9 des \u00c9tudiants de France<\/a><\/li>\n<\/ul>\n<p>[\/et_pb_toggle][et_pb_toggle admin_label=\u00a0\u00bbSites officiels\u00a0\u00bb title=\u00a0\u00bbSites officiels\u00a0\u00bb _builder_version=\u00a0\u00bb3.22.1&Prime; z_index_tablet=\u00a0\u00bb500&Prime;]<\/p>\n<ul>\n<li><a href=\"http:\/\/www.sports.gouv.fr\/\" target=\"_blank\" rel=\"noopener noreferrer\">Minist\u00e8re de la sant\u00e9 et des sports<\/a><\/li>\n<li><a href=\"https:\/\/www.has-sante.fr\/\" target=\"_blank\" rel=\"noopener noreferrer\">Haute Autorit\u00e9 de Sant\u00e9<\/a><\/li>\n<li><a href=\"https:\/\/www.has-sante.fr\/jcms\/c_436626\/fr\/institut-national-de-prevention-et-d-education-pour-la-sante\" target=\"_blank\" rel=\"noopener noreferrer\">Institut national de pr\u00e9vention et d&rsquo;\u00e9ducation pour la sant\u00e9<\/a><\/li>\n<li><a href=\"https:\/\/www.iresp.net\/\" target=\"_blank\" rel=\"noopener noreferrer\">Institut de recherche en sant\u00e9 publique<\/a><\/li>\n<\/ul>\n<p>[\/et_pb_toggle][et_pb_toggle admin_label=\u00a0\u00bbSommeil\u00a0\u00bb title=\u00a0\u00bbSommeil\u00a0\u00bb _builder_version=\u00a0\u00bb3.22.1&Prime; z_index_tablet=\u00a0\u00bb500&Prime;]<\/p>\n<ul>\n<li><a href=\"https:\/\/institut-sommeil-vigilance.org\/\" target=\"_blank\" rel=\"noopener noreferrer\">Institut National du Sommeil et de la Vigilance<\/a> (INSV)<\/li>\n<\/ul>\n<p>[\/et_pb_toggle][et_pb_toggle admin_label=\u00a0\u00bbVaccinations &amp; voyages\u00a0\u00bb title=\u00a0\u00bbVaccinations &amp; voyages\u00a0\u00bb _builder_version=\u00a0\u00bb3.22.1&Prime; z_index_tablet=\u00a0\u00bb500&Prime;]<\/p>\n<ul>\n<li><a href=\"https:\/\/solidarites-sante.gouv.fr\/\" target=\"_blank\" rel=\"noopener noreferrer\">Minist\u00e8re des Solidarit\u00e9s et de la Sant\u00e9<\/a><\/li>\n<li><a href=\"https:\/\/vaccination-info-service.fr\/\" target=\"_blank\" rel=\"noopener noreferrer\">Vaccination-info-service.fr<\/a><\/li>\n<li><a href=\"https:\/\/www.pasteur.fr\/fr\" target=\"_blank\" rel=\"noopener noreferrer\">Institut Pasteur<\/a><\/li>\n<\/ul>\n<p>[\/et_pb_toggle][\/et_pb_column][et_pb_column type=\u00a0\u00bb1_4&Prime;][et_pb_text _builder_version=\u00a0\u00bb3.22.1&Prime; z_index_tablet=\u00a0\u00bb500&Prime;]<\/p>\n<h5><strong>Plus d&rsquo;informations<\/strong><\/h5>\n<h6>Consultez le site de<span style=\"color: #792182\"><strong> <a style=\"color: #792182\" href=\"https:\/\/www.ars.sante.fr\/\" target=\"_blank\" rel=\"noopener noreferrer\">l&rsquo;Agence R\u00e9gionale de Sant\u00e9<\/a><\/strong><\/span><\/h6>\n<h6><strong><span style=\"color: #792182\"><a style=\"color: #792182\" href=\"https:\/\/wordpress-test.app.u-pariscite.fr\/service-sante\/wp-content\/uploads\/sites\/22\/2020\/12\/covid-plateformes-psy-nationales-regionales.pdf\">Plateformes t\u00e9l\u00e9phoniques de soutien psychologique en \u00cele de France<\/a><\/span><\/strong><\/h6>\n<p>&nbsp;<\/p>\n<p>[\/et_pb_text][\/et_pb_column][\/et_pb_row][\/et_pb_section]<\/p>\n","protected":false},"excerpt":{"rendered":"<p>Tabac-info-service.fr Drogues-info-service.fr MILDECA Mission interminist\u00e9rielle de lutte contre la drogue et les conduites addictives Jeunes &amp; s\u00e9curit\u00e9 routi\u00e8re Joueurs-info-service.fr Alcooliques Anonymes INCA\u00a0Institut National du Cancer Pr\u00e9vention cancer Choisir sa contraception En cas d\u2019urgence, vous pouvez vous pr\u00e9senter sur un des 4 sites du SSE : l\u2019\u00e9quipe pr\u00e9sente vous recevra pour un premier entretien d\u2019\u00e9valuation et&hellip; <a class=\"continue\" href=\"https:\/\/wordpress-test.app.u-pariscite.fr\/service-sante\/liens-utiles\/\">Lire la suite<span> Contacts et liens utiles<\/span><\/a><\/p>\n","protected":false},"author":35,"featured_media":0,"parent":0,"menu_order":0,"comment_status":"closed","ping_status":"closed","template":"","meta":{"_et_pb_use_builder":"on","_et_pb_old_content":"","_et_gb_content_width":"","footnotes":""},"class_list":["post-94","page","type-page","status-publish","hentry"],"_links":{"self":[{"href":"https:\/\/wordpress-test.app.u-pariscite.fr\/service-sante\/wp-json\/wp\/v2\/pages\/94","targetHints":{"allow":["GET"]}}],"collection":[{"href":"https:\/\/wordpress-test.app.u-pariscite.fr\/service-sante\/wp-json\/wp\/v2\/pages"}],"about":[{"href":"https:\/\/wordpress-test.app.u-pariscite.fr\/service-sante\/wp-json\/wp\/v2\/types\/page"}],"author":[{"embeddable":true,"href":"https:\/\/wordpress-test.app.u-pariscite.fr\/service-sante\/wp-json\/wp\/v2\/users\/35"}],"replies":[{"embeddable":true,"href":"https:\/\/wordpress-test.app.u-pariscite.fr\/service-sante\/wp-json\/wp\/v2\/comments?post=94"}],"version-history":[{"count":8,"href":"https:\/\/wordpress-test.app.u-pariscite.fr\/service-sante\/wp-json\/wp\/v2\/pages\/94\/revisions"}],"predecessor-version":[{"id":22733,"href":"https:\/\/wordpress-test.app.u-pariscite.fr\/service-sante\/wp-json\/wp\/v2\/pages\/94\/revisions\/22733"}],"wp:attachment":[{"href":"https:\/\/wordpress-test.app.u-pariscite.fr\/service-sante\/wp-json\/wp\/v2\/media?parent=94"}],"curies":[{"name":"wp","href":"https:\/\/api.w.org\/{rel}","templated":true}]}}