{"id":687,"date":"2020-02-23T11:29:00","date_gmt":"2020-02-23T10:29:00","guid":{"rendered":"https:\/\/wordpress-test.app.u-pariscite.fr\/sdv\/?page_id=687"},"modified":"2022-06-03T14:51:31","modified_gmt":"2022-06-03T12:51:31","slug":"du-en-analyse-de-donnees-omiques-lequel-choisir","status":"publish","type":"page","link":"https:\/\/wordpress-test.app.u-pariscite.fr\/sdv\/du-en-analyse-de-donnees-omiques-lequel-choisir\/","title":{"rendered":"DU en analyse de donn\u00e9es omiques : lequel choisir ?"},"content":{"rendered":"<p>[et_pb_section bb_built=\u00a0\u00bb1&Prime; inner_width=\u00a0\u00bbauto\u00a0\u00bb inner_max_width=\u00a0\u00bbnone\u00a0\u00bb][et_pb_row][et_pb_column type=\u00a0\u00bb4_4&Prime;][et_pb_post_title admin_label=\u00a0\u00bbTitre de la page\u00a0\u00bb _builder_version=\u00a0\u00bb3.19.11&Prime; meta=\u00a0\u00bboff\u00a0\u00bb featured_image=\u00a0\u00bboff\u00a0\u00bb \/][\/et_pb_column][\/et_pb_row][et_pb_row][et_pb_column type=\u00a0\u00bb4_4&Prime;][et_pb_text _builder_version=\u00a0\u00bb3.22.1&Prime; module_id=\u00a0\u00bbcontenu\u00a0\u00bb text_text_shadow_horizontal_length=\u00a0\u00bbtext_text_shadow_style,%91object Object%93&Prime; text_text_shadow_vertical_length=\u00a0\u00bbtext_text_shadow_style,%91object Object%93&Prime; text_text_shadow_blur_strength=\u00a0\u00bbtext_text_shadow_style,%91object Object%93&Prime; link_text_shadow_horizontal_length=\u00a0\u00bblink_text_shadow_style,%91object Object%93&Prime; link_text_shadow_vertical_length=\u00a0\u00bblink_text_shadow_style,%91object Object%93&Prime; link_text_shadow_blur_strength=\u00a0\u00bblink_text_shadow_style,%91object Object%93&Prime; ul_text_shadow_horizontal_length=\u00a0\u00bbul_text_shadow_style,%91object Object%93&Prime; ul_text_shadow_vertical_length=\u00a0\u00bbul_text_shadow_style,%91object Object%93&Prime; ul_text_shadow_blur_strength=\u00a0\u00bbul_text_shadow_style,%91object Object%93&Prime; ol_text_shadow_horizontal_length=\u00a0\u00bbol_text_shadow_style,%91object Object%93&Prime; ol_text_shadow_vertical_length=\u00a0\u00bbol_text_shadow_style,%91object Object%93&Prime; ol_text_shadow_blur_strength=\u00a0\u00bbol_text_shadow_style,%91object Object%93&Prime; quote_text_shadow_horizontal_length=\u00a0\u00bbquote_text_shadow_style,%91object Object%93&Prime; quote_text_shadow_vertical_length=\u00a0\u00bbquote_text_shadow_style,%91object Object%93&Prime; quote_text_shadow_blur_strength=\u00a0\u00bbquote_text_shadow_style,%91object Object%93&Prime; header_text_shadow_horizontal_length=\u00a0\u00bbheader_text_shadow_style,%91object Object%93&Prime; header_text_shadow_vertical_length=\u00a0\u00bbheader_text_shadow_style,%91object Object%93&Prime; header_text_shadow_blur_strength=\u00a0\u00bbheader_text_shadow_style,%91object Object%93&Prime; header_2_text_shadow_horizontal_length=\u00a0\u00bbheader_2_text_shadow_style,%91object Object%93&Prime; header_2_text_shadow_vertical_length=\u00a0\u00bbheader_2_text_shadow_style,%91object Object%93&Prime; header_2_text_shadow_blur_strength=\u00a0\u00bbheader_2_text_shadow_style,%91object Object%93&Prime; header_3_text_shadow_horizontal_length=\u00a0\u00bbheader_3_text_shadow_style,%91object Object%93&Prime; header_3_text_shadow_vertical_length=\u00a0\u00bbheader_3_text_shadow_style,%91object Object%93&Prime; header_3_text_shadow_blur_strength=\u00a0\u00bbheader_3_text_shadow_style,%91object Object%93&Prime; header_4_text_shadow_horizontal_length=\u00a0\u00bbheader_4_text_shadow_style,%91object Object%93&Prime; header_4_text_shadow_vertical_length=\u00a0\u00bbheader_4_text_shadow_style,%91object Object%93&Prime; header_4_text_shadow_blur_strength=\u00a0\u00bbheader_4_text_shadow_style,%91object Object%93&Prime; header_5_text_shadow_horizontal_length=\u00a0\u00bbheader_5_text_shadow_style,%91object Object%93&Prime; header_5_text_shadow_vertical_length=\u00a0\u00bbheader_5_text_shadow_style,%91object Object%93&Prime; header_5_text_shadow_blur_strength=\u00a0\u00bbheader_5_text_shadow_style,%91object Object%93&Prime; header_6_text_shadow_horizontal_length=\u00a0\u00bbheader_6_text_shadow_style,%91object Object%93&Prime; header_6_text_shadow_vertical_length=\u00a0\u00bbheader_6_text_shadow_style,%91object Object%93&Prime; header_6_text_shadow_blur_strength=\u00a0\u00bbheader_6_text_shadow_style,%91object Object%93&Prime; z_index_tablet=\u00a0\u00bb500&Prime;]<\/p>\n<p>L\u2019Universit\u00e9 Paris Cit\u00e9 propose deux Dipl\u00f4mes Universitaires organis\u00e9s par Paris Diderot et qui d\u00e9veloppent, sous des angles et modalit\u00e9s diff\u00e9rents, des comp\u00e9tences en analyse bioinformatique et statistique de donn\u00e9es \u00e0 haut d\u00e9bit.<\/p>\n<ul>\n<li><b>DUO\u00a0<\/b>: Dipl\u00f4me Universitaire en \u00ab Cr\u00e9ation, analyse et valorisation de donn\u00e9es biologiques omiques \u00bb<\/li>\n<li><b>DUBii\u00a0<\/b>: Dipl\u00f4me Universitaire en Bioinformatique Int\u00e9grative (partenariat Universit\u00e9 Paris Cit\u00e9- Institut Fran\u00e7ais de Bioinformatique)<\/li>\n<\/ul>\n<p>Le tableau ci-dessous synth\u00e9tise les principales caract\u00e9ristiques de ces deux formations dipl\u00f4mantes.<\/p>\n<p>\u00a0<\/p>\n<table border=\"1\">\n<tbody>\n<tr>\n<td>\u00a0<\/td>\n<td><b>DUO<\/b><\/td>\n<td><b>DUBii<\/b><\/td>\n<\/tr>\n<tr>\n<td>Objectifs (*)<\/td>\n<td>Organiser, analyser et valoriser un projet scientifique reposant sur des analyses bioinformatiques et statistiques de donn\u00e9ees haut d\u00e9bit<\/td>\n<td>Acqu\u00e9rir de fortes comp\u00e9tences bioinformatiques en vue d\u2019une \u00e9volution voire d\u2019une reconversion professionnelle<\/td>\n<\/tr>\n<tr>\n<td>Pr\u00e9requis<\/td>\n<td>\n<ul>\n<li>Premi\u00e8re exp\u00e9rience en analyse de donn\u00e9es omiques (Galaxy ou autre environnement)<\/li>\n<li>Culture minimale en informatique<\/li>\n<\/ul>\n<\/td>\n<td>Avoir suivi une premi\u00e8re formation ou autoformation\u00a0 en informatique ou analyse de donn\u00e9es, aboutissant \u00e0 une r\u00e9elle primo-exp\u00e9rience en informatique (Unix ou R ou un langage de programmation)<\/td>\n<\/tr>\n<tr>\n<td>Dur\u00e9e de la formation<\/td>\n<td>\n<p>180h (hors travail personnel)<\/p>\n<p>Octobre \u00e0 juillet (2 jours par mois pendant 10 mois)<\/p>\n<ul>\n<li>90 h de cours et travaux pratiques<\/li>\n<li>90h de mise en situation et projet<\/li>\n<\/ul>\n<\/td>\n<td>\n<p>268h (hors travail personnel)<\/p>\n<p>Mars<\/p>\n<p>96 h (4 semaines) Cours et travaux pratiques<\/p>\n<p>32h distanciel<\/p>\n<p>Avril \u00e0 Juin<\/p>\n<p>140 h (20 jours) Projet tutor\u00e9<\/p>\n<p>Fin juin<\/p>\n<p>Soutenance du projet tutor\u00e9 (2 jours)<\/p>\n<\/td>\n<\/tr>\n<tr>\n<td>Technologies de production de donn\u00e9es<\/td>\n<td>\n<ul>\n<li>NGS (applications g\u00e9nomique et transcriptomique)<\/li>\n<\/ul>\n<ul>\n<li>prot\u00e9omique<\/li>\n<\/ul>\n<\/td>\n<td>\n<ul>\n<li>NGS\n<ul>\n<li>G\u00e9nomique<\/li>\n<li>Transcriptomique<\/li>\n<li>m\u00e9tag\u00e9nomique<\/li>\n<\/ul>\n<\/li>\n<\/ul>\n<ul>\n<li>prot\u00e9omique<\/li>\n<\/ul>\n<\/td>\n<\/tr>\n<tr>\n<td>Contenus de formation<\/td>\n<td>\n<ol>\n<li>Plan d\u2019exp\u00e9rience et g\u00e9n\u00e9ration de donn\u00e9es omiques (18h)<\/li>\n<li>Gestion de donn\u00e9es exp\u00e9rimentales et reproductibilit\u00e9 des analyses (18h)<\/li>\n<li>Outils statistiques avec R (18h)<\/li>\n<li>Automatisation du processus d\u2019analyse de donn\u00e9es (18h)<\/li>\n<li>Pr\u00e9sentation et valorisation des r\u00e9sultats pour publication (18h)<\/li>\n<li>Mise en situation et projet personnel (90h)<\/li>\n<\/ol>\n<\/td>\n<td>\n<ol>\n<li>Environnement Unix (18h)<\/li>\n<li>Python (15h)<\/li>\n<li>Analyse statistique\u00a0 avec R (18h)<\/li>\n<li>Technologies de production de donn\u00e9es (18h)<\/li>\n<li>M\u00e9thodes et outils bioinformatiques (18h)<\/li>\n<li>Bioinformatique int\u00e9grative<br \/>(R, CytoScape) (18h)<\/li>\n<li>Projet tutor\u00e9 sur plateforme IFB (128h)<\/li>\n<\/ol>\n<\/td>\n<\/tr>\n<tr>\n<td>Nombre maximum d\u2019inscrits<\/td>\n<td>15<\/td>\n<td>15<\/td>\n<\/tr>\n<tr>\n<td>Stage sur plateforme<\/td>\n<td>non<\/td>\n<td>Projet tutor\u00e9 de 20 jours avec l\u2019une des plateformes de l\u2019IFB<\/td>\n<\/tr>\n<tr>\n<td>Projet d\u2019analyse sur des donn\u00e9es propres \u00e0 chaque participant (**)<\/td>\n<td>Projet personnel d\u2019analyse de de donn\u00e9es omiques<\/td>\n<td>Conception et mise en oeuvre d\u2019un workflow de bioinformatique int\u00e9grative<\/td>\n<\/tr>\n<tr>\n<td>Evaluation des projets<\/td>\n<td>Conception d\u2019un poster et pr\u00e9sentation devant un\u00a0 jury<\/td>\n<td>Soutenance orale devant un jury interdisciplinaire<\/td>\n<\/tr>\n<tr>\n<td>Pages internet d\u00e9di\u00e9es<\/td>\n<td>\n<ul>\n<li><a href=\"https:\/\/odf.wordpress-test.app.u-pariscite.fr\/fr\/offre-de-formation\/diplome-d-universite-1\/sciences-technologies-sante-STS\/du-creation-analyse-et-valorisation-de-donnees-biologiques-omiques-DUSCAVD_117.html\">Universit\u00e9 Paris Cit\u00e9<\/a><\/li>\n<\/ul>\n<\/td>\n<td>\n<ul>\n<li><a href=\"https:\/\/www.france-bioinformatique.fr\/dubii\/\">IFB<\/a><\/li>\n<li><a href=\"https:\/\/odf.wordpress-test.app.u-pariscite.fr\/fr\/offre-de-formation\/diplome-d-universite-du-diu-1\/sciences-technologies-sante-STS\/du-bioinformatique-integrative-dubii-DUSBIIN_118.html\">Universit\u00e9 Paris Cit\u00e9<\/a><\/li>\n<\/ul>\n<\/td>\n<\/tr>\n<tr>\n<td>Date limite de candidature<\/td>\n<td>30 septembre 2022<\/td>\n<td>1er novembre (ann\u00e9e n-1)<\/td>\n<\/tr>\n<\/tbody>\n<\/table>\n<p><b>Remarques<br \/><\/b>(*) L\u2019objectif de ces formations est d\u2019acqu\u00e9rir des comp\u00e9tences de base et une premi\u00e8re exp\u00e9rience en analyse de donn\u00e9es omiques. Elles ne sont pas pour autant suffisantes \u00e0 elles seules pour devenir bioinformaticien.<br \/>(**) Les projets d\u2019analyse de donn\u00e9es ont pour objet de concevoir un plan d\u2019analyse, le mettre en oeuvre, interpr\u00e9ter les premiers r\u00e9sultats, mais ne suffisent pas \u00e0 produire un r\u00e9sultat finalis\u00e9.<\/p>\n<p>[\/et_pb_text][\/et_pb_column][\/et_pb_row][\/et_pb_section]<\/p>\n","protected":false},"excerpt":{"rendered":"<div class=\"et_pb_row et_pb_row_0 et_pb_row_empty\"><\/div>\n<div class=\"et_pb_row et_pb_row_1 et_pb_row_empty\"><\/div>\n<p> L\u2019Universit\u00e9 Paris Cit\u00e9 propose deux Dipl\u00f4mes Universitaires organis\u00e9s par Paris Diderot et qui d\u00e9veloppent, sous des angles et modalit\u00e9s diff\u00e9rents, des comp\u00e9tences en analyse bioinformatique et statistique de donn\u00e9es \u00e0 haut d\u00e9bit.DUO\u00a0: Dipl\u00f4me Universitaire en \u00ab Cr\u00e9ation, analyse et valorisation de donn\u00e9es biologiques omiques \u00bbDUBii\u00a0: Dipl\u00f4me Universitaire en Bioinformatique Int\u00e9grative (partenariat Universit\u00e9 Paris Cit\u00e9-&hellip; <a class=\"continue\" href=\"https:\/\/wordpress-test.app.u-pariscite.fr\/sdv\/du-en-analyse-de-donnees-omiques-lequel-choisir\/\">Lire la suite<span> DU en analyse de donn\u00e9es omiques : lequel choisir ?<\/span><\/a><\/p>\n","protected":false},"author":69,"featured_media":0,"parent":0,"menu_order":0,"comment_status":"closed","ping_status":"closed","template":"","meta":{"_et_pb_use_builder":"on","_et_pb_old_content":"","_et_gb_content_width":"","footnotes":""},"class_list":["post-687","page","type-page","status-publish","hentry"],"_links":{"self":[{"href":"https:\/\/wordpress-test.app.u-pariscite.fr\/sdv\/wp-json\/wp\/v2\/pages\/687","targetHints":{"allow":["GET"]}}],"collection":[{"href":"https:\/\/wordpress-test.app.u-pariscite.fr\/sdv\/wp-json\/wp\/v2\/pages"}],"about":[{"href":"https:\/\/wordpress-test.app.u-pariscite.fr\/sdv\/wp-json\/wp\/v2\/types\/page"}],"author":[{"embeddable":true,"href":"https:\/\/wordpress-test.app.u-pariscite.fr\/sdv\/wp-json\/wp\/v2\/users\/69"}],"replies":[{"embeddable":true,"href":"https:\/\/wordpress-test.app.u-pariscite.fr\/sdv\/wp-json\/wp\/v2\/comments?post=687"}],"version-history":[{"count":16,"href":"https:\/\/wordpress-test.app.u-pariscite.fr\/sdv\/wp-json\/wp\/v2\/pages\/687\/revisions"}],"predecessor-version":[{"id":2278,"href":"https:\/\/wordpress-test.app.u-pariscite.fr\/sdv\/wp-json\/wp\/v2\/pages\/687\/revisions\/2278"}],"wp:attachment":[{"href":"https:\/\/wordpress-test.app.u-pariscite.fr\/sdv\/wp-json\/wp\/v2\/media?parent=687"}],"curies":[{"name":"wp","href":"https:\/\/api.w.org\/{rel}","templated":true}]}}