{"id":1534,"date":"2021-01-08T16:50:48","date_gmt":"2021-01-08T15:50:48","guid":{"rendered":"https:\/\/wordpress-test.app.u-pariscite.fr\/sdv\/?page_id=1534"},"modified":"2021-01-08T16:51:01","modified_gmt":"2021-01-08T15:51:01","slug":"imagoseine-voyage-au-coeur-de-la-cellule","status":"publish","type":"page","link":"https:\/\/wordpress-test.app.u-pariscite.fr\/sdv\/imagoseine-voyage-au-coeur-de-la-cellule\/","title":{"rendered":"ImagoSeine : voyage au c\u0153ur de la cellule"},"content":{"rendered":"<p>[et_pb_section bb_built=\u00a0\u00bb1&Prime; next_background_color=\u00a0\u00bb#000000&Prime;][et_pb_row][et_pb_column type=\u00a0\u00bb4_4&Prime;][et_pb_post_title _builder_version=\u00a0\u00bb3.22.1&Prime; meta=\u00a0\u00bboff\u00a0\u00bb featured_image=\u00a0\u00bboff\u00a0\u00bb text_shadow_horizontal_length=\u00a0\u00bbtext_shadow_style,%91object Object%93&Prime; text_shadow_vertical_length=\u00a0\u00bbtext_shadow_style,%91object Object%93&Prime; text_shadow_blur_strength=\u00a0\u00bbtext_shadow_style,%91object Object%93&Prime; title_text_shadow_horizontal_length=\u00a0\u00bbtitle_text_shadow_style,%91object Object%93&Prime; title_text_shadow_vertical_length=\u00a0\u00bbtitle_text_shadow_style,%91object Object%93&Prime; title_text_shadow_blur_strength=\u00a0\u00bbtitle_text_shadow_style,%91object Object%93&Prime; meta_text_shadow_horizontal_length=\u00a0\u00bbmeta_text_shadow_style,%91object Object%93&Prime; meta_text_shadow_vertical_length=\u00a0\u00bbmeta_text_shadow_style,%91object Object%93&Prime; meta_text_shadow_blur_strength=\u00a0\u00bbmeta_text_shadow_style,%91object Object%93&Prime; z_index_tablet=\u00a0\u00bb500&Prime; \/][\/et_pb_column][\/et_pb_row][\/et_pb_section][et_pb_section bb_built=\u00a0\u00bb1&Prime; inner_width=\u00a0\u00bbauto\u00a0\u00bb inner_max_width=\u00a0\u00bbnone\u00a0\u00bb prev_background_color=\u00a0\u00bb#000000&Prime;][et_pb_row][et_pb_column type=\u00a0\u00bb4_4&Prime;][et_pb_image _builder_version=\u00a0\u00bb3.22.1&Prime; src=\u00a0\u00bbhttps:\/\/wordpress-test.app.u-pariscite.fr\/sdv\/wp-content\/uploads\/sites\/4\/2020\/02\/Imagoseine-imagemuscle.jpg\u00a0\u00bb z_index_tablet=\u00a0\u00bb500&Prime; \/][\/et_pb_column][\/et_pb_row][et_pb_row][et_pb_column type=\u00a0\u00bb1_3&Prime;][\/et_pb_column][et_pb_column type=\u00a0\u00bb1_3&Prime;][\/et_pb_column][et_pb_column type=\u00a0\u00bb1_3&Prime;][\/et_pb_column][\/et_pb_row][et_pb_row][et_pb_column type=\u00a0\u00bb4_4&Prime;][et_pb_text _builder_version=\u00a0\u00bb3.22.1&Prime; module_id=\u00a0\u00bbcontenu\u00a0\u00bb text_text_shadow_horizontal_length=\u00a0\u00bbtext_text_shadow_style,%91object Object%93&Prime; text_text_shadow_vertical_length=\u00a0\u00bbtext_text_shadow_style,%91object Object%93&Prime; text_text_shadow_blur_strength=\u00a0\u00bbtext_text_shadow_style,%91object Object%93&Prime; link_text_shadow_horizontal_length=\u00a0\u00bblink_text_shadow_style,%91object Object%93&Prime; link_text_shadow_vertical_length=\u00a0\u00bblink_text_shadow_style,%91object Object%93&Prime; link_text_shadow_blur_strength=\u00a0\u00bblink_text_shadow_style,%91object Object%93&Prime; ul_text_shadow_horizontal_length=\u00a0\u00bbul_text_shadow_style,%91object Object%93&Prime; ul_text_shadow_vertical_length=\u00a0\u00bbul_text_shadow_style,%91object Object%93&Prime; ul_text_shadow_blur_strength=\u00a0\u00bbul_text_shadow_style,%91object Object%93&Prime; ol_text_shadow_horizontal_length=\u00a0\u00bbol_text_shadow_style,%91object Object%93&Prime; ol_text_shadow_vertical_length=\u00a0\u00bbol_text_shadow_style,%91object Object%93&Prime; ol_text_shadow_blur_strength=\u00a0\u00bbol_text_shadow_style,%91object Object%93&Prime; quote_text_shadow_horizontal_length=\u00a0\u00bbquote_text_shadow_style,%91object Object%93&Prime; quote_text_shadow_vertical_length=\u00a0\u00bbquote_text_shadow_style,%91object Object%93&Prime; quote_text_shadow_blur_strength=\u00a0\u00bbquote_text_shadow_style,%91object Object%93&Prime; header_text_shadow_horizontal_length=\u00a0\u00bbheader_text_shadow_style,%91object Object%93&Prime; header_text_shadow_vertical_length=\u00a0\u00bbheader_text_shadow_style,%91object Object%93&Prime; header_text_shadow_blur_strength=\u00a0\u00bbheader_text_shadow_style,%91object Object%93&Prime; header_2_text_shadow_horizontal_length=\u00a0\u00bbheader_2_text_shadow_style,%91object Object%93&Prime; header_2_text_shadow_vertical_length=\u00a0\u00bbheader_2_text_shadow_style,%91object Object%93&Prime; header_2_text_shadow_blur_strength=\u00a0\u00bbheader_2_text_shadow_style,%91object Object%93&Prime; header_3_text_shadow_horizontal_length=\u00a0\u00bbheader_3_text_shadow_style,%91object Object%93&Prime; header_3_text_shadow_vertical_length=\u00a0\u00bbheader_3_text_shadow_style,%91object Object%93&Prime; header_3_text_shadow_blur_strength=\u00a0\u00bbheader_3_text_shadow_style,%91object Object%93&Prime; header_4_text_shadow_horizontal_length=\u00a0\u00bbheader_4_text_shadow_style,%91object Object%93&Prime; header_4_text_shadow_vertical_length=\u00a0\u00bbheader_4_text_shadow_style,%91object Object%93&Prime; header_4_text_shadow_blur_strength=\u00a0\u00bbheader_4_text_shadow_style,%91object Object%93&Prime; header_5_text_shadow_horizontal_length=\u00a0\u00bbheader_5_text_shadow_style,%91object Object%93&Prime; header_5_text_shadow_vertical_length=\u00a0\u00bbheader_5_text_shadow_style,%91object Object%93&Prime; header_5_text_shadow_blur_strength=\u00a0\u00bbheader_5_text_shadow_style,%91object Object%93&Prime; header_6_text_shadow_horizontal_length=\u00a0\u00bbheader_6_text_shadow_style,%91object Object%93&Prime; header_6_text_shadow_vertical_length=\u00a0\u00bbheader_6_text_shadow_style,%91object Object%93&Prime; header_6_text_shadow_blur_strength=\u00a0\u00bbheader_6_text_shadow_style,%91object Object%93&Prime; z_index_tablet=\u00a0\u00bb500&Prime;]<\/p>\n<p class=\"chapeau\">Afin d\u2019accompagner ses recherches de pointe en biologie cellulaire, biologie du d\u00e9veloppement et \u00e9volution, l\u2019<a href=\"https:\/\/wordpress-test.app.u-pariscite.fr\/sdv\/institut-jacques-monod\/\">Institut Jacques Monod<\/a>\u00a0(CNRS\/universit\u00e9 Paris Diderot) s\u2019est dot\u00e9 d\u2019une plateforme\u00a0technologique en imagerie\u00a0de niveau national : ImagoSeine. Equip\u00e9e d\u2019instruments d\u2019observation microscopique et ouverte aux utilisateurs externes, ImagoSeine est membre de l\u2019infrastructure des plateformes d\u2019imagerie France-BioImaging et du r\u00e9seau Euro-BioImaging. Rencontre avec son coordinateur, le chercheur Ren\u00e9-Marc M\u00e8ge.<\/p>\n<p><strong>\u00c0 quels besoins r\u00e9pond la plateforme ImagoSeine\u00a0?<\/strong><\/p>\n<p>ImagoSeine permet de mutualiser l\u2019utilisation d\u2019appareils de pointe, tr\u00e8s co\u00fbteux (jusqu\u2019\u00e0 500 000 \u20ac). La plateforme rassemble une grande diversit\u00e9 de techniques et de comp\u00e9tences que les scientifiques peuvent solliciter en fonction de leurs besoins. Ouverte \u00e0 l\u2019ensemble de la communaut\u00e9 scientifique, du public comme du priv\u00e9, elle offre des prestations qui couvrent une large gamme des besoins des \u00e9quipes de l\u2019Institut en microscopie photonique, microscopie \u00e9lectronique et cytom\u00e9trie. De nombreuses approches de rupture sont \u00e9galement d\u00e9velopp\u00e9es avec les \u00e9quipes de recherche utilisatrices. ImagoSeine s\u2019est par exemple r\u00e9cemment dot\u00e9 d\u2019un microscope \u00e9lectronique capable de produire une image en 3D et en tr\u00e8s haute r\u00e9solution, \u00e0 l\u2019\u00e9chelle d\u2019une cellule ou d\u2019un embryon.<\/p>\n<p><strong>Quels sont les diff\u00e9rents services propos\u00e9s\u00a0?<\/strong><\/p>\n<p>L\u2019imagerie est indispensable \u00e0 la recherche en biologie. Le principal service est la mise \u00e0 disposition des \u00e9quipements et des comp\u00e9tences, ainsi que la formation des utilisateurs. La plateforme s\u2019appuie pour cela sur des ing\u00e9nieurs de haute comp\u00e9tence, qui poursuivent \u00e9galement une activit\u00e9 de R&amp;D. Des m\u00e9thodes innovantes sont r\u00e9guli\u00e8rement mises au point, comme la microscopie corr\u00e9lative, les approches de microscopie photonique \u00e0 haute r\u00e9solution ou la transparisation des \u00e9chantillons permettant l\u2019observation d\u2019\u00e9chantillons \u00e9pais.<\/p>\n<p><strong>Comment ImagoSeine va-t-elle se d\u00e9velopper \u00e0 l\u2019avenir\u00a0?<\/strong><\/p>\n<p>Le bilan actuel est tr\u00e8s positif\u00a0: la plateforme a clairement contribu\u00e9 \u00e0 la production de recherches de pointe. Aujourd\u2019hui, nous sommes dans une situation de quasi-saturation dans l\u2019utilisation des \u00e9quipements et des personnels. Pourtant, d\u2019autres besoins \u00e9mergent en termes de super-r\u00e9solution et d\u2019imagerie 3D, de plus en plus rapides et sensibles. Notre principal d\u00e9fi consiste \u00e0 renouveler et d\u2019am\u00e9liorer les dispositifs et \u00e0 nous doter de nouvelles comp\u00e9tences, notamment en traitement d\u2019image. Nous devons \u00e9galement d\u00e9velopper nos capacit\u00e9s de stockage, d\u2019archivage et de s\u00e9curisation des donn\u00e9es produites.<\/p>\n<p>&nbsp;<\/p>\n<p class=\"paragraphe-petit\">L\u00e9gende de l&rsquo;image\u00a0: visualisation d\u2019un muscle de souris adulte par microscopie confocale<\/p>\n<p>[\/et_pb_text][\/et_pb_column][\/et_pb_row][et_pb_row][et_pb_column type=\u00a0\u00bb1_2&Prime;][\/et_pb_column][et_pb_column type=\u00a0\u00bb1_2&Prime;][\/et_pb_column][\/et_pb_row][\/et_pb_section]<\/p>\n","protected":false},"excerpt":{"rendered":"<div class=\"et_pb_row et_pb_row_0 et_pb_row_empty\"><\/div>\n<div class=\"et_pb_row et_pb_row_1 et_pb_row_empty\"><\/div>\n<div class=\"et_pb_row et_pb_row_2 et_pb_row_empty\"><\/div>\n<div class=\"et_pb_row et_pb_row_3 et_pb_row_empty\"><\/div>\n<p> Afin d\u2019accompagner ses recherches de pointe en biologie cellulaire, biologie du d\u00e9veloppement et \u00e9volution, l\u2019Institut Jacques Monod\u00a0(CNRS\/universit\u00e9 Paris Diderot) s\u2019est dot\u00e9 d\u2019une plateforme\u00a0technologique en imagerie\u00a0de niveau national : ImagoSeine. Equip\u00e9e d\u2019instruments d\u2019observation microscopique et ouverte aux utilisateurs externes, ImagoSeine est membre de l\u2019infrastructure des plateformes d\u2019imagerie France-BioImaging et du r\u00e9seau Euro-BioImaging. Rencontre avec son&hellip; <a class=\"continue\" href=\"https:\/\/wordpress-test.app.u-pariscite.fr\/sdv\/imagoseine-voyage-au-coeur-de-la-cellule\/\">Lire la suite<span> ImagoSeine : voyage au c\u0153ur de la cellule<\/span><\/a><\/p>\n","protected":false},"author":69,"featured_media":0,"parent":0,"menu_order":0,"comment_status":"closed","ping_status":"closed","template":"","meta":{"_et_pb_use_builder":"on","_et_pb_old_content":"","_et_gb_content_width":"","footnotes":""},"class_list":["post-1534","page","type-page","status-publish","hentry"],"_links":{"self":[{"href":"https:\/\/wordpress-test.app.u-pariscite.fr\/sdv\/wp-json\/wp\/v2\/pages\/1534","targetHints":{"allow":["GET"]}}],"collection":[{"href":"https:\/\/wordpress-test.app.u-pariscite.fr\/sdv\/wp-json\/wp\/v2\/pages"}],"about":[{"href":"https:\/\/wordpress-test.app.u-pariscite.fr\/sdv\/wp-json\/wp\/v2\/types\/page"}],"author":[{"embeddable":true,"href":"https:\/\/wordpress-test.app.u-pariscite.fr\/sdv\/wp-json\/wp\/v2\/users\/69"}],"replies":[{"embeddable":true,"href":"https:\/\/wordpress-test.app.u-pariscite.fr\/sdv\/wp-json\/wp\/v2\/comments?post=1534"}],"version-history":[{"count":2,"href":"https:\/\/wordpress-test.app.u-pariscite.fr\/sdv\/wp-json\/wp\/v2\/pages\/1534\/revisions"}],"predecessor-version":[{"id":1536,"href":"https:\/\/wordpress-test.app.u-pariscite.fr\/sdv\/wp-json\/wp\/v2\/pages\/1534\/revisions\/1536"}],"wp:attachment":[{"href":"https:\/\/wordpress-test.app.u-pariscite.fr\/sdv\/wp-json\/wp\/v2\/media?parent=1534"}],"curies":[{"name":"wp","href":"https:\/\/api.w.org\/{rel}","templated":true}]}}