{"id":1512,"date":"2021-01-08T15:56:24","date_gmt":"2021-01-08T14:56:24","guid":{"rendered":"https:\/\/wordpress-test.app.u-pariscite.fr\/sdv\/?page_id=1512"},"modified":"2023-12-11T08:40:02","modified_gmt":"2023-12-11T07:40:02","slug":"conseil-denseignement-de-lufr","status":"publish","type":"page","link":"https:\/\/wordpress-test.app.u-pariscite.fr\/sdv\/conseil-denseignement-de-lufr\/","title":{"rendered":"Conseil d&rsquo;enseignement de l&rsquo;UFR"},"content":{"rendered":"<p>[et_pb_section fb_built=\u00a0\u00bb1&Prime; _builder_version=\u00a0\u00bb3.22&Prime;][et_pb_row _builder_version=\u00a0\u00bb3.22&Prime; background_size=\u00a0\u00bbinitial\u00a0\u00bb background_position=\u00a0\u00bbtop_left\u00a0\u00bb background_repeat=\u00a0\u00bbrepeat\u00a0\u00bb][et_pb_column type=\u00a0\u00bb4_4&Prime; _builder_version=\u00a0\u00bb3.0.47&Prime;][et_pb_post_title meta=\u00a0\u00bboff\u00a0\u00bb featured_image=\u00a0\u00bboff\u00a0\u00bb _builder_version=\u00a0\u00bb3.22.1&Prime; z_index_tablet=\u00a0\u00bb500&Prime;][\/et_pb_post_title][\/et_pb_column][\/et_pb_row][\/et_pb_section][et_pb_section fb_built=\u00a0\u00bb1&Prime; _builder_version=\u00a0\u00bb3.22&Prime;][et_pb_row _builder_version=\u00a0\u00bb3.22&Prime; background_size=\u00a0\u00bbinitial\u00a0\u00bb background_position=\u00a0\u00bbtop_left\u00a0\u00bb background_repeat=\u00a0\u00bbrepeat\u00a0\u00bb][et_pb_column type=\u00a0\u00bb4_4&Prime; _builder_version=\u00a0\u00bb3.0.47&Prime;][et_pb_image src=\u00a0\u00bbhttps:\/\/wordpress-test.app.u-pariscite.fr\/sdv\/wp-content\/uploads\/sites\/4\/2020\/03\/photoconseilenseignementufrsdv2.jpg\u00a0\u00bb _builder_version=\u00a0\u00bb3.22.1&Prime; z_index_tablet=\u00a0\u00bb500&Prime;][\/et_pb_image][\/et_pb_column][\/et_pb_row][et_pb_row _builder_version=\u00a0\u00bb3.22&Prime; background_size=\u00a0\u00bbinitial\u00a0\u00bb background_position=\u00a0\u00bbtop_left\u00a0\u00bb background_repeat=\u00a0\u00bbrepeat\u00a0\u00bb][et_pb_column type=\u00a0\u00bb4_4&Prime; _builder_version=\u00a0\u00bb3.0.47&Prime;][et_pb_text module_id=\u00a0\u00bbcontenu\u00a0\u00bb _builder_version=\u00a0\u00bb3.22.1&Prime; z_index_tablet=\u00a0\u00bb500&Prime;]<\/p>\n<h3 class=\"niveau3\"><strong>SA MISSION<\/strong><\/h3>\n<p>Il a un r\u00f4le consultatif et donne un avis ou formule des propositions sur :<\/p>\n<ul>\n<li>la politique d&rsquo;enseignement de l&rsquo;UFR : pr\u00e9paration et discussion du plan quinquennal, \u00e9volution et d\u00e9veloppement des dipl\u00f4mes et formations propos\u00e9s au niveau national, europ\u00e9en et international<\/li>\n<li>les relations avec la CFVU et les instances universitaires traitant des questions d&rsquo;enseignement<\/li>\n<li>l&rsquo;int\u00e9gration des programmes de la formation continue et professionnelle<\/li>\n<li>la politique des postes en lien avec le Conseil d&rsquo;UFR et le Conseil scientifique, proposition des profils d&rsquo;enseignement des postes enseignants-chercheurs titulaires et contractuels<\/li>\n<li>les besoins en enseignants titulaires, vacataires, heures compl\u00e9mentaires, personnels technique d&rsquo;enseignement<\/li>\n<li>la valorisation des enseignements, information et communication sur l&rsquo;offre de formation<\/li>\n<\/ul>\n<p>&nbsp;<\/p>\n<p>Un bureau du Conseil d&rsquo;enseignement assiste le.a pr\u00e9sident.e du Conseil d&rsquo;enseignement. Sa composition est fix\u00e9e dans le r\u00e8glement int\u00e9rieur de l&rsquo;UFR.<\/p>\n<p>Le Conseil d&rsquo;enseignement s&rsquo;appuie sur le travail de la commission ressources humaines\/enseignement et sur celui des diff\u00e9rentes commissions p\u00e9dagogiques dont la composition est fix\u00e9e dans le r\u00e8glement int\u00e9rieur de l&rsquo;UFR.<\/p>\n<p>&nbsp;<\/p>\n<h3 class=\"niveau3\"><strong>SES MEMBRES<\/strong><\/h3>\n<p><em><strong>Scrutin du 7 mai 2021<\/strong><\/em><\/p>\n<p><em>28 membres. La dur\u00e9e des mandats des membres \u00e9lus est de 4 ans, \u00e0 l&rsquo;exception des mandats des repr\u00e9sentant.e.s des \u00e9tudiant.e.s et des usagers \u00e9lus pour 2 ans.<\/em><\/p>\n<p><em>Ces mandats sont renouvelables.<\/em><\/p>\n<p>&nbsp;<\/p>\n<p><strong>Coll\u00e8ge A :\u00a0<\/strong><\/p>\n<ul>\n<li>Nathalie JANEL* (Pr\u00e9sidente)<\/li>\n<li>Guillaume ACHAZ<\/li>\n<li>Mathias BRAULT<\/li>\n<li>Didier CASANE<\/li>\n<li>C\u00e9line CRUCIANI\u2010GUGLIELMACCI\u00a0<\/li>\n<li>Pierre-Emmanuel CECCALDI<\/li>\n<li>Antoine GUICHET<\/li>\n<li>Claudine MAYER<\/li>\n<li>Jamileh MOVASSAT<\/li>\n<li>Olivier TABOUREAU<\/li>\n<\/ul>\n<p>&nbsp;<\/p>\n<p><strong>Coll\u00e8ge B :\u00a0<\/strong><\/p>\n<ul>\n<li>David L\u2019H\u00d4TE* (Vice-Pr\u00e9sident)<\/li>\n<li>Nathalie DEMONT\u2010CAULET*<\/li>\n<li>Julien DIHARCE\u00a0<\/li>\n<li>Elodie MARTIN<\/li>\n<li>Alice MICHEL \u2010SALZAT\u00a0<\/li>\n<li>Maryline MOULIN<\/li>\n<li>Pierre POULAIN<\/li>\n<li>Isabelle Becam<\/li>\n<li>Philippe VERBEKE<\/li>\n<li>Aurore VIDY\u2010ROCHE<\/li>\n<\/ul>\n<p>&nbsp;<\/p>\n<p><strong>Coll\u00e8ge BIATS et Personnels assimil\u00e9s<\/strong><\/p>\n<ul>\n<li>Virginie BRUERE<\/li>\n<li>Pierre PEQUIOT<\/li>\n<li>Nathalie EMERY\u2010FILLON<\/li>\n<li>Yannick PRIOTON PROST\u2010DUMONT*<\/li>\n<\/ul>\n<p>&nbsp;<\/p>\n<p>* Membres du bureau du conseil d&rsquo;Enseignement<\/p>\n<p>&nbsp;<\/p>\n<p><strong>Coll\u00e8ge Etudiants<\/strong><\/p>\n<p>&nbsp;<\/p>\n<p>&nbsp;<\/p>\n<p>[\/et_pb_text][\/et_pb_column][\/et_pb_row][et_pb_row _builder_version=\u00a0\u00bb3.22&Prime; background_size=\u00a0\u00bbinitial\u00a0\u00bb background_position=\u00a0\u00bbtop_left\u00a0\u00bb background_repeat=\u00a0\u00bbrepeat\u00a0\u00bb][et_pb_column type=\u00a0\u00bb1_3&Prime; _builder_version=\u00a0\u00bb3.0.47&Prime;][et_pb_image src=\u00a0\u00bbhttps:\/\/wordpress-test.app.u-pariscite.fr\/sdv\/wp-content\/uploads\/sites\/4\/2020\/01\/crayon-gomme.jpg\u00a0\u00bb _builder_version=\u00a0\u00bb3.22.1&Prime; z_index_tablet=\u00a0\u00bb500&Prime;][\/et_pb_image][et_pb_text module_id=\u00a0\u00bbcontenu\u00a0\u00bb _builder_version=\u00a0\u00bb3.22.1&Prime; z_index_tablet=\u00a0\u00bb500&Prime;]<\/p>\n<div class=\"page\" title=\"Page 1\">\n<div class=\"layoutArea\">\n<div class=\"column\">\n<h3 class=\"field-content\">Calendrier du Conseil d&rsquo;Enseignement<\/h3>\n<\/div>\n<\/div>\n<\/div>\n<p>[\/et_pb_text][et_pb_button button_url=\u00a0\u00bbhttps:\/\/wordpress-test.app.u-pariscite.fr\/sdv\/calendrier-du-conseil-denseignement\/\u00a0\u00bb button_text=\u00a0\u00bbLire la suite\u00a0\u00bb button_alignment=\u00a0\u00bbleft\u00a0\u00bb admin_label=\u00a0\u00bbbouton &#8211; ajouter le lien vers la page\u00a0\u00bb _builder_version=\u00a0\u00bb3.22.1&Prime; custom_button=\u00a0\u00bbon\u00a0\u00bb button_text_color=\u00a0\u00bb#ffffff\u00a0\u00bb button_bg_color=\u00a0\u00bb#8a1538&Prime; button_border_width=\u00a0\u00bb2&Prime; button_border_color=\u00a0\u00bb#8a1538&Prime; button_border_radius=\u00a0\u00bb26&Prime; button_icon=\u00a0\u00bb%%20%%\u00a0\u00bb button_icon_color=\u00a0\u00bb#ffffff\u00a0\u00bb button_on_hover=\u00a0\u00bboff\u00a0\u00bb background_layout=\u00a0\u00bbdark\u00a0\u00bb z_index_tablet=\u00a0\u00bb500&Prime; custom_css_after=\u00a0\u00bbmargin-left: 0!important;\u00a0\u00bb saved_tabs=\u00a0\u00bball\u00a0\u00bb background_layout__hover_enabled=\u00a0\u00bbon\u00a0\u00bb background_layout__hover=\u00a0\u00bblight\u00a0\u00bb button_bg_color__hover_enabled=\u00a0\u00bbon\u00a0\u00bb button_bg_color__hover=\u00a0\u00bb#ffffff\u00a0\u00bb button_icon_color__hover_enabled=\u00a0\u00bbon\u00a0\u00bb button_icon_color__hover=\u00a0\u00bb#aa004f\u00a0\u00bb button_text_color__hover_enabled=\u00a0\u00bbon\u00a0\u00bb button_text_color__hover=\u00a0\u00bb#aa004f\u00a0\u00bb custom_css_after__hover_enabled=\u00a0\u00bbon\u00a0\u00bb custom_css_after__hover=\u00a0\u00bbmargin-left: 0!important;\u00a0\u00bb][\/et_pb_button][et_pb_divider color=\u00a0\u00bb#000000&Prime; _builder_version=\u00a0\u00bb3.19.11&Prime; custom_margin=\u00a0\u00bb80px||110px|\u00a0\u00bb][\/et_pb_divider][\/et_pb_column][et_pb_column type=\u00a0\u00bb1_3&Prime; _builder_version=\u00a0\u00bb3.0.47&Prime;][et_pb_image src=\u00a0\u00bbhttps:\/\/wordpress-test.app.u-pariscite.fr\/sdv\/wp-content\/uploads\/sites\/4\/2020\/03\/Image1.jpg\u00a0\u00bb _builder_version=\u00a0\u00bb3.22.1&Prime; z_index_tablet=\u00a0\u00bb500&Prime;][\/et_pb_image][et_pb_text module_id=\u00a0\u00bbcontenu\u00a0\u00bb _builder_version=\u00a0\u00bb3.22.1&Prime; z_index_tablet=\u00a0\u00bb500&Prime;]<\/p>\n<div class=\"page\" title=\"Page 1\">\n<div class=\"layoutArea\">\n<div class=\"column\">\n<h3 class=\"field-content\">PV du Conseil d&rsquo;Enseignement<\/h3>\n<\/div>\n<\/div>\n<\/div>\n<p>[\/et_pb_text][et_pb_button button_url=\u00a0\u00bbhttps:\/\/cloud.parisdescartes.fr\/index.php\/apps\/files\/?dir=\/UFR%20SDV\/PV%20des%20conseils%20de%20l%27UFR%20SDV&amp;fileid=25632898&Prime; button_text=\u00a0\u00bbLire la suite\u00a0\u00bb button_alignment=\u00a0\u00bbleft\u00a0\u00bb admin_label=\u00a0\u00bbbouton &#8211; ajouter le lien vers la page\u00a0\u00bb _builder_version=\u00a0\u00bb3.22.1&Prime; custom_button=\u00a0\u00bbon\u00a0\u00bb button_text_color=\u00a0\u00bb#ffffff\u00a0\u00bb button_bg_color=\u00a0\u00bb#8a1538&Prime; button_border_width=\u00a0\u00bb2&Prime; button_border_color=\u00a0\u00bb#8a1538&Prime; button_border_radius=\u00a0\u00bb26&Prime; button_icon=\u00a0\u00bb%%20%%\u00a0\u00bb button_icon_color=\u00a0\u00bb#ffffff\u00a0\u00bb button_on_hover=\u00a0\u00bboff\u00a0\u00bb background_layout=\u00a0\u00bbdark\u00a0\u00bb z_index_tablet=\u00a0\u00bb500&Prime; custom_css_after=\u00a0\u00bbmargin-left: 0!important;\u00a0\u00bb saved_tabs=\u00a0\u00bball\u00a0\u00bb background_layout__hover_enabled=\u00a0\u00bbon\u00a0\u00bb background_layout__hover=\u00a0\u00bblight\u00a0\u00bb button_bg_color__hover_enabled=\u00a0\u00bbon\u00a0\u00bb button_bg_color__hover=\u00a0\u00bb#ffffff\u00a0\u00bb button_icon_color__hover_enabled=\u00a0\u00bbon\u00a0\u00bb button_icon_color__hover=\u00a0\u00bb#aa004f\u00a0\u00bb button_text_color__hover_enabled=\u00a0\u00bbon\u00a0\u00bb button_text_color__hover=\u00a0\u00bb#aa004f\u00a0\u00bb custom_css_after__hover_enabled=\u00a0\u00bbon\u00a0\u00bb custom_css_after__hover=\u00a0\u00bbmargin-left: 0!important;\u00a0\u00bb][\/et_pb_button][et_pb_divider color=\u00a0\u00bb#000000&Prime; _builder_version=\u00a0\u00bb3.19.11&Prime; custom_margin=\u00a0\u00bb80px||110px|\u00a0\u00bb][\/et_pb_divider][\/et_pb_column][et_pb_column type=\u00a0\u00bb1_3&Prime; _builder_version=\u00a0\u00bb3.0.47&Prime;][\/et_pb_column][\/et_pb_row][et_pb_row _builder_version=\u00a0\u00bb3.22&Prime; background_size=\u00a0\u00bbinitial\u00a0\u00bb background_position=\u00a0\u00bbtop_left\u00a0\u00bb background_repeat=\u00a0\u00bbrepeat\u00a0\u00bb][et_pb_column type=\u00a0\u00bb1_2&Prime; _builder_version=\u00a0\u00bb3.0.47&Prime;][\/et_pb_column][et_pb_column type=\u00a0\u00bb1_2&Prime; _builder_version=\u00a0\u00bb3.0.47&Prime;][\/et_pb_column][\/et_pb_row][et_pb_row _builder_version=\u00a0\u00bb3.22&Prime; background_size=\u00a0\u00bbinitial\u00a0\u00bb background_position=\u00a0\u00bbtop_left\u00a0\u00bb background_repeat=\u00a0\u00bbrepeat\u00a0\u00bb][et_pb_column type=\u00a0\u00bb1_2&Prime; _builder_version=\u00a0\u00bb3.0.47&Prime;][\/et_pb_column][et_pb_column type=\u00a0\u00bb1_2&Prime; _builder_version=\u00a0\u00bb3.0.47&Prime;][\/et_pb_column][\/et_pb_row][\/et_pb_section]<\/p>\n","protected":false},"excerpt":{"rendered":"<p>SA MISSION Il a un r\u00f4le consultatif et donne un avis ou formule des propositions sur : la politique d&rsquo;enseignement de l&rsquo;UFR : pr\u00e9paration et discussion du plan quinquennal, \u00e9volution et d\u00e9veloppement des dipl\u00f4mes et formations propos\u00e9s au niveau national, europ\u00e9en et international les relations avec la CFVU et les instances universitaires traitant des questions&hellip; <a class=\"continue\" href=\"https:\/\/wordpress-test.app.u-pariscite.fr\/sdv\/conseil-denseignement-de-lufr\/\">Lire la suite<span> Conseil d&rsquo;enseignement de l&rsquo;UFR<\/span><\/a><\/p>\n","protected":false},"author":69,"featured_media":0,"parent":0,"menu_order":0,"comment_status":"closed","ping_status":"closed","template":"","meta":{"_et_pb_use_builder":"on","_et_pb_old_content":"","_et_gb_content_width":"","footnotes":""},"class_list":["post-1512","page","type-page","status-publish","hentry"],"_links":{"self":[{"href":"https:\/\/wordpress-test.app.u-pariscite.fr\/sdv\/wp-json\/wp\/v2\/pages\/1512","targetHints":{"allow":["GET"]}}],"collection":[{"href":"https:\/\/wordpress-test.app.u-pariscite.fr\/sdv\/wp-json\/wp\/v2\/pages"}],"about":[{"href":"https:\/\/wordpress-test.app.u-pariscite.fr\/sdv\/wp-json\/wp\/v2\/types\/page"}],"author":[{"embeddable":true,"href":"https:\/\/wordpress-test.app.u-pariscite.fr\/sdv\/wp-json\/wp\/v2\/users\/69"}],"replies":[{"embeddable":true,"href":"https:\/\/wordpress-test.app.u-pariscite.fr\/sdv\/wp-json\/wp\/v2\/comments?post=1512"}],"version-history":[{"count":11,"href":"https:\/\/wordpress-test.app.u-pariscite.fr\/sdv\/wp-json\/wp\/v2\/pages\/1512\/revisions"}],"predecessor-version":[{"id":2819,"href":"https:\/\/wordpress-test.app.u-pariscite.fr\/sdv\/wp-json\/wp\/v2\/pages\/1512\/revisions\/2819"}],"wp:attachment":[{"href":"https:\/\/wordpress-test.app.u-pariscite.fr\/sdv\/wp-json\/wp\/v2\/media?parent=1512"}],"curies":[{"name":"wp","href":"https:\/\/api.w.org\/{rel}","templated":true}]}}