{"id":1492,"date":"2021-01-08T15:39:16","date_gmt":"2021-01-08T14:39:16","guid":{"rendered":"https:\/\/wordpress-test.app.u-pariscite.fr\/sdv\/?page_id=1492"},"modified":"2023-03-28T07:59:32","modified_gmt":"2023-03-28T05:59:32","slug":"calendrier-du-conseil-dufr","status":"publish","type":"page","link":"https:\/\/wordpress-test.app.u-pariscite.fr\/sdv\/calendrier-du-conseil-dufr\/","title":{"rendered":"Calendrier du Conseil d&rsquo;UFR"},"content":{"rendered":"<p>[et_pb_section fb_built=\u00a0\u00bb1&Prime; _builder_version=\u00a0\u00bb3.22&Prime;][et_pb_row _builder_version=\u00a0\u00bb3.22&Prime; background_size=\u00a0\u00bbinitial\u00a0\u00bb background_position=\u00a0\u00bbtop_left\u00a0\u00bb background_repeat=\u00a0\u00bbrepeat\u00a0\u00bb][et_pb_column type=\u00a0\u00bb4_4&Prime; _builder_version=\u00a0\u00bb3.0.47&Prime;][et_pb_post_title meta=\u00a0\u00bboff\u00a0\u00bb featured_image=\u00a0\u00bboff\u00a0\u00bb _builder_version=\u00a0\u00bb3.22.1&Prime; z_index_tablet=\u00a0\u00bb500&Prime;][\/et_pb_post_title][\/et_pb_column][\/et_pb_row][et_pb_row _builder_version=\u00a0\u00bb3.22&Prime; background_size=\u00a0\u00bbinitial\u00a0\u00bb background_position=\u00a0\u00bbtop_left\u00a0\u00bb background_repeat=\u00a0\u00bbrepeat\u00a0\u00bb][et_pb_column type=\u00a0\u00bb4_4&Prime; _builder_version=\u00a0\u00bb3.0.47&Prime;][et_pb_text _builder_version=\u00a0\u00bb3.22.1&Prime; z_index_tablet=\u00a0\u00bb500&Prime;]<\/p>\n<p class=\"chapeau\"><strong>2023 :<\/strong><\/p>\n<ul>\n<li class=\"paragraphe\">Jeudi 19 janvier \u00e0 9h30<\/li>\n<li class=\"paragraphe\">Jeudi 23 f\u00e9vrier \u00e0 9h30<\/li>\n<li class=\"paragraphe\">Jeudi 23 mars \u00e0 9h30<\/li>\n<li class=\"paragraphe\">Jeudi\u00a0 30 mars \u00e0 9h00<\/li>\n<li class=\"paragraphe\">Jeudi 13 avril \u00e0 9h30<\/li>\n<li class=\"paragraphe\">Jeudi 11 mai \u00e0 9h30<\/li>\n<\/ul>\n<p class=\"chapeau\"><strong>2022 :<\/strong><\/p>\n<ul>\n<li class=\"paragraphe\">Jeudi 20 janvier \u00e0 9h30<\/li>\n<li class=\"paragraphe\">Jeudi 10 f\u00e9vrier \u00e0 9h30<\/li>\n<li class=\"paragraphe\">Jeudi 17 mars \u00e0 9h30<\/li>\n<li class=\"paragraphe\">Jeudi 15 avril \u00e0 9h30<\/li>\n<li class=\"paragraphe\">Jeudi 2 juin \u00e0 9h30<\/li>\n<li class=\"paragraphe\">jeudi 30 juin \u00e0 9h30<\/li>\n<li>Jeudi 22 septembre \u00e0 9h30<\/li>\n<li>Jeudi 13 octobre \u00e0 9h30<\/li>\n<li>Jeudi 10 novembre \u00e0 9h30<\/li>\n<li>Jeudi 8 d\u00e9cembre \u00e0 9h30<\/li>\n<\/ul>\n<p class=\"chapeau\"><strong>2021 :<\/strong><\/p>\n<ul>\n<li class=\"paragraphe\">Jeudi 28 janvier \u00e0 9h30<\/li>\n<li class=\"paragraphe\">Jeudi 25 f\u00e9vrier \u00e0 9h30<\/li>\n<li class=\"paragraphe\">Jeudi 25 mars \u00e0 9h30<\/li>\n<li class=\"paragraphe\">Jeudi 6 mai \u00e0 9h30<\/li>\n<li class=\"paragraphe\">Jeudi 27 mai \u00e0 9h30<\/li>\n<li class=\"paragraphe\"><em>Lundi 14 juin : R\u00e9union des 3 conseils (audition demandeurs de postes EC)<\/em><\/li>\n<li class=\"paragraphe\">Mercredi 1er juillet \u00e0 9h30<\/li>\n<li>Jeudi 16 septembre \u00e0 9h30<\/li>\n<li>Jeudi 21 octobre \u00e0 9h30<\/li>\n<li>Jeudi 16 novembre \u00e0 9h30<\/li>\n<li>Jeudi 16 d\u00e9cembre \u00e0 9h30<\/li>\n<\/ul>\n<p class=\"chapeau\"><strong>2020 :<\/strong><\/p>\n<ul>\n<li class=\"paragraphe\">Jeudi 16 janvier \u00e0 9h30<\/li>\n<li class=\"paragraphe\">Jeudi 20 f\u00e9vrier \u00e0 9h30<\/li>\n<li class=\"paragraphe\">Jeudi 19 mars \u00e0 9h30 (restreint)<\/li>\n<li class=\"paragraphe\">Jeudi 23 avril \u00e0 9h30<\/li>\n<li class=\"paragraphe\">Jeudi 28 mai \u00e0 9h30<\/li>\n<li class=\"paragraphe\"><em>Lundi 15 juin \u00e0 13h : R\u00e9union des 3 conseils (audition demandeurs de postes EC)<\/em><\/li>\n<li class=\"paragraphe\">Jeudi <em>25<\/em>\u00a0juin \u00e0 9h30<\/li>\n<li>Mercredi 8 juillet \u00e0 9h30<\/li>\n<li>Jeudi 17 septembre \u00e0 9h30<\/li>\n<li>Jeudi 15 octobre \u00e0 9h30<\/li>\n<li>Jeudi 12 novembre \u00e0 9h30<\/li>\n<li>Jeudi 26 novembre \u00e0 9h30<\/li>\n<li>Jeudi 17 d\u00e9cembre \u00e0 9h30<\/li>\n<\/ul>\n<p class=\"chapeau\"><strong>2019 :<\/strong><\/p>\n<ul>\n<li class=\"paragraphe\">Jeudi 17 janvier \u00e0 9h30<\/li>\n<li class=\"paragraphe\">Jeudi 14 f\u00e9vrier \u00e0 9h30<\/li>\n<li class=\"paragraphe\">Jeudi 7 mars \u00e0 9h30 (restreint)<\/li>\n<li class=\"paragraphe\">Jeudi 21 mars \u00e0 9h30<\/li>\n<li class=\"paragraphe\">Jeudi 18 avril \u00e0 9h30<\/li>\n<li class=\"paragraphe\">Jeudi 23 mai \u00e0 9h30<\/li>\n<li class=\"paragraphe\"><em>Lundi 17 juin \u00e0 13h : R\u00e9union des 3 conseils (audition demandeurs de postes EC)<\/em><\/li>\n<li class=\"paragraphe\">Jeudi <em>27<\/em> juin \u00e0 9h30<\/li>\n<li class=\"paragraphe\">Jeudi 19 septembre \u00e0 9h30<\/li>\n<li class=\"paragraphe\">Jeudi 3 octobre \u00e0 9h30 (elections direction de l&rsquo;UFR)<\/li>\n<li class=\"paragraphe\">Jeudi 17 octobre \u00e0 9h30<\/li>\n<li class=\"paragraphe\">Jeudi 21 novembre \u00e0 9h30<\/li>\n<li class=\"paragraphe\">Jeudi 19 d\u00e9cembre \u00e0 9h30<\/li>\n<\/ul>\n<p><strong>2018 :<\/strong><\/p>\n<ul>\n<li>Jeudi 18 janvier \u00e0 9h30<\/li>\n<li>Jeudi 15 f\u00e9vrier \u00e0 9h30<\/li>\n<li>Jeudi 8 mars \u00e0 9h30<\/li>\n<li>Jeudi 22 mars \u00e0 9h30<\/li>\n<li>Jeudi 12 avril \u00e0 9h30<\/li>\n<\/ul>\n<p><strong>2017 :<\/strong><\/p>\n<ul>\n<li>Jeudi 23 f\u00e9vrier \u00e0 9h30<\/li>\n<li>Jeudi 23 mars \u00e0 9h30<\/li>\n<li>Jeudi 20 avril \u00e0 9h30<\/li>\n<li>Jeudi 18 mai \u00e0 9h30<\/li>\n<li>Jeudi 15 juin (en formation restreinte) \u00e0 9h30<\/li>\n<li>Jeudi 22 juin \u00e0 9h30<\/li>\n<li>Jeudi 29 juin de 9h30 \u00e0 13h30 (r\u00e9union des 3 conseils &#8211; Amphi Turing)<\/li>\n<li>Jeudi 6 juillet \u00e0 9h30<\/li>\n<li>Jeudi 21 septembre \u00e0 9h30<\/li>\n<li>Jeudi 19 octobre \u00e0 9h30<\/li>\n<li>Jeudi 16 novembre de 9h \u00e0 13h (r\u00e9union des 3 conseils &#8211; Halle aux Farines)<\/li>\n<li>Jeudi 14 d\u00e9cembre \u00e0 9h30<\/li>\n<\/ul>\n<p>[\/et_pb_text][\/et_pb_column][\/et_pb_row][\/et_pb_section]<\/p>\n","protected":false},"excerpt":{"rendered":"<p>2023 : Jeudi 19 janvier \u00e0 9h30 Jeudi 23 f\u00e9vrier \u00e0 9h30 Jeudi 23 mars \u00e0 9h30 Jeudi\u00a0 30 mars \u00e0 9h00 Jeudi 13 avril \u00e0 9h30 Jeudi 11 mai \u00e0 9h30 2022 : Jeudi 20 janvier \u00e0 9h30 Jeudi 10 f\u00e9vrier \u00e0 9h30 Jeudi 17 mars \u00e0 9h30 Jeudi 15 avril \u00e0 9h30 Jeudi&hellip; <a class=\"continue\" href=\"https:\/\/wordpress-test.app.u-pariscite.fr\/sdv\/calendrier-du-conseil-dufr\/\">Lire la suite<span> Calendrier du Conseil d&rsquo;UFR<\/span><\/a><\/p>\n","protected":false},"author":69,"featured_media":0,"parent":0,"menu_order":0,"comment_status":"closed","ping_status":"closed","template":"","meta":{"_et_pb_use_builder":"on","_et_pb_old_content":"","_et_gb_content_width":"","footnotes":""},"class_list":["post-1492","page","type-page","status-publish","hentry"],"_links":{"self":[{"href":"https:\/\/wordpress-test.app.u-pariscite.fr\/sdv\/wp-json\/wp\/v2\/pages\/1492","targetHints":{"allow":["GET"]}}],"collection":[{"href":"https:\/\/wordpress-test.app.u-pariscite.fr\/sdv\/wp-json\/wp\/v2\/pages"}],"about":[{"href":"https:\/\/wordpress-test.app.u-pariscite.fr\/sdv\/wp-json\/wp\/v2\/types\/page"}],"author":[{"embeddable":true,"href":"https:\/\/wordpress-test.app.u-pariscite.fr\/sdv\/wp-json\/wp\/v2\/users\/69"}],"replies":[{"embeddable":true,"href":"https:\/\/wordpress-test.app.u-pariscite.fr\/sdv\/wp-json\/wp\/v2\/comments?post=1492"}],"version-history":[{"count":6,"href":"https:\/\/wordpress-test.app.u-pariscite.fr\/sdv\/wp-json\/wp\/v2\/pages\/1492\/revisions"}],"predecessor-version":[{"id":2540,"href":"https:\/\/wordpress-test.app.u-pariscite.fr\/sdv\/wp-json\/wp\/v2\/pages\/1492\/revisions\/2540"}],"wp:attachment":[{"href":"https:\/\/wordpress-test.app.u-pariscite.fr\/sdv\/wp-json\/wp\/v2\/media?parent=1492"}],"curies":[{"name":"wp","href":"https:\/\/api.w.org\/{rel}","templated":true}]}}