{"id":1486,"date":"2021-01-08T15:32:57","date_gmt":"2021-01-08T14:32:57","guid":{"rendered":"https:\/\/wordpress-test.app.u-pariscite.fr\/sdv\/?page_id=1486"},"modified":"2022-01-27T14:37:44","modified_gmt":"2022-01-27T13:37:44","slug":"commission-des-moyens","status":"publish","type":"page","link":"https:\/\/wordpress-test.app.u-pariscite.fr\/sdv\/commission-des-moyens\/","title":{"rendered":"Commission des moyens"},"content":{"rendered":"<p>[et_pb_section bb_built=\u00a0\u00bb1&Prime; inner_width=\u00a0\u00bbauto\u00a0\u00bb inner_max_width=\u00a0\u00bbnone\u00a0\u00bb][et_pb_row][et_pb_column type=\u00a0\u00bb4_4&Prime;][et_pb_post_title _builder_version=\u00a0\u00bb3.22.1&Prime; meta=\u00a0\u00bboff\u00a0\u00bb featured_image=\u00a0\u00bboff\u00a0\u00bb text_shadow_horizontal_length=\u00a0\u00bbtext_shadow_style,%91object Object%93&Prime; text_shadow_vertical_length=\u00a0\u00bbtext_shadow_style,%91object Object%93&Prime; text_shadow_blur_strength=\u00a0\u00bbtext_shadow_style,%91object Object%93&Prime; title_text_shadow_horizontal_length=\u00a0\u00bbtitle_text_shadow_style,%91object Object%93&Prime; title_text_shadow_vertical_length=\u00a0\u00bbtitle_text_shadow_style,%91object Object%93&Prime; title_text_shadow_blur_strength=\u00a0\u00bbtitle_text_shadow_style,%91object Object%93&Prime; meta_text_shadow_horizontal_length=\u00a0\u00bbmeta_text_shadow_style,%91object Object%93&Prime; meta_text_shadow_vertical_length=\u00a0\u00bbmeta_text_shadow_style,%91object Object%93&Prime; meta_text_shadow_blur_strength=\u00a0\u00bbmeta_text_shadow_style,%91object Object%93&Prime; z_index_tablet=\u00a0\u00bb500&Prime; \/][et_pb_image _builder_version=\u00a0\u00bb3.22.1&Prime; src=\u00a0\u00bbhttps:\/\/wordpress-test.app.u-pariscite.fr\/sdv\/wp-content\/uploads\/sites\/4\/2020\/02\/photocommissiondesmoyensufrsdv.png\u00a0\u00bb z_index_tablet=\u00a0\u00bb500&Prime; \/][\/et_pb_column][\/et_pb_row][et_pb_row][et_pb_column type=\u00a0\u00bb4_4&Prime;][et_pb_text _builder_version=\u00a0\u00bb3.22.1&Prime; module_id=\u00a0\u00bbcontenu\u00a0\u00bb text_text_shadow_horizontal_length=\u00a0\u00bbtext_text_shadow_style,%91object Object%93&Prime; text_text_shadow_vertical_length=\u00a0\u00bbtext_text_shadow_style,%91object Object%93&Prime; text_text_shadow_blur_strength=\u00a0\u00bbtext_text_shadow_style,%91object Object%93&Prime; link_text_shadow_horizontal_length=\u00a0\u00bblink_text_shadow_style,%91object Object%93&Prime; link_text_shadow_vertical_length=\u00a0\u00bblink_text_shadow_style,%91object Object%93&Prime; link_text_shadow_blur_strength=\u00a0\u00bblink_text_shadow_style,%91object Object%93&Prime; ul_text_shadow_horizontal_length=\u00a0\u00bbul_text_shadow_style,%91object Object%93&Prime; ul_text_shadow_vertical_length=\u00a0\u00bbul_text_shadow_style,%91object Object%93&Prime; ul_text_shadow_blur_strength=\u00a0\u00bbul_text_shadow_style,%91object Object%93&Prime; ol_text_shadow_horizontal_length=\u00a0\u00bbol_text_shadow_style,%91object Object%93&Prime; ol_text_shadow_vertical_length=\u00a0\u00bbol_text_shadow_style,%91object Object%93&Prime; ol_text_shadow_blur_strength=\u00a0\u00bbol_text_shadow_style,%91object Object%93&Prime; quote_text_shadow_horizontal_length=\u00a0\u00bbquote_text_shadow_style,%91object Object%93&Prime; quote_text_shadow_vertical_length=\u00a0\u00bbquote_text_shadow_style,%91object Object%93&Prime; quote_text_shadow_blur_strength=\u00a0\u00bbquote_text_shadow_style,%91object Object%93&Prime; header_text_shadow_horizontal_length=\u00a0\u00bbheader_text_shadow_style,%91object Object%93&Prime; header_text_shadow_vertical_length=\u00a0\u00bbheader_text_shadow_style,%91object Object%93&Prime; header_text_shadow_blur_strength=\u00a0\u00bbheader_text_shadow_style,%91object Object%93&Prime; header_2_text_shadow_horizontal_length=\u00a0\u00bbheader_2_text_shadow_style,%91object Object%93&Prime; header_2_text_shadow_vertical_length=\u00a0\u00bbheader_2_text_shadow_style,%91object Object%93&Prime; header_2_text_shadow_blur_strength=\u00a0\u00bbheader_2_text_shadow_style,%91object Object%93&Prime; header_3_text_shadow_horizontal_length=\u00a0\u00bbheader_3_text_shadow_style,%91object Object%93&Prime; header_3_text_shadow_vertical_length=\u00a0\u00bbheader_3_text_shadow_style,%91object Object%93&Prime; header_3_text_shadow_blur_strength=\u00a0\u00bbheader_3_text_shadow_style,%91object Object%93&Prime; header_4_text_shadow_horizontal_length=\u00a0\u00bbheader_4_text_shadow_style,%91object Object%93&Prime; header_4_text_shadow_vertical_length=\u00a0\u00bbheader_4_text_shadow_style,%91object Object%93&Prime; header_4_text_shadow_blur_strength=\u00a0\u00bbheader_4_text_shadow_style,%91object Object%93&Prime; header_5_text_shadow_horizontal_length=\u00a0\u00bbheader_5_text_shadow_style,%91object Object%93&Prime; header_5_text_shadow_vertical_length=\u00a0\u00bbheader_5_text_shadow_style,%91object Object%93&Prime; header_5_text_shadow_blur_strength=\u00a0\u00bbheader_5_text_shadow_style,%91object Object%93&Prime; header_6_text_shadow_horizontal_length=\u00a0\u00bbheader_6_text_shadow_style,%91object Object%93&Prime; header_6_text_shadow_vertical_length=\u00a0\u00bbheader_6_text_shadow_style,%91object Object%93&Prime; header_6_text_shadow_blur_strength=\u00a0\u00bbheader_6_text_shadow_style,%91object Object%93&Prime; z_index_tablet=\u00a0\u00bb500&Prime;]<\/p>\n<p>La commission des Moyens pr\u00e9sente au conseil d\u2019UFR un bilan des d\u00e9penses pour l\u2019ann\u00e9e en cours et un budget pr\u00e9visionnel global pour l\u2019ann\u00e9e civile suivante (budget vot\u00e9 chaque ann\u00e9e par le conseil d\u2019UFR).<\/p>\n<p>Elle travaille en \u00e9troite collaboration avec la commission Ressources Humaines\/Enseignement (RH\/E)<\/p>\n<p>\u00a0<\/p>\n<h3 class=\"niveau3\"><strong>SA MISSION<\/strong><\/h3>\n<p><strong>Pour la formation initiale\u00a0:<\/strong><\/p>\n<ul>\n<li>elle regroupe et examine les demandes de cr\u00e9dits de fonctionnement p\u00e9dagogique des formations Licence (L) et Master (M) de l\u2019UFR Sciences du Vivant<\/li>\n<li>elle recueille chaque ann\u00e9e les budgets pr\u00e9visionnels pour les travaux pratiques (TP) et pour les d\u00e9placements p\u00e9dagogiques (DP) de chaque cursus de niveau L et M<\/li>\n<li>elle d\u00e9termine l\u2019enveloppe financi\u00e8re allou\u00e9e \u00e0 chaque TP et DP<\/li>\n<\/ul>\n<p>Tout nouveau cursus, nouveau TP ou DP devra, au pr\u00e9alable, avoir re\u00e7u un avis du conseil d\u2019enseignement de l\u2019UFR ou du CFVU suivant l\u2019importance de ce changement. Un co\u00fbt pr\u00e9visionnel argument\u00e9 devra \u00eatre pr\u00e9sent\u00e9 aux membres de la commission des moyens.<\/p>\n<ul>\n<li>elle regroupe et classe les demandes d\u2019\u00e9quipement nouveau et\/ou \u00e0 renouveler en fonction de crit\u00e8res p\u00e9dagogiques<\/li>\n<li>elle suit les d\u00e9penses de reprographie li\u00e9es \u00e0 la p\u00e9dagogie<\/li>\n<li>elle \u00e9labore et suit l\u2019ex\u00e9cution budg\u00e9taire des cr\u00e9dits de pilotage, d\u2019administration g\u00e9n\u00e9rale, des services informatique et logistique<\/li>\n<li>elle examine les demandes de financement concernant les actions de communication<\/li>\n<li>elle intervient dans la pr\u00e9paration du budget global des personnels contractuels et des heures compl\u00e9mentaires<\/li>\n<\/ul>\n<p>\u00a0<\/p>\n<p><strong>Pour la formation continue (FC) et les enseignements professionnels\u00a0:<\/strong><\/p>\n<ul>\n<li>elle \u00e9labore en concertation avec les responsables, les budgets pr\u00e9visionnels de la FC et des enseignements professionnels, en prenant en compte les sp\u00e9cificit\u00e9s et contraintes des sources de financement<\/li>\n<li>elle \u00e9tudie les d\u00e9cisions d\u2019ouverture de stages ou de fermeture \u00e9ventuelle<\/li>\n<li>elle \u00e9tablit les bilans des recettes et d\u00e9penses pour l\u2019ann\u00e9e en cours et fait des propositions pour l\u2019utilisation des b\u00e9n\u00e9fices \u00e9ventuels<\/li>\n<\/ul>\n<p>Chaque ann\u00e9e, un bilan comptable est pr\u00e9sent\u00e9 au conseil d\u2019UFR ainsi qu\u2019une analyse prospective de cr\u00e9ation ou suppression de certains stages ou enseignements<\/p>\n<p>\u00a0<\/p>\n<p>La commission des moyens pourra \u00eatre saisie par la directrice de l\u2019UFR pour toute demande ou op\u00e9ration exceptionnelle<\/p>\n<p>La gestion des cr\u00e9dits recherche des laboratoires ou des cr\u00e9dits de l\u2019Ecole Doctorale (ED) ne rel\u00e8ve pas de cette commission<\/p>\n<p>\u00a0<\/p>\n<h3 class=\"niveau3\"><strong>SA COMPOSITION<\/strong><\/h3>\n<p>Elle est compos\u00e9e de 17 membres\u00a0 :<\/p>\n<p><strong><em>5 membres de droit\u00a0:<\/em><\/strong><\/p>\n<p>la directrice de l\u2019UFR<br \/>la directrice adjointe de l&rsquo;UFR<br \/>le directeur administratif et financier de l\u2019UFR<br \/>la responsable administrative adjointe<\/p>\n<p>la pr\u00e9sidente de la commission des moyens<\/p>\n<p>\u00a0<\/p>\n<p><strong><em>7 enseignants chercheurs\u00a0nomm\u00e9s par le conseil d\u2019UFR :<\/em><\/strong><\/p>\n<p>2 repr\u00e9sentants Licence<br \/>2 repr\u00e9sentants Master<br \/>1 repr\u00e9sentant de la formation continue<br \/>2 repr\u00e9sentants de la formation professionnelle (1 L pro, 1 M pro)<br \/>2 BIATSS encadrement technique (1 Buffon, 1 Lamarck) nomm\u00e9s par le conseil d\u2019UFR<br \/>3 invit\u00e9s permanents\u00a0: 1 BIATSS gestion financi\u00e8re, 1 BIATSS secr\u00e9tariat FC, 1 coordinatrice des activit\u00e9s du p\u00f4le Buffon<\/p>\n<p>D\u2019autres personnels, enseignants ou BIATSS, pourront \u00eatre amen\u00e9s \u00e0 participer aux travaux de la commission sur invitation du Pr\u00e9sident<\/p>\n<p>\u00a0<\/p>\n<h3 class=\"niveau3\"><strong>SON PRESIDENT<\/strong><\/h3>\n<p>La nomination du Pr\u00e9sident est approuv\u00e9e par le Conseil d\u2019UFR sur proposition de son directeur<\/p>\n<p>La dur\u00e9e de son mandat est de 4 ans renouvelable<\/p>\n<p>Le pr\u00e9sident de la commission des moyens est membre \u00e0 part enti\u00e8re de la direction de l\u2019UFR, il peut \u00eatre participer aux r\u00e9unions du bureau de l\u2019UFR et est invit\u00e9 permanent au conseil d\u2019UFR<\/p>\n<p>Le pr\u00e9sident est second\u00e9 par la directrice administrative de l\u2019UFR sur tous les domaines relevant de ses missions.<\/p>\n<p>\u00a0<\/p>\n<h3 class=\"niveau3\"><strong>SA COMPOSITION\u00a0 NOMINATIVE<\/strong><\/h3>\n<p>(Approuv\u00e9e en C-UFR du 16 septembre 2021)<\/p>\n<p>\u00a0<\/p>\n<p><strong><em>5 membres de droit :<\/em><\/strong><\/p>\n<p>Murielle AMAR, Pr\u00e9sidente de la Commission des moyens<br \/>Val\u00e9rie Serre, Directrice<br \/>Catherine Alca\u00efde-Loridan, Directrice adjointe<br \/>Nicolas Loisel, Directeur administratif<\/p>\n<p>Sylvie Lef\u00e8bvre, directrice administrative adjointe<\/p>\n<p>\u00a0<\/p>\n<p>\u00a0<\/p>\n<p><em><strong>7 enseignants\u00a0chercheurs :<\/strong><\/em><\/p>\n<p>2 repr\u00e9sentants Licence : Murielle AMAR et Mathias BRAULT<br \/>2 repr\u00e9sentants Master : Mireille VIGUIER et Gautier Moroy<br \/>2 repr\u00e9sentants de la formation continue : Mireille VIGUIER et Julien DAIROU (responsable de la FC)<br \/>2 repr\u00e9sentants de la formation professionnelle (1 L pro, 1 M pro) : Th\u00e9r\u00e8se DE CALDAS (co-directrice de la L3 Pro MIB, titulaire), Florent BUSI (Co-directeur de la L3 Pro MIB, suppl\u00e9ant)<\/p>\n<p>\u00a0<\/p>\n<p><em><strong>2 BIATSS techniciens de TP\u00a0:<\/strong><\/em>\u00a0(1 Buffon, 1 Lamarck)\u00a0:<\/p>\n<p>Yannick Prioton (titulaire)<\/p>\n<p>Barbara Menanteau (titulaire)<\/p>\n<p>Nathalie Emery-Fillon (suppl\u00e9ante)<\/p>\n<p>\u00a0<\/p>\n<p><em><strong>2 invit\u00e9es permanentes :<\/strong><\/em><\/p>\n<p>1 BIATSS gestion financi\u00e8re\u00a0: Odile Savart<br \/>1 BIATSS FC : Reine Rigault<\/p>\n<p>\u00a0<\/p>\n<p>[\/et_pb_text][\/et_pb_column][\/et_pb_row][et_pb_row][et_pb_column type=\u00a0\u00bb1_2&Prime;][\/et_pb_column][et_pb_column type=\u00a0\u00bb1_2&Prime;][\/et_pb_column][\/et_pb_row][et_pb_row][et_pb_column type=\u00a0\u00bb1_2&Prime;][\/et_pb_column][et_pb_column type=\u00a0\u00bb1_2&Prime;][\/et_pb_column][\/et_pb_row][\/et_pb_section]<\/p>\n","protected":false},"excerpt":{"rendered":"<div class=\"et_pb_row et_pb_row_0 et_pb_row_empty\"><\/div>\n<div class=\"et_pb_row et_pb_row_1 et_pb_row_empty\"><\/div>\n<p> La commission des Moyens pr\u00e9sente au conseil d\u2019UFR un bilan des d\u00e9penses pour l\u2019ann\u00e9e en cours et un budget pr\u00e9visionnel global pour l\u2019ann\u00e9e civile suivante (budget vot\u00e9 chaque ann\u00e9e par le conseil d\u2019UFR).Elle travaille en \u00e9troite collaboration avec la commission Ressources Humaines\/Enseignement (RH\/E)\u00a0SA MISSIONPour la formation initiale\u00a0:elle regroupe et examine les demandes de cr\u00e9dits&hellip; <a class=\"continue\" href=\"https:\/\/wordpress-test.app.u-pariscite.fr\/sdv\/commission-des-moyens\/\">Lire la suite<span> Commission des moyens<\/span><\/a><\/p>\n","protected":false},"author":69,"featured_media":0,"parent":0,"menu_order":0,"comment_status":"closed","ping_status":"closed","template":"","meta":{"_et_pb_use_builder":"on","_et_pb_old_content":"","_et_gb_content_width":"","footnotes":""},"class_list":["post-1486","page","type-page","status-publish","hentry"],"_links":{"self":[{"href":"https:\/\/wordpress-test.app.u-pariscite.fr\/sdv\/wp-json\/wp\/v2\/pages\/1486","targetHints":{"allow":["GET"]}}],"collection":[{"href":"https:\/\/wordpress-test.app.u-pariscite.fr\/sdv\/wp-json\/wp\/v2\/pages"}],"about":[{"href":"https:\/\/wordpress-test.app.u-pariscite.fr\/sdv\/wp-json\/wp\/v2\/types\/page"}],"author":[{"embeddable":true,"href":"https:\/\/wordpress-test.app.u-pariscite.fr\/sdv\/wp-json\/wp\/v2\/users\/69"}],"replies":[{"embeddable":true,"href":"https:\/\/wordpress-test.app.u-pariscite.fr\/sdv\/wp-json\/wp\/v2\/comments?post=1486"}],"version-history":[{"count":8,"href":"https:\/\/wordpress-test.app.u-pariscite.fr\/sdv\/wp-json\/wp\/v2\/pages\/1486\/revisions"}],"predecessor-version":[{"id":2169,"href":"https:\/\/wordpress-test.app.u-pariscite.fr\/sdv\/wp-json\/wp\/v2\/pages\/1486\/revisions\/2169"}],"wp:attachment":[{"href":"https:\/\/wordpress-test.app.u-pariscite.fr\/sdv\/wp-json\/wp\/v2\/media?parent=1486"}],"curies":[{"name":"wp","href":"https:\/\/api.w.org\/{rel}","templated":true}]}}