{"id":1294,"date":"2021-01-02T15:43:31","date_gmt":"2021-01-02T14:43:31","guid":{"rendered":"https:\/\/wordpress-test.app.u-pariscite.fr\/sdv\/?page_id=1294"},"modified":"2024-01-25T16:10:46","modified_gmt":"2024-01-25T15:10:46","slug":"personnels-biatss-de-lufr-sdv","status":"publish","type":"page","link":"https:\/\/wordpress-test.app.u-pariscite.fr\/sdv\/personnels-biatss-de-lufr-sdv\/","title":{"rendered":"Personnels BIATSS de l&rsquo;UFR SDV"},"content":{"rendered":"<h3><strong>CONTACTS<\/strong><strong>\u00a0:<\/strong><\/h3>\n<p><strong>Sylvie Lefebvre <\/strong>(Directrice administrative adjointe)<\/p>\n<p><span style=\"font-size: small\">B\u00e2timent Lamarck B \u2013\u00a0<\/span><span style=\"font-size: small\">RH85 &#8211;\u00a0<\/span><span style=\"font-size: small\">Case 7044<br \/>\n35, rue H\u00e9l\u00e8ne Brion 75205 Paris cedex 13<br \/>\nT\u00e9l : 01.57.27.82.31\u00a0 \u00a0\u00a0\u00a0 <\/span><br \/>\n<a href=\"sylvie.lefebvre@wordpress-test.app.u-pariscite.fr\">sylvie.lefebvre@wordpress-test.app.u-pariscite.fr<\/a><\/p>\n<p><strong>Manuelle Sarda<\/strong> (Assistante de Direction \/ Gestion RH des personnels BIATSS)<br \/>\nTel : 01 57 27 83 42<br \/>\n<a href=\"mailto:manuelle.sarda@wordpress-test.app.u-pariscite.fr\">manuelle.sarda@wordpress-test.app.u-pariscite.fr<\/a><\/p>\n","protected":false},"excerpt":{"rendered":"<p>CONTACTS\u00a0: Sylvie Lefebvre (Directrice administrative adjointe) B\u00e2timent Lamarck B \u2013\u00a0RH85 &#8211;\u00a0Case 7044 35, rue H\u00e9l\u00e8ne Brion 75205 Paris cedex 13 T\u00e9l : 01.57.27.82.31\u00a0 \u00a0\u00a0\u00a0 sylvie.lefebvre@wordpress-test.app.u-pariscite.fr Manuelle Sarda (Assistante de Direction \/ Gestion RH des personnels BIATSS) Tel : 01 57 27 83 42 manuelle.sarda@wordpress-test.app.u-pariscite.fr<\/p>\n","protected":false},"author":69,"featured_media":0,"parent":0,"menu_order":0,"comment_status":"closed","ping_status":"closed","template":"","meta":{"_et_pb_use_builder":"off","_et_pb_old_content":"<h3><strong>CONTACTS<\/strong><strong>\u00a0:<\/strong><\/h3><p><strong>Nicolas Loisel <\/strong>(Directeur administratif)<\/p><p><span style=\"font-size: small;\">B\u00e2timent Lamarck B \u2013\u00a0<\/span><span style=\"font-size: small;\">RH85 -\u00a0<\/span><span style=\"font-size: small;\">Case 7044<br \/>35, rue H\u00e9l\u00e8ne Brion 75205 Paris cedex 13<br \/>T\u00e9l : 01.57.27.82.45\u00a0\u00a0\u00a0 \u00a0\u00a0\u00a0 Fax : 01.57.27.82.32<\/span><br \/><a href=\"mailto:francoise.chevalier@univ-paris-diderot.fr\">nicolas.loisel@wordpress-test.app.u-pariscite.fr<\/a><\/p><p>\u00a0<\/p><p><strong>Manuelle Sarda<\/strong>\u00a0(Secr\u00e9taire de Direction et du Conseil Scientifique)<br \/>Tel : 01 57 27 83 42<br \/><a href=\"mailto:manuelle.sarda@univ-paris-diderot.fr\">manuelle.sarda@<\/a><a href=\"mailto:francoise.chevalier@univ-paris-diderot.fr\">wordpress-test.app.u-pariscite.fr<\/a><\/p>","_et_gb_content_width":"","footnotes":""},"class_list":["post-1294","page","type-page","status-publish","hentry"],"_links":{"self":[{"href":"https:\/\/wordpress-test.app.u-pariscite.fr\/sdv\/wp-json\/wp\/v2\/pages\/1294","targetHints":{"allow":["GET"]}}],"collection":[{"href":"https:\/\/wordpress-test.app.u-pariscite.fr\/sdv\/wp-json\/wp\/v2\/pages"}],"about":[{"href":"https:\/\/wordpress-test.app.u-pariscite.fr\/sdv\/wp-json\/wp\/v2\/types\/page"}],"author":[{"embeddable":true,"href":"https:\/\/wordpress-test.app.u-pariscite.fr\/sdv\/wp-json\/wp\/v2\/users\/69"}],"replies":[{"embeddable":true,"href":"https:\/\/wordpress-test.app.u-pariscite.fr\/sdv\/wp-json\/wp\/v2\/comments?post=1294"}],"version-history":[{"count":17,"href":"https:\/\/wordpress-test.app.u-pariscite.fr\/sdv\/wp-json\/wp\/v2\/pages\/1294\/revisions"}],"predecessor-version":[{"id":2850,"href":"https:\/\/wordpress-test.app.u-pariscite.fr\/sdv\/wp-json\/wp\/v2\/pages\/1294\/revisions\/2850"}],"wp:attachment":[{"href":"https:\/\/wordpress-test.app.u-pariscite.fr\/sdv\/wp-json\/wp\/v2\/media?parent=1294"}],"curies":[{"name":"wp","href":"https:\/\/api.w.org\/{rel}","templated":true}]}}