{"id":4151,"date":"2024-03-13T12:07:41","date_gmt":"2024-03-13T11:07:41","guid":{"rendered":"https:\/\/wordpress-test.app.u-pariscite.fr\/sciences\/?page_id=4151"},"modified":"2024-07-10T17:07:17","modified_gmt":"2024-07-10T15:07:17","slug":"formation","status":"publish","type":"page","link":"https:\/\/wordpress-test.app.u-pariscite.fr\/sciences\/formation\/","title":{"rendered":"Formation"},"content":{"rendered":"<p>[et_pb_section bb_built=\u00a0\u00bb1&Prime; inner_width=\u00a0\u00bbauto\u00a0\u00bb inner_max_width=\u00a0\u00bbnone\u00a0\u00bb][et_pb_row][et_pb_column type=\u00a0\u00bb4_4&Prime;][et_pb_text admin_label=\u00a0\u00bbConception 3D\u00a0\u00bb _builder_version=\u00a0\u00bb3.22.1&Prime; text_text_shadow_horizontal_length=\u00a0\u00bbtext_text_shadow_style,%91object Object%93&Prime; text_text_shadow_vertical_length=\u00a0\u00bbtext_text_shadow_style,%91object Object%93&Prime; text_text_shadow_blur_strength=\u00a0\u00bbtext_text_shadow_style,%91object Object%93&Prime; link_text_shadow_horizontal_length=\u00a0\u00bblink_text_shadow_style,%91object Object%93&Prime; link_text_shadow_vertical_length=\u00a0\u00bblink_text_shadow_style,%91object Object%93&Prime; link_text_shadow_blur_strength=\u00a0\u00bblink_text_shadow_style,%91object Object%93&Prime; ul_text_shadow_horizontal_length=\u00a0\u00bbul_text_shadow_style,%91object Object%93&Prime; ul_text_shadow_vertical_length=\u00a0\u00bbul_text_shadow_style,%91object Object%93&Prime; ul_text_shadow_blur_strength=\u00a0\u00bbul_text_shadow_style,%91object Object%93&Prime; ol_text_shadow_horizontal_length=\u00a0\u00bbol_text_shadow_style,%91object Object%93&Prime; ol_text_shadow_vertical_length=\u00a0\u00bbol_text_shadow_style,%91object Object%93&Prime; ol_text_shadow_blur_strength=\u00a0\u00bbol_text_shadow_style,%91object Object%93&Prime; quote_text_shadow_horizontal_length=\u00a0\u00bbquote_text_shadow_style,%91object Object%93&Prime; quote_text_shadow_vertical_length=\u00a0\u00bbquote_text_shadow_style,%91object Object%93&Prime; quote_text_shadow_blur_strength=\u00a0\u00bbquote_text_shadow_style,%91object Object%93&Prime; header_text_shadow_horizontal_length=\u00a0\u00bbheader_text_shadow_style,%91object Object%93&Prime; header_text_shadow_vertical_length=\u00a0\u00bbheader_text_shadow_style,%91object Object%93&Prime; header_text_shadow_blur_strength=\u00a0\u00bbheader_text_shadow_style,%91object Object%93&Prime; header_2_text_shadow_horizontal_length=\u00a0\u00bbheader_2_text_shadow_style,%91object Object%93&Prime; header_2_text_shadow_vertical_length=\u00a0\u00bbheader_2_text_shadow_style,%91object Object%93&Prime; header_2_text_shadow_blur_strength=\u00a0\u00bbheader_2_text_shadow_style,%91object Object%93&Prime; header_3_text_shadow_horizontal_length=\u00a0\u00bbheader_3_text_shadow_style,%91object Object%93&Prime; header_3_text_shadow_vertical_length=\u00a0\u00bbheader_3_text_shadow_style,%91object Object%93&Prime; header_3_text_shadow_blur_strength=\u00a0\u00bbheader_3_text_shadow_style,%91object Object%93&Prime; header_4_text_shadow_horizontal_length=\u00a0\u00bbheader_4_text_shadow_style,%91object Object%93&Prime; header_4_text_shadow_vertical_length=\u00a0\u00bbheader_4_text_shadow_style,%91object Object%93&Prime; header_4_text_shadow_blur_strength=\u00a0\u00bbheader_4_text_shadow_style,%91object Object%93&Prime; header_5_text_shadow_horizontal_length=\u00a0\u00bbheader_5_text_shadow_style,%91object Object%93&Prime; header_5_text_shadow_vertical_length=\u00a0\u00bbheader_5_text_shadow_style,%91object Object%93&Prime; header_5_text_shadow_blur_strength=\u00a0\u00bbheader_5_text_shadow_style,%91object Object%93&Prime; header_6_text_shadow_horizontal_length=\u00a0\u00bbheader_6_text_shadow_style,%91object Object%93&Prime; header_6_text_shadow_vertical_length=\u00a0\u00bbheader_6_text_shadow_style,%91object Object%93&Prime; header_6_text_shadow_blur_strength=\u00a0\u00bbheader_6_text_shadow_style,%91object Object%93&Prime; z_index_tablet=\u00a0\u00bb500&Prime;]<\/p>\n<h1>Les ateliers initiation \/ d\u00e9couverte au Fablab<\/h1>\n<h2>Logiciels de conception<\/h2>\n<p>Pour cr\u00e9er enti\u00e8rement ou retoucher un projet au Fablab, vous \u00eates libre d&rsquo;utiliser un <strong>logiciel de conception<\/strong> que vous maitrisez d\u00e9j\u00e0, dans la mesure o\u00f9 vous pouvez exporter un format de fichier exploitable pour le <strong>logiciel de production\u00a0<\/strong>utilis\u00e9 par une machine num\u00e9rique particuli\u00e8re.<br \/>Mais si vous ne connaissez pas de logiciel de dessin vectoriel 2D ou de conception 3D, pas de probl\u00e8me !<br \/>En effet, nous proposons la prise en main de logiciels libres et gratuits pour d\u00e9marrer sans pr\u00e9requis vos conceptions.<\/p>\n<h3>Conception 3D<\/h3>\n<h4>Atelier Blender<\/h4>\n<ul>\n<li>Mod\u00e9lisation dans Blender pour obtenir des objets en 3D et les exporter au format STL pour l&rsquo;impression 3D<\/li>\n<li>Mod\u00e9lisation organique et avanc\u00e9e, sculpture, compositing, post-production, \u00e9clairage \u2026 dans Blender pour produire des rendus fixes et anim\u00e9s<\/li>\n<\/ul>\n<p><a href=\"https:\/\/www.blender.org\/download\/\" target=\"_blank\" rel=\"noopener noreferrer\">T\u00e9l\u00e9charger <strong>Blender<\/strong><\/a> ou <a href=\"https:\/\/www.freecad.org\/downloads.php?lang=fr_FR\" target=\"_blank\" rel=\"noopener noreferrer\"><strong>FreeCAD, <\/strong><\/a>alternatives aux logiciels commerciaux Fusion360 ou Solidworks<\/p>\n<div id=\"attachment_4830\" style=\"width: 1034px\" class=\"wp-caption alignnone\"><img loading=\"lazy\" decoding=\"async\" aria-describedby=\"caption-attachment-4830\" class=\"wp-image-4830 size-large\" src=\"https:\/\/wordpress-test.app.u-pariscite.fr\/sciences\/wp-content\/uploads\/sites\/21\/2024\/06\/Support_smartphone_souple_velo_blueprint_Fablutin_Olivier_M_web-1024x575.png\" alt=\"Conception sous Blender d'un objet imprim\u00e9 en 3D\" width=\"1024\" height=\"575\" srcset=\"https:\/\/wordpress-test.app.u-pariscite.fr\/sciences\/wp-content\/uploads\/sites\/21\/2024\/06\/Support_smartphone_souple_velo_blueprint_Fablutin_Olivier_M_web-1024x575.png 1024w, https:\/\/wordpress-test.app.u-pariscite.fr\/sciences\/wp-content\/uploads\/sites\/21\/2024\/06\/Support_smartphone_souple_velo_blueprint_Fablutin_Olivier_M_web-300x169.png 300w, https:\/\/wordpress-test.app.u-pariscite.fr\/sciences\/wp-content\/uploads\/sites\/21\/2024\/06\/Support_smartphone_souple_velo_blueprint_Fablutin_Olivier_M_web-768x431.png 768w, https:\/\/wordpress-test.app.u-pariscite.fr\/sciences\/wp-content\/uploads\/sites\/21\/2024\/06\/Support_smartphone_souple_velo_blueprint_Fablutin_Olivier_M_web-1080x607.png 1080w, https:\/\/wordpress-test.app.u-pariscite.fr\/sciences\/wp-content\/uploads\/sites\/21\/2024\/06\/Support_smartphone_souple_velo_blueprint_Fablutin_Olivier_M_web-1320x742.png 1320w\" sizes=\"(max-width: 1024px) 100vw, 1024px\" \/><p id=\"caption-attachment-4830\" class=\"wp-caption-text\">Exemple d&rsquo;une conception avec le logiciel Blender d&rsquo;un objet imprim\u00e9 en 3D : Support souple de smartphone pour v\u00e9lo &#8211; Fablutin avril 2023<\/p><\/div>\n<p>[\/et_pb_text][\/et_pb_column][\/et_pb_row][et_pb_row][et_pb_column type=\u00a0\u00bb4_4&Prime;][et_pb_text admin_label=\u00a0\u00bbConception 2D, autres\u00a0\u00bb _builder_version=\u00a0\u00bb3.22.1&Prime; text_text_shadow_horizontal_length=\u00a0\u00bbtext_text_shadow_style,%91object Object%93&Prime; text_text_shadow_vertical_length=\u00a0\u00bbtext_text_shadow_style,%91object Object%93&Prime; text_text_shadow_blur_strength=\u00a0\u00bbtext_text_shadow_style,%91object Object%93&Prime; link_text_shadow_horizontal_length=\u00a0\u00bblink_text_shadow_style,%91object Object%93&Prime; link_text_shadow_vertical_length=\u00a0\u00bblink_text_shadow_style,%91object Object%93&Prime; link_text_shadow_blur_strength=\u00a0\u00bblink_text_shadow_style,%91object Object%93&Prime; ul_text_shadow_horizontal_length=\u00a0\u00bbul_text_shadow_style,%91object Object%93&Prime; ul_text_shadow_vertical_length=\u00a0\u00bbul_text_shadow_style,%91object Object%93&Prime; ul_text_shadow_blur_strength=\u00a0\u00bbul_text_shadow_style,%91object Object%93&Prime; ol_text_shadow_horizontal_length=\u00a0\u00bbol_text_shadow_style,%91object Object%93&Prime; ol_text_shadow_vertical_length=\u00a0\u00bbol_text_shadow_style,%91object Object%93&Prime; ol_text_shadow_blur_strength=\u00a0\u00bbol_text_shadow_style,%91object Object%93&Prime; quote_text_shadow_horizontal_length=\u00a0\u00bbquote_text_shadow_style,%91object Object%93&Prime; quote_text_shadow_vertical_length=\u00a0\u00bbquote_text_shadow_style,%91object Object%93&Prime; quote_text_shadow_blur_strength=\u00a0\u00bbquote_text_shadow_style,%91object Object%93&Prime; header_text_shadow_horizontal_length=\u00a0\u00bbheader_text_shadow_style,%91object Object%93&Prime; header_text_shadow_vertical_length=\u00a0\u00bbheader_text_shadow_style,%91object Object%93&Prime; header_text_shadow_blur_strength=\u00a0\u00bbheader_text_shadow_style,%91object Object%93&Prime; header_2_text_shadow_horizontal_length=\u00a0\u00bbheader_2_text_shadow_style,%91object Object%93&Prime; header_2_text_shadow_vertical_length=\u00a0\u00bbheader_2_text_shadow_style,%91object Object%93&Prime; header_2_text_shadow_blur_strength=\u00a0\u00bbheader_2_text_shadow_style,%91object Object%93&Prime; header_3_text_shadow_horizontal_length=\u00a0\u00bbheader_3_text_shadow_style,%91object Object%93&Prime; header_3_text_shadow_vertical_length=\u00a0\u00bbheader_3_text_shadow_style,%91object Object%93&Prime; header_3_text_shadow_blur_strength=\u00a0\u00bbheader_3_text_shadow_style,%91object Object%93&Prime; header_4_text_shadow_horizontal_length=\u00a0\u00bbheader_4_text_shadow_style,%91object Object%93&Prime; header_4_text_shadow_vertical_length=\u00a0\u00bbheader_4_text_shadow_style,%91object Object%93&Prime; header_4_text_shadow_blur_strength=\u00a0\u00bbheader_4_text_shadow_style,%91object Object%93&Prime; header_5_text_shadow_horizontal_length=\u00a0\u00bbheader_5_text_shadow_style,%91object Object%93&Prime; header_5_text_shadow_vertical_length=\u00a0\u00bbheader_5_text_shadow_style,%91object Object%93&Prime; header_5_text_shadow_blur_strength=\u00a0\u00bbheader_5_text_shadow_style,%91object Object%93&Prime; header_6_text_shadow_horizontal_length=\u00a0\u00bbheader_6_text_shadow_style,%91object Object%93&Prime; header_6_text_shadow_vertical_length=\u00a0\u00bbheader_6_text_shadow_style,%91object Object%93&Prime; header_6_text_shadow_blur_strength=\u00a0\u00bbheader_6_text_shadow_style,%91object Object%93&Prime; z_index_tablet=\u00a0\u00bb500&Prime;]<\/p>\n<h3>Dessin vectoriel en 2D<\/h3>\n<h4>Atelier Inkscape<\/h4>\n<p>Inkscape vous permet de dessiner aux dimensions r\u00e9elles vos prochaines r\u00e9alisations sur une majorit\u00e9 de nos proc\u00e9d\u00e9s !<br \/>Ainsi votre fichier export\u00e9 en SVG sera utilisable en <strong>broderie num\u00e9rique<\/strong> comme en <strong>d\u00e9coupe laser<\/strong> mais aussi en <strong>d\u00e9coupe vinyle<\/strong> ou <strong>traceuse<\/strong>, ou encore en <strong>CNC fraisage num\u00e9rique<\/strong>.<br \/>De plus, Inkscape vous permet de cr\u00e9er des illustrations de donn\u00e9es scientifiques ou de communications pour les \u00e9crans et l&rsquo;impression.<\/p>\n<p><a href=\"https:\/\/inkscape.org\/release\" target=\"_blank\" rel=\"noopener noreferrer\">T\u00e9l\u00e9charger <strong>Inkscape<\/strong><\/a>, alternative aux logiciels commerciaux comme Illustrator ou CorelDraw<\/p>\n<h3>Retouche d&rsquo;image et dessin num\u00e9rique<\/h3>\n<h4>Atelier Krita<\/h4>\n<p>Vos projets peuvent utiliser des images bitmap (faites de pixels) telles que des photos ou scans que vous voudriez retoucher. Krita, en plus d&rsquo;\u00eatre un outil de peinture num\u00e9rique, permet cette retouche par un syst\u00e8me de calque tr\u00e8s puissant.<\/p>\n<p><a href=\"https:\/\/krita.org\/fr\/download\/\" target=\"_blank\" rel=\"noopener noreferrer\">T\u00e9l\u00e9charger <strong>Krita<\/strong><\/a>, alternative au logiciel commerciaux comme Photoshop ou Corel Painter<\/p>\n<h2>Production d&rsquo;objet et prototypage<\/h2>\n<h3>Initiation Arduino<\/h3>\n<ul>\n<li>La carte microcontr\u00f4leur Arduino permet avec un minimum de connaissance en \u00e9lectronique de cr\u00e9er des appareils autonomes. Avec des entr\u00e9es qui captent notre environnement (son, luminosit\u00e9, appui sur un bouton \u2026), on cr\u00e9e un programme qui les traitent et interagit avec des sorties (moteurs, signaux visuels et sonores, connexion \u00e0 des appareils \u2026).<\/li>\n<\/ul>\n<p><a href=\"https:\/\/www.arduino.cc\/fr\/software\/\" target=\"_blank\" rel=\"noopener noreferrer\">T\u00e9l\u00e9charger le logiciel gratuit pour programmer la carte Arduino<\/a><\/p>\n<h3>Atelier d\u00e9coupeuse laser<\/h3>\n<ul>\n<li>Prise en main des logiciels de d\u00e9coupe et de tra\u00e7age depuis un fichier de conception vectoriel 2D SVG, EMF, DXF (cr\u00e9\u00e9 par exemple avec Inkscape)<\/li>\n<\/ul>\n<h3>Atelier d\u00e9coupe vinyle \/ traceuse<\/h3>\n<ul>\n<li>Prise en main du logiciel de d\u00e9coupe et de tra\u00e7age (CutStudio) depuis un fichier de conception vectoriel 2D SVG, EMF, DXF (cr\u00e9\u00e9 par exemple avec Inkscape)<\/li>\n<\/ul>\n<h3>Impression 3D filament PLA<\/h3>\n<ul>\n<li>Prise en main du logiciel d&rsquo;impression (UPStudio ou Cura selon la machine) \u00e0 partir d&rsquo;un fichier STL (cr\u00e9\u00e9 avec Blender par exemple)<\/li>\n<\/ul>\n<h3>Broderie num\u00e9rique et couture machine<\/h3>\n<ul>\n<li>\u00c0 partir d&rsquo;un fichier image (de pr\u00e9f\u00e9rence vectoriel SVG), prise en main du logiciel (PE-Design) pour finaliser le motif et le broder sur la machine<\/li>\n<li>Base de la couture classique \u00e0 la machine pour des assemblages ou des r\u00e9parations<\/li>\n<\/ul>\n<div id=\"attachment_4901\" style=\"width: 510px\" class=\"wp-caption alignnone\"><img loading=\"lazy\" decoding=\"async\" aria-describedby=\"caption-attachment-4901\" class=\"wp-image-4901\" src=\"https:\/\/wordpress-test.app.u-pariscite.fr\/sciences\/wp-content\/uploads\/sites\/21\/2024\/06\/2023_Broderie_numerique_Fablutin-958x1024.jpg\" alt=\"Exemple d'une broderie num\u00e9rique dessin\u00e9e avec Inkscape et r\u00e9alis\u00e9e au Fablab\" width=\"500\" height=\"534\" srcset=\"https:\/\/wordpress-test.app.u-pariscite.fr\/sciences\/wp-content\/uploads\/sites\/21\/2024\/06\/2023_Broderie_numerique_Fablutin-958x1024.jpg 958w, https:\/\/wordpress-test.app.u-pariscite.fr\/sciences\/wp-content\/uploads\/sites\/21\/2024\/06\/2023_Broderie_numerique_Fablutin-281x300.jpg 281w, https:\/\/wordpress-test.app.u-pariscite.fr\/sciences\/wp-content\/uploads\/sites\/21\/2024\/06\/2023_Broderie_numerique_Fablutin-768x821.jpg 768w, https:\/\/wordpress-test.app.u-pariscite.fr\/sciences\/wp-content\/uploads\/sites\/21\/2024\/06\/2023_Broderie_numerique_Fablutin-1080x1154.jpg 1080w, https:\/\/wordpress-test.app.u-pariscite.fr\/sciences\/wp-content\/uploads\/sites\/21\/2024\/06\/2023_Broderie_numerique_Fablutin.jpg 1124w\" sizes=\"(max-width: 500px) 100vw, 500px\" \/><p id=\"caption-attachment-4901\" class=\"wp-caption-text\">Broderie num\u00e9rique dessin\u00e9e avec le logiciel libre et gratuit Inkscape &#8211; Fablutin mars 2023<\/p><\/div>\n<p><strong><a href=\"..\/fablab\">Accueil<\/a><\/strong><\/p>\n<p>[\/et_pb_text][\/et_pb_column][\/et_pb_row][\/et_pb_section]<\/p>\n","protected":false},"excerpt":{"rendered":"<div class=\"et_pb_row et_pb_row_0 et_pb_row_empty\"><\/div>\n<p> Les ateliers initiation \/ d\u00e9couverte au FablabLogiciels de conceptionPour cr\u00e9er enti\u00e8rement ou retoucher un projet au Fablab, vous \u00eates libre d&rsquo;utiliser un logiciel de conception que vous maitrisez d\u00e9j\u00e0, dans la mesure o\u00f9 vous pouvez exporter un format de fichier exploitable pour le logiciel de production\u00a0utilis\u00e9 par une machine num\u00e9rique particuli\u00e8re.Mais si vous ne&hellip; <a class=\"continue\" href=\"https:\/\/wordpress-test.app.u-pariscite.fr\/sciences\/formation\/\">Lire la suite<span> Formation<\/span><\/a><\/p>\n","protected":false},"author":450,"featured_media":0,"parent":0,"menu_order":0,"comment_status":"closed","ping_status":"closed","template":"","meta":{"_et_pb_use_builder":"on","_et_pb_old_content":"","_et_gb_content_width":"","footnotes":""},"class_list":["post-4151","page","type-page","status-publish","hentry"],"_links":{"self":[{"href":"https:\/\/wordpress-test.app.u-pariscite.fr\/sciences\/wp-json\/wp\/v2\/pages\/4151","targetHints":{"allow":["GET"]}}],"collection":[{"href":"https:\/\/wordpress-test.app.u-pariscite.fr\/sciences\/wp-json\/wp\/v2\/pages"}],"about":[{"href":"https:\/\/wordpress-test.app.u-pariscite.fr\/sciences\/wp-json\/wp\/v2\/types\/page"}],"author":[{"embeddable":true,"href":"https:\/\/wordpress-test.app.u-pariscite.fr\/sciences\/wp-json\/wp\/v2\/users\/450"}],"replies":[{"embeddable":true,"href":"https:\/\/wordpress-test.app.u-pariscite.fr\/sciences\/wp-json\/wp\/v2\/comments?post=4151"}],"version-history":[{"count":25,"href":"https:\/\/wordpress-test.app.u-pariscite.fr\/sciences\/wp-json\/wp\/v2\/pages\/4151\/revisions"}],"predecessor-version":[{"id":4153,"href":"https:\/\/wordpress-test.app.u-pariscite.fr\/sciences\/wp-json\/wp\/v2\/pages\/4151\/revisions\/4153"}],"wp:attachment":[{"href":"https:\/\/wordpress-test.app.u-pariscite.fr\/sciences\/wp-json\/wp\/v2\/media?parent=4151"}],"curies":[{"name":"wp","href":"https:\/\/api.w.org\/{rel}","templated":true}]}}