{"id":3887,"date":"2024-02-01T11:28:12","date_gmt":"2024-02-01T10:28:12","guid":{"rendered":"https:\/\/wordpress-test.app.u-pariscite.fr\/sciences\/?page_id=3887"},"modified":"2024-02-01T11:28:12","modified_gmt":"2024-02-01T10:28:12","slug":"attributions-de-la-commission-recherche","status":"publish","type":"page","link":"https:\/\/wordpress-test.app.u-pariscite.fr\/sciences\/instances\/attributions-de-la-commission-recherche\/","title":{"rendered":"Attributions de la commission Recherche"},"content":{"rendered":"<p>[et_pb_section bb_built=\u00a0\u00bb1&Prime; inner_width=\u00a0\u00bbauto\u00a0\u00bb inner_max_width=\u00a0\u00bbnone\u00a0\u00bb][et_pb_row][et_pb_column type=\u00a0\u00bb4_4&Prime;][et_pb_post_title admin_label=\u00a0\u00bbTitre de la page\u00a0\u00bb _builder_version=\u00a0\u00bb3.19.11&Prime; meta=\u00a0\u00bboff\u00a0\u00bb featured_image=\u00a0\u00bboff\u00a0\u00bb \/][\/et_pb_column][\/et_pb_row][et_pb_row][et_pb_column type=\u00a0\u00bb4_4&Prime;][et_pb_text _builder_version=\u00a0\u00bb3.22.1&Prime; text_text_shadow_horizontal_length=\u00a0\u00bbtext_text_shadow_style,%91object Object%93&Prime; text_text_shadow_vertical_length=\u00a0\u00bbtext_text_shadow_style,%91object Object%93&Prime; text_text_shadow_blur_strength=\u00a0\u00bbtext_text_shadow_style,%91object Object%93&Prime; link_text_shadow_horizontal_length=\u00a0\u00bblink_text_shadow_style,%91object Object%93&Prime; link_text_shadow_vertical_length=\u00a0\u00bblink_text_shadow_style,%91object Object%93&Prime; link_text_shadow_blur_strength=\u00a0\u00bblink_text_shadow_style,%91object Object%93&Prime; ul_text_shadow_horizontal_length=\u00a0\u00bbul_text_shadow_style,%91object Object%93&Prime; ul_text_shadow_vertical_length=\u00a0\u00bbul_text_shadow_style,%91object Object%93&Prime; ul_text_shadow_blur_strength=\u00a0\u00bbul_text_shadow_style,%91object Object%93&Prime; ol_text_shadow_horizontal_length=\u00a0\u00bbol_text_shadow_style,%91object Object%93&Prime; ol_text_shadow_vertical_length=\u00a0\u00bbol_text_shadow_style,%91object Object%93&Prime; ol_text_shadow_blur_strength=\u00a0\u00bbol_text_shadow_style,%91object Object%93&Prime; quote_text_shadow_horizontal_length=\u00a0\u00bbquote_text_shadow_style,%91object Object%93&Prime; quote_text_shadow_vertical_length=\u00a0\u00bbquote_text_shadow_style,%91object Object%93&Prime; quote_text_shadow_blur_strength=\u00a0\u00bbquote_text_shadow_style,%91object Object%93&Prime; header_text_shadow_horizontal_length=\u00a0\u00bbheader_text_shadow_style,%91object Object%93&Prime; header_text_shadow_vertical_length=\u00a0\u00bbheader_text_shadow_style,%91object Object%93&Prime; header_text_shadow_blur_strength=\u00a0\u00bbheader_text_shadow_style,%91object Object%93&Prime; header_2_text_shadow_horizontal_length=\u00a0\u00bbheader_2_text_shadow_style,%91object Object%93&Prime; header_2_text_shadow_vertical_length=\u00a0\u00bbheader_2_text_shadow_style,%91object Object%93&Prime; header_2_text_shadow_blur_strength=\u00a0\u00bbheader_2_text_shadow_style,%91object Object%93&Prime; header_3_text_shadow_horizontal_length=\u00a0\u00bbheader_3_text_shadow_style,%91object Object%93&Prime; header_3_text_shadow_vertical_length=\u00a0\u00bbheader_3_text_shadow_style,%91object Object%93&Prime; header_3_text_shadow_blur_strength=\u00a0\u00bbheader_3_text_shadow_style,%91object Object%93&Prime; header_4_text_shadow_horizontal_length=\u00a0\u00bbheader_4_text_shadow_style,%91object Object%93&Prime; header_4_text_shadow_vertical_length=\u00a0\u00bbheader_4_text_shadow_style,%91object Object%93&Prime; header_4_text_shadow_blur_strength=\u00a0\u00bbheader_4_text_shadow_style,%91object Object%93&Prime; header_5_text_shadow_horizontal_length=\u00a0\u00bbheader_5_text_shadow_style,%91object Object%93&Prime; header_5_text_shadow_vertical_length=\u00a0\u00bbheader_5_text_shadow_style,%91object Object%93&Prime; header_5_text_shadow_blur_strength=\u00a0\u00bbheader_5_text_shadow_style,%91object Object%93&Prime; header_6_text_shadow_horizontal_length=\u00a0\u00bbheader_6_text_shadow_style,%91object Object%93&Prime; header_6_text_shadow_vertical_length=\u00a0\u00bbheader_6_text_shadow_style,%91object Object%93&Prime; header_6_text_shadow_blur_strength=\u00a0\u00bbheader_6_text_shadow_style,%91object Object%93&Prime; z_index_tablet=\u00a0\u00bb500&Prime;]<\/p>\n<p>La commission recherche du conseil acad\u00e9mique poss\u00e8de plusieurs pr\u00e9rogatives au sein de la facult\u00e9 des sciences :<\/p>\n<ol>\n<li>Elle \u00e9lit le vice-doyen recherche ;<\/li>\n<li>Elle contribue \u00e0 l\u2019\u00e9laboration et \u00e0 la d\u00e9finition de la politique de recherche dans le cadre des axes strat\u00e9giques de l\u2019universit\u00e9, en lien avec les politiques des structures de recherche et en favorisant l\u2019interdisciplinarit\u00e9 et la coop\u00e9ration entre les composantes internes \u00e0 la facult\u00e9. Elle contribue, dans le p\u00e9rim\u00e8tre de la facult\u00e9 et en lien avec les orientations strat\u00e9giques d\u2019Universit\u00e9 de Paris, \u00e0 la politique de coop\u00e9ration internationale de recherche en lien, avec le vice-doyen Relations Internationales quand il en existe un au sein de la facult\u00e9 ;<\/li>\n<li>Elle participe \u00e0 l\u2019\u00e9laboration de la r\u00e9partition des moyens destin\u00e9s \u00e0 la recherche dans le respect du COM ;<\/li>\n<li>Elle r\u00e9partit au sein des composantes internes et des structures de recherche de la facult\u00e9 les moyens compl\u00e9mentaires de recherche allou\u00e9s par le conseil de facult\u00e9, en tenant compte du cadre d\u00e9fini par le s\u00e9nat acad\u00e9mique et des objectifs strat\u00e9giques d\u2019Universit\u00e9 de Paris et de la facult\u00e9 ;<\/li>\n<li>En accord avec les principes de fonctionnement des structures de recherche fix\u00e9s par le s\u00e9nat acad\u00e9mique et, le cas \u00e9ch\u00e9ant, en partenariat avec les organismes de recherche, elle rend un avis sur le r\u00e8glement int\u00e9rieur de ces structures ;<\/li>\n<li>Elle contribue \u00e0 la politique et \u00e0 la coordination des plateformes technologiques rattach\u00e9es \u00e0 la facult\u00e9 des sciences en lien, le cas \u00e9ch\u00e9ant, avec le vice-doyen charg\u00e9 de ce sujet quand il en existe un au sein de la facult\u00e9 ;<\/li>\n<li>Elle participe et \u00e9labore la politique de prospection scientifique et technologique et la politique de valorisation des r\u00e9sultats de recherche issus des laboratoires rattach\u00e9s \u00e0 la facult\u00e9 en lien, le cas \u00e9ch\u00e9ant avec le vice-doyen valorisation ;<\/li>\n<li>Elle participe et rend un avis sur l\u2019\u00e9laboration des outils de r\u00e9partitions des dotations des laboratoires ;<\/li>\n<li>Elle \u00e9tudie et valide les profils de recherche des postes (enseignants-chercheurs, ATER et BIATSS recherche) mis au concours de recrutement ;<\/li>\n<li>Elle donne un avis sur la cr\u00e9ation, la fusion, le regroupement de structures de recherche, ou la fermeture de structures recherche (Laboratoire au sens large, f\u00e9d\u00e9ration, etc\u2026) ;<\/li>\n<li>Elle donne un avis sur la cr\u00e9ation, ou la suppression d\u2019une composante interne ;<\/li>\n<li>Elle donne un avis sur les conventions avec les tutelles partenaires des structures de recherche de la facult\u00e9 et avec les autres partenaires de la facult\u00e9 quand les conventions ont un aspect recherche ;<\/li>\n<li>Elle d\u00e9finit des appels \u00e0 projets scientifiques et de recherche, elle d\u00e9finit les crit\u00e8res d\u2019\u00e9valuation et modes de s\u00e9lection et s\u00e9lectionne les candidatures de ces appels \u00e0 projet ;<\/li>\n<li>Elle met en \u0153uvre les appels \u00e0 projets scientifiques et de recherche de l\u2019universit\u00e9 ;<\/li>\n<li>Elle soutient les animations scientifiques des composantes internes et des laboratoires de recherche au travers de diff\u00e9rents appels d\u2019offre et de moyens propres \u00e0 la facult\u00e9 ;<\/li>\n<li>Elle appuie les candidatures pour le financement externe des projets de recherche en lien avec les orientations strat\u00e9giques de l\u2019universit\u00e9 ;<\/li>\n<li>En concertation avec les composantes internes, elle peut participer \u00e0 l\u2019\u00e9laboration et \u00e0 la d\u00e9finition d\u2019une politique scientifique pour l\u2019obtention des HDR, ADT, CRCT et \u00e9m\u00e9ritats ;\u00a0<\/li>\n<li>Elle adopte les mesures de nature \u00e0 permettre aux \u00e9tudiants de d\u00e9velopper les activit\u00e9s de diffusion de la culture scientifique, technique et industrielle ;<\/li>\n<li>Elle adopte toute mesure permettant de favoriser la participation de toutes et tous \u00e0 la recherche et notamment de lutter contre les in\u00e9galit\u00e9s de genre ;<\/li>\n<li>Elle rend un avis pr\u00e9alable sur la nomination des directeurs de structures de recherche.<\/li>\n<\/ol>\n<p>[\/et_pb_text][\/et_pb_column][\/et_pb_row][\/et_pb_section]<\/p>\n","protected":false},"excerpt":{"rendered":"<div class=\"et_pb_row et_pb_row_0 et_pb_row_empty\"><\/div>\n<div class=\"et_pb_row et_pb_row_1 et_pb_row_empty\"><\/div>\n<p> La commission recherche du conseil acad\u00e9mique poss\u00e8de plusieurs pr\u00e9rogatives au sein de la facult\u00e9 des sciences :Elle \u00e9lit le vice-doyen recherche ;Elle contribue \u00e0 l\u2019\u00e9laboration et \u00e0 la d\u00e9finition de la politique de recherche dans le cadre des axes strat\u00e9giques de l\u2019universit\u00e9, en lien avec les politiques des structures de recherche et en favorisant&hellip; <a class=\"continue\" href=\"https:\/\/wordpress-test.app.u-pariscite.fr\/sciences\/instances\/attributions-de-la-commission-recherche\/\">Lire la suite<span> Attributions de la commission Recherche<\/span><\/a><\/p>\n","protected":false},"author":443,"featured_media":0,"parent":119,"menu_order":0,"comment_status":"closed","ping_status":"closed","template":"","meta":{"_et_pb_use_builder":"on","_et_pb_old_content":"","_et_gb_content_width":"","footnotes":""},"class_list":["post-3887","page","type-page","status-publish","hentry"],"_links":{"self":[{"href":"https:\/\/wordpress-test.app.u-pariscite.fr\/sciences\/wp-json\/wp\/v2\/pages\/3887","targetHints":{"allow":["GET"]}}],"collection":[{"href":"https:\/\/wordpress-test.app.u-pariscite.fr\/sciences\/wp-json\/wp\/v2\/pages"}],"about":[{"href":"https:\/\/wordpress-test.app.u-pariscite.fr\/sciences\/wp-json\/wp\/v2\/types\/page"}],"author":[{"embeddable":true,"href":"https:\/\/wordpress-test.app.u-pariscite.fr\/sciences\/wp-json\/wp\/v2\/users\/443"}],"replies":[{"embeddable":true,"href":"https:\/\/wordpress-test.app.u-pariscite.fr\/sciences\/wp-json\/wp\/v2\/comments?post=3887"}],"version-history":[{"count":1,"href":"https:\/\/wordpress-test.app.u-pariscite.fr\/sciences\/wp-json\/wp\/v2\/pages\/3887\/revisions"}],"predecessor-version":[{"id":3888,"href":"https:\/\/wordpress-test.app.u-pariscite.fr\/sciences\/wp-json\/wp\/v2\/pages\/3887\/revisions\/3888"}],"up":[{"embeddable":true,"href":"https:\/\/wordpress-test.app.u-pariscite.fr\/sciences\/wp-json\/wp\/v2\/pages\/119"}],"wp:attachment":[{"href":"https:\/\/wordpress-test.app.u-pariscite.fr\/sciences\/wp-json\/wp\/v2\/media?parent=3887"}],"curies":[{"name":"wp","href":"https:\/\/api.w.org\/{rel}","templated":true}]}}