{"id":3015,"date":"2023-05-25T11:22:58","date_gmt":"2023-05-25T09:22:58","guid":{"rendered":"https:\/\/wordpress-test.app.u-pariscite.fr\/sciences\/?page_id=3015"},"modified":"2024-10-23T16:34:01","modified_gmt":"2024-10-23T14:34:01","slug":"conseil-de-faculte-2","status":"publish","type":"page","link":"https:\/\/wordpress-test.app.u-pariscite.fr\/sciences\/conseil-de-faculte-2\/","title":{"rendered":"Elu.es et invit\u00e9.es du Conseil de Facult\u00e9"},"content":{"rendered":"<p>[et_pb_section bb_built=\u00a0\u00bb1&Prime; inner_width=\u00a0\u00bbauto\u00a0\u00bb inner_max_width=\u00a0\u00bbnone\u00a0\u00bb][et_pb_row][et_pb_column type=\u00a0\u00bb4_4&Prime;][et_pb_post_title admin_label=\u00a0\u00bbTitre de la page\u00a0\u00bb _builder_version=\u00a0\u00bb3.19.11&Prime; meta=\u00a0\u00bboff\u00a0\u00bb featured_image=\u00a0\u00bboff\u00a0\u00bb \/][\/et_pb_column][\/et_pb_row][et_pb_row][et_pb_column type=\u00a0\u00bb4_4&Prime;][et_pb_text _builder_version=\u00a0\u00bb3.22.1&Prime; text_text_shadow_horizontal_length=\u00a0\u00bbtext_text_shadow_style,%91object Object%93&Prime; text_text_shadow_vertical_length=\u00a0\u00bbtext_text_shadow_style,%91object Object%93&Prime; text_text_shadow_blur_strength=\u00a0\u00bbtext_text_shadow_style,%91object Object%93&Prime; link_text_shadow_horizontal_length=\u00a0\u00bblink_text_shadow_style,%91object Object%93&Prime; link_text_shadow_vertical_length=\u00a0\u00bblink_text_shadow_style,%91object Object%93&Prime; link_text_shadow_blur_strength=\u00a0\u00bblink_text_shadow_style,%91object Object%93&Prime; ul_text_shadow_horizontal_length=\u00a0\u00bbul_text_shadow_style,%91object Object%93&Prime; ul_text_shadow_vertical_length=\u00a0\u00bbul_text_shadow_style,%91object Object%93&Prime; ul_text_shadow_blur_strength=\u00a0\u00bbul_text_shadow_style,%91object Object%93&Prime; ol_text_shadow_horizontal_length=\u00a0\u00bbol_text_shadow_style,%91object Object%93&Prime; ol_text_shadow_vertical_length=\u00a0\u00bbol_text_shadow_style,%91object Object%93&Prime; ol_text_shadow_blur_strength=\u00a0\u00bbol_text_shadow_style,%91object Object%93&Prime; quote_text_shadow_horizontal_length=\u00a0\u00bbquote_text_shadow_style,%91object Object%93&Prime; quote_text_shadow_vertical_length=\u00a0\u00bbquote_text_shadow_style,%91object Object%93&Prime; quote_text_shadow_blur_strength=\u00a0\u00bbquote_text_shadow_style,%91object Object%93&Prime; header_text_shadow_horizontal_length=\u00a0\u00bbheader_text_shadow_style,%91object Object%93&Prime; header_text_shadow_vertical_length=\u00a0\u00bbheader_text_shadow_style,%91object Object%93&Prime; header_text_shadow_blur_strength=\u00a0\u00bbheader_text_shadow_style,%91object Object%93&Prime; header_2_text_shadow_horizontal_length=\u00a0\u00bbheader_2_text_shadow_style,%91object Object%93&Prime; header_2_text_shadow_vertical_length=\u00a0\u00bbheader_2_text_shadow_style,%91object Object%93&Prime; header_2_text_shadow_blur_strength=\u00a0\u00bbheader_2_text_shadow_style,%91object Object%93&Prime; header_3_text_shadow_horizontal_length=\u00a0\u00bbheader_3_text_shadow_style,%91object Object%93&Prime; header_3_text_shadow_vertical_length=\u00a0\u00bbheader_3_text_shadow_style,%91object Object%93&Prime; header_3_text_shadow_blur_strength=\u00a0\u00bbheader_3_text_shadow_style,%91object Object%93&Prime; header_4_text_shadow_horizontal_length=\u00a0\u00bbheader_4_text_shadow_style,%91object Object%93&Prime; header_4_text_shadow_vertical_length=\u00a0\u00bbheader_4_text_shadow_style,%91object Object%93&Prime; header_4_text_shadow_blur_strength=\u00a0\u00bbheader_4_text_shadow_style,%91object Object%93&Prime; header_5_text_shadow_horizontal_length=\u00a0\u00bbheader_5_text_shadow_style,%91object Object%93&Prime; header_5_text_shadow_vertical_length=\u00a0\u00bbheader_5_text_shadow_style,%91object Object%93&Prime; header_5_text_shadow_blur_strength=\u00a0\u00bbheader_5_text_shadow_style,%91object Object%93&Prime; header_6_text_shadow_horizontal_length=\u00a0\u00bbheader_6_text_shadow_style,%91object Object%93&Prime; header_6_text_shadow_vertical_length=\u00a0\u00bbheader_6_text_shadow_style,%91object Object%93&Prime; header_6_text_shadow_blur_strength=\u00a0\u00bbheader_6_text_shadow_style,%91object Object%93&Prime; z_index_tablet=\u00a0\u00bb500&Prime;]<\/p>\n<p><strong>Coll\u00e8ge A<\/strong><\/p>\n<blockquote>\n<p>AMMAR-MERAH Souad<\/p>\n<p>BUHLER Eric<\/p>\n<p>BUTOR C\u00e9cile<\/p>\n<p>CAZAYOUS Maximilien<\/p>\n<p>FORNASIER Sonia<\/p>\n<p>GIRAUD Nicolas<\/p>\n<p>JANEL Natalie<\/p>\n<p>MAGNIEZ Fr\u00e9d\u00e9ric<\/p>\n<\/blockquote>\n<p><strong>Coll\u00e8ge B<\/strong><\/p>\n<blockquote>\n<p>BEAU Tristan<\/p>\n<p>LALOUETTE Alexis<\/p>\n<p>LELANDAIS Christine<\/p>\n<p>MONCOQ Karine<\/p>\n<p>MOURTADA Hussein<\/p>\n<p>SERRADJI Nawal<\/p>\n<p>SOUES Sylvie<\/p>\n<p>VACHER Jonathan<\/p>\n<\/blockquote>\n<p><strong>Coll\u00e8ge BIATSS<\/strong><\/p>\n<blockquote>\n<p>CHACON-CARILLO Cyril<\/p>\n<p>DELORT Florence<\/p>\n<p>JACQUARD Catherine<\/p>\n<p>PAISLEY Max<\/p>\n<p>WENTZINGER Griselda<\/p>\n<\/blockquote>\n<p><strong>Coll\u00e8ge \u00e9tudiant.es titulaires<\/strong><\/p>\n<blockquote>\n<p>DULONG Adrien<\/p>\n<p>HAMON Youri<\/p>\n<p>KERVOELEN Ambre<\/p>\n<p>LEYGONIE Tamina<\/p>\n<p>SIAB In\u00e8s<\/p>\n<\/blockquote>\n<p><strong>Coll\u00e8ge \u00e9tudiant.es suppl\u00e9ant.es<\/strong><\/p>\n<blockquote>\n<p>BARTHELEMY Maia<\/p>\n<p>DEVIF Mathieu<\/p>\n<p>FOGEL Rom\u00e9o<\/p>\n<p>POUYAUD Simon<\/p>\n<p>TELHANE Doha<\/p>\n<\/blockquote>\n<p><strong>Personnalit\u00e9s ext\u00e9rieures avec droit de vote<\/strong><\/p>\n<blockquote>\n<p>ALOUAN Lara, Repr\u00e9sentante du monde socio-\u00e9conomique<\/p>\n<p>BESSE Christophe , Repr\u00e9sentant du CNRS &#8211; Titulaire ou son suppl\u00e9ant VALES Fr\u00e9d\u00e9ric,<\/p>\n<p>SAHNOUN Sabrina , Repr\u00e9sentante de l&rsquo;Inserm &#8211; Titulaire<\/p>\n<\/blockquote>\n<p><strong>Personnalit\u00e9s d\u00e9sign\u00e9es avec droit de vote<\/strong><\/p>\n<blockquote>\n<p>BENTURQUIA Nadia, Repr\u00e9sentante de la facult\u00e9 de Sant\u00e9<\/p>\n<p>MELLOUK Mohamed, Repr\u00e9sentant de la facult\u00e9 Soci\u00e9t\u00e9s et Humanit\u00e9s<\/p>\n<\/blockquote>\n<p><strong>Invit\u00e9s permanents\u00a0<\/strong><\/p>\n<blockquote>\n<p>ASNACIOS \u00a0Atef, directeur de l&rsquo;UFR de physique<\/p>\n<p>BERNARD Sophie, Vice-doyenne formation<\/p>\n<p>BLANC Xavier, directeur de l&rsquo;UFR de math\u00e9matiques<\/p>\n<p>CHARBONNIER Fr\u00e9d\u00e9ric, directeur de l&rsquo;UFR biom\u00e9dicales<\/p>\n<p>DELPORTE Carole directrice de l&rsquo;UFR d&rsquo;informatique<\/p>\n<p>EISENBAUM Nathalie , vice-doyenne recherche<\/p>\n<p>JANISZEK David, directeur de l&rsquo;UFR maths-info<\/p>\n<p>LACROIX Jean-Christophe, directeur de l&rsquo;UFR de chimie<\/p>\n<p>LECLERCQ India, Directrice UFR SDV<\/p>\n<p>MOUNGLA Hassine, Directeur IUT Paris &#8211; Rives de Seine<\/p>\n<p>RACINE Christ\u00e8le, Directrice Adjoint UFR SDV\u00a0<\/p>\n<p>RAMESH S\u00e9bastien, Directeur g\u00e9n\u00e9ral d\u00e9l\u00e9gu\u00e9 Facult\u00e9 des Sciences<\/p>\n<p>REISBERG Steeve , directeur de l&rsquo;IUT Paris Pajol<\/p>\n<p>SENSE Xavier, Vice-pr\u00e9sident CA UPCit\u00e9<\/p>\n<p>SIAB In\u00e8s, vice-doyenne \u00e9tudiante<\/p>\n<p>VASANELLI Angela, directrice de l&rsquo;EIDD<\/p>\n<\/blockquote>\n<p><strong>Administration sans droit de vote<\/strong><\/p>\n<blockquote>\n<p>DOLMARE Jade, Responsable Vie institutionnelle et affaires juridiques\u00a0 Facult\u00e9 des Sciences<\/p>\n<p>DENIZOT Christine, Assistante de Direction Facult\u00e9 des Sciences<\/p>\n<\/blockquote>\n<p><strong>Invit\u00e9s<\/strong><\/p>\n<blockquote>\n<p>BOUCENNA Imane<\/p>\n<p>CHARRON Ga\u00eblle<\/p>\n<p>COLL Patrice<\/p>\n<p>GHEERBRANT Am\u00e9lie<\/p>\n<p>GRAFFIGNE Christine<\/p>\n<p>HACHE Christophe<\/p>\n<p>JOLIOT V\u00e9ronique<\/p>\n<p>KERNER Pierre<\/p>\n<p>LEIDWANGER S\u00e9verine<\/p>\n<p>ROYON Laurent<\/p>\n<p>SERRE Val\u00e9rie<\/p>\n<\/blockquote>\n<p>[\/et_pb_text][\/et_pb_column][\/et_pb_row][\/et_pb_section]<\/p>\n","protected":false},"excerpt":{"rendered":"<div class=\"et_pb_row et_pb_row_0 et_pb_row_empty\"><\/div>\n<div class=\"et_pb_row et_pb_row_1 et_pb_row_empty\"><\/div>\n<p> Coll\u00e8ge AAMMAR-MERAH SouadBUHLER EricBUTOR C\u00e9cileCAZAYOUS MaximilienFORNASIER SoniaGIRAUD NicolasJANEL NatalieMAGNIEZ Fr\u00e9d\u00e9ricColl\u00e8ge BBEAU TristanLALOUETTE AlexisLELANDAIS ChristineMONCOQ KarineMOURTADA HusseinSERRADJI NawalSOUES SylvieVACHER JonathanColl\u00e8ge BIATSSCHACON-CARILLO CyrilDELORT FlorenceJACQUARD CatherinePAISLEY MaxWENTZINGER GriseldaColl\u00e8ge \u00e9tudiant.es titulairesDULONG AdrienHAMON YouriKERVOELEN AmbreLEYGONIE TaminaSIAB In\u00e8sColl\u00e8ge \u00e9tudiant.es suppl\u00e9ant.esBARTHELEMY MaiaDEVIF MathieuFOGEL Rom\u00e9oPOUYAUD SimonTELHANE DohaPersonnalit\u00e9s ext\u00e9rieures avec droit de voteALOUAN Lara, Repr\u00e9sentante du monde socio-\u00e9conomiqueBESSE Christophe , Repr\u00e9sentant du CNRS&hellip; <a class=\"continue\" href=\"https:\/\/wordpress-test.app.u-pariscite.fr\/sciences\/conseil-de-faculte-2\/\">Lire la suite<span> Elu.es et invit\u00e9.es du Conseil de Facult\u00e9<\/span><\/a><\/p>\n","protected":false},"author":397,"featured_media":0,"parent":0,"menu_order":0,"comment_status":"closed","ping_status":"closed","template":"","meta":{"_et_pb_use_builder":"on","_et_pb_old_content":"<p>\u00a0<\/p><p>Le conseil de Facult\u00e9 comprend 32 membres. Il est compos\u00e9 de repr\u00e9sentant.e.s \u00e9lus des enseignant.e.s-chercheur.e.s, chercheur.e.s, personnels BIATSS, repr\u00e9sentant.e.s \u00e9tudiant.e.s et de personnalit\u00e9s d\u00e9sign\u00e9es. Les Conseils de facult\u00e9 d\u00e9finissent la r\u00e9partition de moyens, r\u00e9partissent les postes d\u2019enseignants-chercheurs et de personnels administratifs dans le cadre d\u00e9fini par le S\u00e9nat Acad\u00e9mique.<\/p>","_et_gb_content_width":"","footnotes":""},"class_list":["post-3015","page","type-page","status-publish","hentry"],"_links":{"self":[{"href":"https:\/\/wordpress-test.app.u-pariscite.fr\/sciences\/wp-json\/wp\/v2\/pages\/3015","targetHints":{"allow":["GET"]}}],"collection":[{"href":"https:\/\/wordpress-test.app.u-pariscite.fr\/sciences\/wp-json\/wp\/v2\/pages"}],"about":[{"href":"https:\/\/wordpress-test.app.u-pariscite.fr\/sciences\/wp-json\/wp\/v2\/types\/page"}],"author":[{"embeddable":true,"href":"https:\/\/wordpress-test.app.u-pariscite.fr\/sciences\/wp-json\/wp\/v2\/users\/397"}],"replies":[{"embeddable":true,"href":"https:\/\/wordpress-test.app.u-pariscite.fr\/sciences\/wp-json\/wp\/v2\/comments?post=3015"}],"version-history":[{"count":32,"href":"https:\/\/wordpress-test.app.u-pariscite.fr\/sciences\/wp-json\/wp\/v2\/pages\/3015\/revisions"}],"predecessor-version":[{"id":5424,"href":"https:\/\/wordpress-test.app.u-pariscite.fr\/sciences\/wp-json\/wp\/v2\/pages\/3015\/revisions\/5424"}],"wp:attachment":[{"href":"https:\/\/wordpress-test.app.u-pariscite.fr\/sciences\/wp-json\/wp\/v2\/media?parent=3015"}],"curies":[{"name":"wp","href":"https:\/\/api.w.org\/{rel}","templated":true}]}}