{"id":7243,"date":"2021-04-26T17:50:00","date_gmt":"2021-04-26T15:50:00","guid":{"rendered":"https:\/\/wordpress-test.app.u-pariscite.fr\/sante\/?page_id=7243"},"modified":"2024-10-10T16:55:25","modified_gmt":"2024-10-10T14:55:25","slug":"commission-formation","status":"publish","type":"page","link":"https:\/\/wordpress-test.app.u-pariscite.fr\/sante\/commission-formation\/","title":{"rendered":"Commission Formation"},"content":{"rendered":"<p>[et_pb_section bb_built=\u00a0\u00bb1&Prime; next_background_color=\u00a0\u00bb#000000&Prime; inner_width=\u00a0\u00bbauto\u00a0\u00bb inner_max_width=\u00a0\u00bbnone\u00a0\u00bb][et_pb_row][et_pb_column type=\u00a0\u00bb4_4&Prime;][et_pb_post_title admin_label=\u00a0\u00bbTitre de la page\u00a0\u00bb _builder_version=\u00a0\u00bb3.19.11&Prime; meta=\u00a0\u00bboff\u00a0\u00bb featured_image=\u00a0\u00bboff\u00a0\u00bb \/][\/et_pb_column][\/et_pb_row][et_pb_row][et_pb_column type=\u00a0\u00bb3_4&Prime;][et_pb_toggle admin_label=\u00a0\u00bbAttributions\u00a0\u00bb _builder_version=\u00a0\u00bb3.22.1&Prime; title=\u00a0\u00bbAttributions\u00a0\u00bb text_shadow_horizontal_length=\u00a0\u00bbtext_shadow_style,%91object Object%93&Prime; text_shadow_vertical_length=\u00a0\u00bbtext_shadow_style,%91object Object%93&Prime; text_shadow_blur_strength=\u00a0\u00bbtext_shadow_style,%91object Object%93&Prime; title_text_shadow_horizontal_length=\u00a0\u00bbtitle_text_shadow_style,%91object Object%93&Prime; title_text_shadow_vertical_length=\u00a0\u00bbtitle_text_shadow_style,%91object Object%93&Prime; title_text_shadow_blur_strength=\u00a0\u00bbtitle_text_shadow_style,%91object Object%93&Prime; body_text_shadow_horizontal_length=\u00a0\u00bbbody_text_shadow_style,%91object Object%93&Prime; body_text_shadow_vertical_length=\u00a0\u00bbbody_text_shadow_style,%91object Object%93&Prime; body_text_shadow_blur_strength=\u00a0\u00bbbody_text_shadow_style,%91object Object%93&Prime; z_index_tablet=\u00a0\u00bb500&Prime;]<\/p>\n<p>En lien \u00e9troit avec les composantes internes, la commission formation d\u00e9finit la politique de formation.<span class=\"Apple-converted-space\">\u00a0<\/span><\/p>\n<p>1. La commission \u00a0Formation de la facult\u00e9 contribue \u00e0 d\u00e9finir la politique de formation dans le cadre des axes strat\u00e9giques de l&rsquo;Universit\u00e9 Paris Cit\u00e9 ;<span class=\"Apple-converted-space\">\u00a0<\/span><\/p>\n<p>2. Elle r\u00e9partit au sein des composantes internes de la facult\u00e9 les moyens compl\u00e9mentaires de formation allou\u00e9s par le conseil de facult\u00e9, en tenant compte du<span class=\"Apple-converted-space\">\u00a0<\/span>cadrage du s\u00e9nat acad\u00e9mique et des objectifs strat\u00e9giques d\u2019Universit\u00e9 Paris Cit\u00e9 et de la facult\u00e9 ;<span class=\"Apple-converted-space\">\u00a0<\/span><\/p>\n<p>3. Elle assure le suivi des dossiers de maquettes, de soutenabilit\u00e9 de l&rsquo;offre de formation et d&rsquo;\u00e9valuation ;<span class=\"Apple-converted-space\">\u00a0<\/span><\/p>\n<p>4. Elle adopte les demandes de cr\u00e9ation de dipl\u00f4mes, hors dipl\u00f4mes nationaux, et les appels \u00e0 projets p\u00e9dagogiques ;<span class=\"Apple-converted-space\">\u00a0<\/span><\/p>\n<p>5. Elle propose au conseil de facult\u00e9 les \u00e9l\u00e9ments de la demande d&rsquo;accr\u00e9ditation relevant du p\u00e9rim\u00e8tre de la facult\u00e9 accompagn\u00e9e du volet relatif \u00e0 la soutenabilit\u00e9 des formations concern\u00e9es ;<span class=\"Apple-converted-space\">\u00a0<\/span><\/p>\n<p>6. Elle adopte, dans le cadre des principes fix\u00e9s par le s\u00e9nat acad\u00e9mique :<span class=\"Apple-converted-space\">\u00a0<\/span><\/p>\n<p>a. les modalit\u00e9s sp\u00e9cifiques de contr\u00f4le des connaissances et des comp\u00e9tences ;<span class=\"Apple-converted-space\">\u00a0<\/span><\/p>\n<p>b. les r\u00e8gles d&rsquo;\u00e9valuation des enseignements et les modalit\u00e9s de la prise en compte de ses r\u00e9sultats par ses composantes et les \u00e9quipes p\u00e9dagogiques ;<span class=\"Apple-converted-space\">\u00a0<\/span><\/p>\n<p>c. des mesures favorisant la r\u00e9ussite des \u00e9tudiant.e.s ;<span class=\"Apple-converted-space\">\u00a0<\/span><\/p>\n<p>d. les modalit\u00e9s d&rsquo;admission aux \u00e9tudes ;<span class=\"Apple-converted-space\">\u00a0<\/span><\/p>\n<p>e. des mesures de nature \u00e0 favoriser les relations avec les \u00e9tablissements du second degr\u00e9 ;<span class=\"Apple-converted-space\">\u00a0<\/span><\/p>\n<p>f. des mesures de nature \u00e0 permettre la mise en oeuvre de l&rsquo;orientation des \u00e9tudiant.e.s et de la validation des acquis, et \u00e0 faciliter leur entr\u00e9e dans la vie active ;<span class=\"Apple-converted-space\">\u00a0<\/span><\/p>\n<p>g. les actions de formation continue ;<span class=\"Apple-converted-space\">\u00a0<\/span><\/p>\n<p>7. Elle adopte :<span class=\"Apple-converted-space\">\u00a0<\/span><\/p>\n<p>a. des mesures visant \u00e0 promouvoir et d\u00e9velopper des initiatives p\u00e9dagogiques ;<span class=\"Apple-converted-space\">\u00a0<\/span><\/p>\n<p>b. les modalit\u00e9s d&rsquo;organisation de passerelles de cursus de formation ;<span class=\"Apple-converted-space\">\u00a0<\/span><\/p>\n<p>c. les modalit\u00e9s de l&rsquo;internationalisation des formations ;<span class=\"Apple-converted-space\">\u00a0<\/span><\/p>\n<p>d. la mise en oeuvre des certifications, de l&rsquo;apprentissage, de l&rsquo;alternance, de l&rsquo;offre de formation tout au long de la vie, des processus d&rsquo;insertion professionnelle ;<span class=\"Apple-converted-space\">\u00a0<\/span><\/p>\n<p>8. En lien avec les mesures prises par le s\u00e9nat acad\u00e9mique, elle adopte :<span class=\"Apple-converted-space\">\u00a0<\/span><\/p>\n<p>a. toute mesure favorisant, dans son p\u00e9rim\u00e8tre, les activit\u00e9s culturelles, sportives, sociales ou associatives offertes aux \u00e9tudiant.e.s, et l&rsquo;am\u00e9lioration des conditions de vie et de travail ;<span class=\"Apple-converted-space\">\u00a0<\/span><\/p>\n<p>b. toute mesure permettant de garantir la r\u00e9ussite du plus grand nombre d&rsquo;\u00e9tudiant.e.s, la mise en oeuvre de l&rsquo;orientation des \u00e9tudiant.e.s et la validation des acquis ;<span class=\"Apple-converted-space\">\u00a0<\/span><\/p>\n<p>c. des mesures n\u00e9cessaires \u00e0 l&rsquo;accueil et \u00e0 la r\u00e9ussite des \u00e9tudiant.e.s pr\u00e9sentant un handicap ou un trouble invalidant de la sant\u00e9, conform\u00e9ment aux obligations incombant aux \u00e9tablissements d&rsquo;enseignement sup\u00e9rieur au titre de l&rsquo;article L. 123-4-2 du code de l&rsquo;\u00e9ducation ;<span class=\"Apple-converted-space\">\u00a0<\/span><\/p>\n<p>d. toute mesure permettant la promotion des interactions science-soci\u00e9t\u00e9 ;<span class=\"Apple-converted-space\">\u00a0<\/span><\/p>\n<p>9. Elle d\u00e9signe, pour chacune des deux autres facult\u00e9s, un repr\u00e9sentant en tant qu\u2019invit\u00e9 permanent \u00e0 la commission formation de celles-ci ;<span class=\"Apple-converted-space\">\u00a0<\/span><\/p>\n<p>10. Elle \u00e9lit le vice-doyen formation.<span class=\"Apple-converted-space\">\u00a0<\/span><\/p>\n<p>[\/et_pb_toggle][et_pb_toggle admin_label=\u00a0\u00bbComposition \u00a0\u00bb _builder_version=\u00a0\u00bb3.22.1&Prime; title=\u00a0\u00bbComposition \u00a0\u00bb text_shadow_horizontal_length=\u00a0\u00bbtext_shadow_style,%91object Object%93&Prime; text_shadow_vertical_length=\u00a0\u00bbtext_shadow_style,%91object Object%93&Prime; text_shadow_blur_strength=\u00a0\u00bbtext_shadow_style,%91object Object%93&Prime; title_text_shadow_horizontal_length=\u00a0\u00bbtitle_text_shadow_style,%91object Object%93&Prime; title_text_shadow_vertical_length=\u00a0\u00bbtitle_text_shadow_style,%91object Object%93&Prime; title_text_shadow_blur_strength=\u00a0\u00bbtitle_text_shadow_style,%91object Object%93&Prime; body_text_shadow_horizontal_length=\u00a0\u00bbbody_text_shadow_style,%91object Object%93&Prime; body_text_shadow_vertical_length=\u00a0\u00bbbody_text_shadow_style,%91object Object%93&Prime; body_text_shadow_blur_strength=\u00a0\u00bbbody_text_shadow_style,%91object Object%93&Prime; z_index_tablet=\u00a0\u00bb500&Prime;]<\/p>\n<h3>Pr\u00e9sident de la commission Formation<\/h3>\n<blockquote>\n<p>Alain CARIOU, Vice-doyen Formation de la Facult\u00e9 de Sant\u00e9<\/p>\n<\/blockquote>\n<div class=\"column\">\n<h3>Coll\u00e8ge A<\/h3>\n<blockquote>\n<p>Philippe BERTHEAU<br \/>Xavier CACHET<br \/>Brigitte DEGUIN<br \/>H\u00e9l\u00e8ne MOINS<br \/>Sibylle VITAL<\/p>\n<\/blockquote>\n<h3>Coll\u00e8ge B<\/h3>\n<\/div>\n<blockquote>\n<p>Patrick DESCHAMPS<br \/>Pascal GARREC<br \/>Aude MARZO<br \/>Mich\u00e8le SALEM<br \/>Jennifer TRUCHOT<br \/>Marjorie ZANINI<\/p>\n<\/blockquote>\n<h3>Personnalit\u00e9s ext\u00e9rieures<\/h3>\n<blockquote>\n<p>Franck GASTINEAU, Repr\u00e9sentant Lyc\u00e9e<br \/>Gilles BARROU, Repr\u00e9sentant Classe Pr\u00e9paratoire aux Grandes Ecoles<br \/>Alice DE LA COSTE, Repr\u00e9sentant du monde socio-\u00e9conomique<\/p>\n<\/blockquote>\n<h3>Coll\u00e8ge \u00e9tudiants titulaires<\/h3>\n<blockquote>\n<p>Eug\u00e9nie BARTHEZ<br \/>L\u00e9anor CAUCHOIS<br \/>Michel CAZENAVE<br \/>Arthur DE BASTARD<br \/>Yanis DEBICHE<br \/>Manon DELCAMPE<br \/>Kim KENNEL<br \/>Alexandre KHANDJIAN<br \/>Pauline LESUEUR<br \/>Alexis LOUPAN<br \/>Camille MEY<br \/>Th\u00e9o RIBEYRON<\/p>\n<\/blockquote>\n<h3>Coll\u00e8ge \u00e9tudiants suppl\u00e9ants<\/h3>\n<blockquote>\n<p>Gatien BRIERE<br \/>Ghita CHRAIBI<br \/>Yavn COLOMBEL<br \/>Marine CONAN<br \/>Rapha\u00ebl DAUBAIRE-TEMMEM<br \/>Benji EL MEDIONI<br \/>Cl\u00e9mence IBERT<br \/>Manon JANTI<br \/>Werner MACHARD<br \/>Solange PIERROT DESEILLIGNY<br \/>Emma RAGNI<br \/>Amir SEBA<\/p>\n<\/blockquote>\n<h3>Coll\u00e8ge BIATSS<\/h3>\n<blockquote>\n<p>B\u00e9rard COQUERAN<br \/>Aurore MARCHELLI<br \/>Maryse ROUXEL<\/p>\n<\/blockquote>\n<h3>Invit\u00e9s permanents<\/h3>\n<blockquote>\n<p>Matthieu RESCHE-RIGON, Doyen de la Facult\u00e9 de Sant\u00e9<br \/>Marie-Agn\u00e8s SARI, Vice-pr\u00e9sidente Formation Universit\u00e9 Paris Cit\u00e9<br \/>Mathilde OULD MESSAOUD, Vide-doyenne \u00e9tudiante de la Facult\u00e9 de Sant\u00e9<br \/>Sandrine MIDDENDORP, Repr\u00e9sentante de la Facult\u00e9 des Sciences<br \/>Marianne GREFF, Repr\u00e9sentante de l&rsquo;IPGP<br \/>Christelle COLNEE, Directrice G\u00e9n\u00e9rale D\u00e9l\u00e9gu\u00e9e de la Facult\u00e9 de Sant\u00e9<\/p>\n<\/blockquote>\n<h3>Invit\u00e9s R\u00e9currents<\/h3>\n<blockquote>\n<p>St\u00e9phanie SOULIER-NANGO, Directrice du p\u00f4le Formation et Vie \u00e9tudiante de la Facult\u00e9 de Sant\u00e9<br \/>Eva TSALPATOUROS, Directrice G\u00e9n\u00e9rale D\u00e9l\u00e9gu\u00e9e Adjointe de la Facult\u00e9 de Sant\u00e9\u00a0<\/p>\n<\/blockquote>\n<p>[\/et_pb_toggle][et_pb_button admin_label=\u00a0\u00bbbouton &#8211; D\u00e9lib\u00e9rations\u00a0\u00bb button_url=\u00a0\u00bbhttps:\/\/cloud.wordpress-test.app.u-pariscite.fr\/s\/ri6qJgsdwg2w9nE\u00a0\u00bb button_text=\u00a0\u00bbD\u00e9lib\u00e9rations\u00a0\u00bb button_alignment=\u00a0\u00bbleft\u00a0\u00bb _builder_version=\u00a0\u00bb3.22.1&Prime; custom_button=\u00a0\u00bbon\u00a0\u00bb button_text_color=\u00a0\u00bb#ffffff\u00a0\u00bb button_bg_color=\u00a0\u00bb#8a1538&Prime; button_border_width=\u00a0\u00bb2&Prime; button_border_color=\u00a0\u00bb#8a1538&Prime; button_border_radius=\u00a0\u00bb26&Prime; button_icon=\u00a0\u00bb%%20%%\u00a0\u00bb button_icon_color=\u00a0\u00bb#ffffff\u00a0\u00bb button_on_hover=\u00a0\u00bboff\u00a0\u00bb background_layout=\u00a0\u00bbdark\u00a0\u00bb custom_css_after=\u00a0\u00bbmargin-left: 0!important;\u00a0\u00bb saved_tabs=\u00a0\u00bball\u00a0\u00bb background_layout__hover_enabled=\u00a0\u00bbon\u00a0\u00bb background_layout__hover=\u00a0\u00bblight\u00a0\u00bb button_bg_color__hover_enabled=\u00a0\u00bbon\u00a0\u00bb button_bg_color__hover=\u00a0\u00bb#ffffff\u00a0\u00bb button_icon_color__hover_enabled=\u00a0\u00bbon\u00a0\u00bb button_icon_color__hover=\u00a0\u00bb#8A1538&Prime; button_text_color__hover_enabled=\u00a0\u00bbon\u00a0\u00bb button_text_color__hover=\u00a0\u00bb#8A1538&Prime; custom_css_after__hover_enabled=\u00a0\u00bbon\u00a0\u00bb custom_css_after__hover=\u00a0\u00bbmargin-left: 0!important;\u00a0\u00bb button_text_shadow_horizontal_length=\u00a0\u00bbbutton_text_shadow_style,%91object Object%93&Prime; button_text_shadow_vertical_length=\u00a0\u00bbbutton_text_shadow_style,%91object Object%93&Prime; button_text_shadow_blur_strength=\u00a0\u00bbbutton_text_shadow_style,%91object Object%93&Prime; z_index_tablet=\u00a0\u00bb500&Prime; \/][et_pb_button admin_label=\u00a0\u00bbbouton &#8211; D\u00e9lib\u00e9rations 2020-2024&Prime; button_url=\u00a0\u00bbhttps:\/\/cloud.parisdescartes.fr\/index.php\/apps\/files\/?dir=\/Facult\u00e9%20de%20Sant\u00e9\/FacSant\u00e9_ComFormation_d\u00e9lib\u00e9rations&amp;fileid=43923825&Prime; button_text=\u00a0\u00bbD\u00e9lib\u00e9rations 2020-2024&Prime; button_alignment=\u00a0\u00bbleft\u00a0\u00bb _builder_version=\u00a0\u00bb3.22.1&Prime; custom_button=\u00a0\u00bbon\u00a0\u00bb button_text_color=\u00a0\u00bb#ffffff\u00a0\u00bb button_bg_color=\u00a0\u00bb#8a1538&Prime; button_border_width=\u00a0\u00bb2&Prime; button_border_color=\u00a0\u00bb#8a1538&Prime; button_border_radius=\u00a0\u00bb26&Prime; button_icon=\u00a0\u00bb%%20%%\u00a0\u00bb button_icon_color=\u00a0\u00bb#ffffff\u00a0\u00bb button_on_hover=\u00a0\u00bboff\u00a0\u00bb background_layout=\u00a0\u00bbdark\u00a0\u00bb custom_css_after=\u00a0\u00bbmargin-left: 0!important;\u00a0\u00bb saved_tabs=\u00a0\u00bball\u00a0\u00bb background_layout__hover_enabled=\u00a0\u00bbon\u00a0\u00bb background_layout__hover=\u00a0\u00bblight\u00a0\u00bb button_bg_color__hover_enabled=\u00a0\u00bbon\u00a0\u00bb button_bg_color__hover=\u00a0\u00bb#ffffff\u00a0\u00bb button_icon_color__hover_enabled=\u00a0\u00bbon\u00a0\u00bb button_icon_color__hover=\u00a0\u00bb#8A1538&Prime; button_text_color__hover_enabled=\u00a0\u00bbon\u00a0\u00bb button_text_color__hover=\u00a0\u00bb#8A1538&Prime; custom_css_after__hover_enabled=\u00a0\u00bbon\u00a0\u00bb custom_css_after__hover=\u00a0\u00bbmargin-left: 0!important;\u00a0\u00bb button_text_shadow_horizontal_length=\u00a0\u00bbbutton_text_shadow_style,%91object Object%93&Prime; button_text_shadow_vertical_length=\u00a0\u00bbbutton_text_shadow_style,%91object Object%93&Prime; button_text_shadow_blur_strength=\u00a0\u00bbbutton_text_shadow_style,%91object Object%93&Prime; z_index_tablet=\u00a0\u00bb500&Prime; \/][\/et_pb_column][et_pb_column type=\u00a0\u00bb1_4&Prime;][\/et_pb_column][\/et_pb_row][\/et_pb_section][et_pb_section bb_built=\u00a0\u00bb1&Prime; specialty=\u00a0\u00bboff\u00a0\u00bb _builder_version=\u00a0\u00bb3.21&Prime; custom_padding=\u00a0\u00bb0px||0px|\u00a0\u00bb prev_background_color=\u00a0\u00bb#000000&Prime; inner_width=\u00a0\u00bbauto\u00a0\u00bb inner_max_width=\u00a0\u00bbnone\u00a0\u00bb][et_pb_row _builder_version=\u00a0\u00bb3.19.11&Prime; width=\u00a0\u00bb80%\u00a0\u00bb max_width=\u00a0\u00bb1080px\u00a0\u00bb][et_pb_column type=\u00a0\u00bb4_4&Prime;][et_pb_text admin_label=\u00a0\u00bb\u00c0 lire aussi\u00a0\u00bb _builder_version=\u00a0\u00bb3.21&Prime;]<\/p>\n<h2><span class=\"st\">\u00c0<\/span> lire aussi<\/h2>\n<p>[\/et_pb_text][et_pb_blog _builder_version=\u00a0\u00bb3.21&Prime; posts_number=\u00a0\u00bb4&Prime; include_categories=\u00a0\u00bb13&Prime; show_author=\u00a0\u00bboff\u00a0\u00bb show_date=\u00a0\u00bboff\u00a0\u00bb show_pagination=\u00a0\u00bboff\u00a0\u00bb border_width_bottom_fullwidth=\u00a0\u00bb1px\u00a0\u00bb border_color_bottom_fullwidth=\u00a0\u00bbrgba(51,51,51,0.18)\u00a0\u00bb custom_padding=\u00a0\u00bb||50px|\u00a0\u00bb module_id=\u00a0\u00bbpage_type_blog\u00a0\u00bb header_level=\u00a0\u00bbh4&Prime; \/][\/et_pb_column][\/et_pb_row][\/et_pb_section]<\/p>\n","protected":false},"excerpt":{"rendered":"<div class=\"et_pb_row et_pb_row_0 et_pb_row_empty\"><\/div>\n<div class=\"et_pb_row et_pb_row_1 et_pb_row_empty\"><\/div>\n<p> En lien \u00e9troit avec les composantes internes, la commission formation d\u00e9finit la politique de formation.\u00a0 1. La commission \u00a0Formation de la facult\u00e9 contribue \u00e0 d\u00e9finir la politique de formation dans le cadre des axes strat\u00e9giques de l&rsquo;Universit\u00e9 Paris Cit\u00e9 ;\u00a0 2. Elle r\u00e9partit au sein des composantes internes de la facult\u00e9 les moyens compl\u00e9mentaires&hellip; <a class=\"continue\" href=\"https:\/\/wordpress-test.app.u-pariscite.fr\/sante\/commission-formation\/\">Lire la suite<span> Commission Formation<\/span><\/a><\/p>\n","protected":false},"author":113,"featured_media":0,"parent":0,"menu_order":0,"comment_status":"closed","ping_status":"closed","template":"","meta":{"_et_pb_use_builder":"on","_et_pb_old_content":"","_et_gb_content_width":"","footnotes":""},"class_list":["post-7243","page","type-page","status-publish","hentry"],"_links":{"self":[{"href":"https:\/\/wordpress-test.app.u-pariscite.fr\/sante\/wp-json\/wp\/v2\/pages\/7243","targetHints":{"allow":["GET"]}}],"collection":[{"href":"https:\/\/wordpress-test.app.u-pariscite.fr\/sante\/wp-json\/wp\/v2\/pages"}],"about":[{"href":"https:\/\/wordpress-test.app.u-pariscite.fr\/sante\/wp-json\/wp\/v2\/types\/page"}],"author":[{"embeddable":true,"href":"https:\/\/wordpress-test.app.u-pariscite.fr\/sante\/wp-json\/wp\/v2\/users\/113"}],"replies":[{"embeddable":true,"href":"https:\/\/wordpress-test.app.u-pariscite.fr\/sante\/wp-json\/wp\/v2\/comments?post=7243"}],"version-history":[{"count":9,"href":"https:\/\/wordpress-test.app.u-pariscite.fr\/sante\/wp-json\/wp\/v2\/pages\/7243\/revisions"}],"predecessor-version":[{"id":12004,"href":"https:\/\/wordpress-test.app.u-pariscite.fr\/sante\/wp-json\/wp\/v2\/pages\/7243\/revisions\/12004"}],"wp:attachment":[{"href":"https:\/\/wordpress-test.app.u-pariscite.fr\/sante\/wp-json\/wp\/v2\/media?parent=7243"}],"curies":[{"name":"wp","href":"https:\/\/api.w.org\/{rel}","templated":true}]}}