{"id":156,"date":"2020-06-19T15:41:38","date_gmt":"2020-06-19T13:41:38","guid":{"rendered":"https:\/\/wordpress-test.app.u-pariscite.fr\/sante\/?page_id=156"},"modified":"2023-03-08T10:35:11","modified_gmt":"2023-03-08T09:35:11","slug":"politique-de-la-recherche","status":"publish","type":"page","link":"https:\/\/wordpress-test.app.u-pariscite.fr\/sante\/politique-de-la-recherche\/","title":{"rendered":"Politique de la Recherche"},"content":{"rendered":"<p>[et_pb_section bb_built=\u00a0\u00bb1&Prime; next_background_color=\u00a0\u00bb#000000&Prime; inner_width=\u00a0\u00bbauto\u00a0\u00bb inner_max_width=\u00a0\u00bbnone\u00a0\u00bb][et_pb_row][et_pb_column type=\u00a0\u00bb4_4&Prime;][et_pb_post_title admin_label=\u00a0\u00bbTitre de la page\u00a0\u00bb _builder_version=\u00a0\u00bb3.19.11&Prime; meta=\u00a0\u00bboff\u00a0\u00bb featured_image=\u00a0\u00bboff\u00a0\u00bb \/][\/et_pb_column][\/et_pb_row][et_pb_row][et_pb_column type=\u00a0\u00bb3_4&Prime;][et_pb_text admin_label=\u00a0\u00bbIntro\u00a0\u00bb _builder_version=\u00a0\u00bb3.22.1&Prime; module_id=\u00a0\u00bbintro\u00a0\u00bb text_text_shadow_horizontal_length=\u00a0\u00bbtext_text_shadow_style,%91object Object%93&Prime; text_text_shadow_vertical_length=\u00a0\u00bbtext_text_shadow_style,%91object Object%93&Prime; text_text_shadow_blur_strength=\u00a0\u00bbtext_text_shadow_style,%91object Object%93&Prime; link_text_shadow_horizontal_length=\u00a0\u00bblink_text_shadow_style,%91object Object%93&Prime; link_text_shadow_vertical_length=\u00a0\u00bblink_text_shadow_style,%91object Object%93&Prime; link_text_shadow_blur_strength=\u00a0\u00bblink_text_shadow_style,%91object Object%93&Prime; ul_text_shadow_horizontal_length=\u00a0\u00bbul_text_shadow_style,%91object Object%93&Prime; ul_text_shadow_vertical_length=\u00a0\u00bbul_text_shadow_style,%91object Object%93&Prime; ul_text_shadow_blur_strength=\u00a0\u00bbul_text_shadow_style,%91object Object%93&Prime; ol_text_shadow_horizontal_length=\u00a0\u00bbol_text_shadow_style,%91object Object%93&Prime; ol_text_shadow_vertical_length=\u00a0\u00bbol_text_shadow_style,%91object Object%93&Prime; ol_text_shadow_blur_strength=\u00a0\u00bbol_text_shadow_style,%91object Object%93&Prime; quote_text_shadow_horizontal_length=\u00a0\u00bbquote_text_shadow_style,%91object Object%93&Prime; quote_text_shadow_vertical_length=\u00a0\u00bbquote_text_shadow_style,%91object Object%93&Prime; quote_text_shadow_blur_strength=\u00a0\u00bbquote_text_shadow_style,%91object Object%93&Prime; header_text_shadow_horizontal_length=\u00a0\u00bbheader_text_shadow_style,%91object Object%93&Prime; header_text_shadow_vertical_length=\u00a0\u00bbheader_text_shadow_style,%91object Object%93&Prime; header_text_shadow_blur_strength=\u00a0\u00bbheader_text_shadow_style,%91object Object%93&Prime; header_2_text_shadow_horizontal_length=\u00a0\u00bbheader_2_text_shadow_style,%91object Object%93&Prime; header_2_text_shadow_vertical_length=\u00a0\u00bbheader_2_text_shadow_style,%91object Object%93&Prime; header_2_text_shadow_blur_strength=\u00a0\u00bbheader_2_text_shadow_style,%91object Object%93&Prime; header_3_text_shadow_horizontal_length=\u00a0\u00bbheader_3_text_shadow_style,%91object Object%93&Prime; header_3_text_shadow_vertical_length=\u00a0\u00bbheader_3_text_shadow_style,%91object Object%93&Prime; header_3_text_shadow_blur_strength=\u00a0\u00bbheader_3_text_shadow_style,%91object Object%93&Prime; header_4_text_shadow_horizontal_length=\u00a0\u00bbheader_4_text_shadow_style,%91object Object%93&Prime; header_4_text_shadow_vertical_length=\u00a0\u00bbheader_4_text_shadow_style,%91object Object%93&Prime; header_4_text_shadow_blur_strength=\u00a0\u00bbheader_4_text_shadow_style,%91object Object%93&Prime; header_5_text_shadow_horizontal_length=\u00a0\u00bbheader_5_text_shadow_style,%91object Object%93&Prime; header_5_text_shadow_vertical_length=\u00a0\u00bbheader_5_text_shadow_style,%91object Object%93&Prime; header_5_text_shadow_blur_strength=\u00a0\u00bbheader_5_text_shadow_style,%91object Object%93&Prime; header_6_text_shadow_horizontal_length=\u00a0\u00bbheader_6_text_shadow_style,%91object Object%93&Prime; header_6_text_shadow_vertical_length=\u00a0\u00bbheader_6_text_shadow_style,%91object Object%93&Prime; header_6_text_shadow_blur_strength=\u00a0\u00bbheader_6_text_shadow_style,%91object Object%93&Prime; z_index_tablet=\u00a0\u00bb500&Prime;]<\/p>\n<div class=\"page\" title=\"Page 1\">\n<div class=\"layoutArea\">\n<div class=\"column\">\n<p>La Facult\u00e9 de Sant\u00e9 d\u2019Universit\u00e9 Paris Cit\u00e9 (UPCit\u00e9) est l\u2019un des acteurs majeurs de la recherche en sant\u00e9 dans le monde (class\u00e9e dans les 50 premi\u00e8res universit\u00e9s mondiales dans les th\u00e9matiques Pharmacy &amp; Pharmaceutical Sciences, Clinical Medicine, Dentistry &amp; Oral ARWU\u2019s 2020), en Europe (18 projets European Research Council entre 2015 et 2019) et en France (Premier partenaire universitaire de <a href=\"https:\/\/www.inserm.fr\/\">lnserm<\/a> : 25% de l&rsquo;effectif total de l&rsquo;Inserm, 3 Labex, 2 Instituts Hospitalo-Universitaires).<\/p>\n<\/div>\n<\/div>\n<\/div>\n<p>[\/et_pb_text][\/et_pb_column][et_pb_column type=\u00a0\u00bb1_4&Prime;][\/et_pb_column][\/et_pb_row][et_pb_row _builder_version=\u00a0\u00bb3.19.11&Prime; module_id=\u00a0\u00bbimage-page-type\u00a0\u00bb width=\u00a0\u00bb80%\u00a0\u00bb max_width=\u00a0\u00bb1080px\u00a0\u00bb][et_pb_column type=\u00a0\u00bb3_4&Prime;][et_pb_image admin_label=\u00a0\u00bbImage 1920 x 1080&Prime; _builder_version=\u00a0\u00bb3.22.1&Prime; src=\u00a0\u00bbhttps:\/\/wordpress-test.app.u-pariscite.fr\/sante\/wp-content\/uploads\/sites\/19\/2021\/06\/Labo-1920.jpg\u00a0\u00bb module_id=\u00a0\u00bbimage-page\u00a0\u00bb z_index_tablet=\u00a0\u00bb500&Prime; \/][\/et_pb_column][et_pb_column type=\u00a0\u00bb1_4&Prime;][et_pb_text admin_label=\u00a0\u00bbTexte image\u00a0\u00bb _builder_version=\u00a0\u00bb3.22.1&Prime; module_id=\u00a0\u00bbtexte-image\u00a0\u00bb custom_margin=\u00a0\u00bb|-15px||\u00a0\u00bb text_text_shadow_horizontal_length=\u00a0\u00bbtext_text_shadow_style,%91object Object%93&Prime; text_text_shadow_vertical_length=\u00a0\u00bbtext_text_shadow_style,%91object Object%93&Prime; text_text_shadow_blur_strength=\u00a0\u00bbtext_text_shadow_style,%91object Object%93&Prime; link_text_shadow_horizontal_length=\u00a0\u00bblink_text_shadow_style,%91object Object%93&Prime; link_text_shadow_vertical_length=\u00a0\u00bblink_text_shadow_style,%91object Object%93&Prime; link_text_shadow_blur_strength=\u00a0\u00bblink_text_shadow_style,%91object Object%93&Prime; ul_text_shadow_horizontal_length=\u00a0\u00bbul_text_shadow_style,%91object Object%93&Prime; ul_text_shadow_vertical_length=\u00a0\u00bbul_text_shadow_style,%91object Object%93&Prime; ul_text_shadow_blur_strength=\u00a0\u00bbul_text_shadow_style,%91object Object%93&Prime; ol_text_shadow_horizontal_length=\u00a0\u00bbol_text_shadow_style,%91object Object%93&Prime; ol_text_shadow_vertical_length=\u00a0\u00bbol_text_shadow_style,%91object Object%93&Prime; ol_text_shadow_blur_strength=\u00a0\u00bbol_text_shadow_style,%91object Object%93&Prime; quote_text_shadow_horizontal_length=\u00a0\u00bbquote_text_shadow_style,%91object Object%93&Prime; quote_text_shadow_vertical_length=\u00a0\u00bbquote_text_shadow_style,%91object Object%93&Prime; quote_text_shadow_blur_strength=\u00a0\u00bbquote_text_shadow_style,%91object Object%93&Prime; header_text_shadow_horizontal_length=\u00a0\u00bbheader_text_shadow_style,%91object Object%93&Prime; header_text_shadow_vertical_length=\u00a0\u00bbheader_text_shadow_style,%91object Object%93&Prime; header_text_shadow_blur_strength=\u00a0\u00bbheader_text_shadow_style,%91object Object%93&Prime; header_2_text_shadow_horizontal_length=\u00a0\u00bbheader_2_text_shadow_style,%91object Object%93&Prime; header_2_text_shadow_vertical_length=\u00a0\u00bbheader_2_text_shadow_style,%91object Object%93&Prime; header_2_text_shadow_blur_strength=\u00a0\u00bbheader_2_text_shadow_style,%91object Object%93&Prime; header_3_text_shadow_horizontal_length=\u00a0\u00bbheader_3_text_shadow_style,%91object Object%93&Prime; header_3_text_shadow_vertical_length=\u00a0\u00bbheader_3_text_shadow_style,%91object Object%93&Prime; header_3_text_shadow_blur_strength=\u00a0\u00bbheader_3_text_shadow_style,%91object Object%93&Prime; header_4_text_shadow_horizontal_length=\u00a0\u00bbheader_4_text_shadow_style,%91object Object%93&Prime; header_4_text_shadow_vertical_length=\u00a0\u00bbheader_4_text_shadow_style,%91object Object%93&Prime; header_4_text_shadow_blur_strength=\u00a0\u00bbheader_4_text_shadow_style,%91object Object%93&Prime; header_5_text_shadow_horizontal_length=\u00a0\u00bbheader_5_text_shadow_style,%91object Object%93&Prime; header_5_text_shadow_vertical_length=\u00a0\u00bbheader_5_text_shadow_style,%91object Object%93&Prime; header_5_text_shadow_blur_strength=\u00a0\u00bbheader_5_text_shadow_style,%91object Object%93&Prime; header_6_text_shadow_horizontal_length=\u00a0\u00bbheader_6_text_shadow_style,%91object Object%93&Prime; header_6_text_shadow_vertical_length=\u00a0\u00bbheader_6_text_shadow_style,%91object Object%93&Prime; header_6_text_shadow_blur_strength=\u00a0\u00bbheader_6_text_shadow_style,%91object Object%93&Prime; z_index_tablet=\u00a0\u00bb500&Prime; \/][\/et_pb_column][\/et_pb_row][et_pb_row][et_pb_column type=\u00a0\u00bb3_4&Prime;][et_pb_text _builder_version=\u00a0\u00bb3.22.1&Prime; module_id=\u00a0\u00bbcontenu\u00a0\u00bb text_text_shadow_horizontal_length=\u00a0\u00bbtext_text_shadow_style,%91object Object%93&Prime; text_text_shadow_vertical_length=\u00a0\u00bbtext_text_shadow_style,%91object Object%93&Prime; text_text_shadow_blur_strength=\u00a0\u00bbtext_text_shadow_style,%91object Object%93&Prime; link_text_shadow_horizontal_length=\u00a0\u00bblink_text_shadow_style,%91object Object%93&Prime; link_text_shadow_vertical_length=\u00a0\u00bblink_text_shadow_style,%91object Object%93&Prime; link_text_shadow_blur_strength=\u00a0\u00bblink_text_shadow_style,%91object Object%93&Prime; ul_text_shadow_horizontal_length=\u00a0\u00bbul_text_shadow_style,%91object Object%93&Prime; ul_text_shadow_vertical_length=\u00a0\u00bbul_text_shadow_style,%91object Object%93&Prime; ul_text_shadow_blur_strength=\u00a0\u00bbul_text_shadow_style,%91object Object%93&Prime; ol_text_shadow_horizontal_length=\u00a0\u00bbol_text_shadow_style,%91object Object%93&Prime; ol_text_shadow_vertical_length=\u00a0\u00bbol_text_shadow_style,%91object Object%93&Prime; ol_text_shadow_blur_strength=\u00a0\u00bbol_text_shadow_style,%91object Object%93&Prime; quote_text_shadow_horizontal_length=\u00a0\u00bbquote_text_shadow_style,%91object Object%93&Prime; quote_text_shadow_vertical_length=\u00a0\u00bbquote_text_shadow_style,%91object Object%93&Prime; quote_text_shadow_blur_strength=\u00a0\u00bbquote_text_shadow_style,%91object Object%93&Prime; header_text_shadow_horizontal_length=\u00a0\u00bbheader_text_shadow_style,%91object Object%93&Prime; header_text_shadow_vertical_length=\u00a0\u00bbheader_text_shadow_style,%91object Object%93&Prime; header_text_shadow_blur_strength=\u00a0\u00bbheader_text_shadow_style,%91object Object%93&Prime; header_2_text_shadow_horizontal_length=\u00a0\u00bbheader_2_text_shadow_style,%91object Object%93&Prime; header_2_text_shadow_vertical_length=\u00a0\u00bbheader_2_text_shadow_style,%91object Object%93&Prime; header_2_text_shadow_blur_strength=\u00a0\u00bbheader_2_text_shadow_style,%91object Object%93&Prime; header_3_text_shadow_horizontal_length=\u00a0\u00bbheader_3_text_shadow_style,%91object Object%93&Prime; header_3_text_shadow_vertical_length=\u00a0\u00bbheader_3_text_shadow_style,%91object Object%93&Prime; header_3_text_shadow_blur_strength=\u00a0\u00bbheader_3_text_shadow_style,%91object Object%93&Prime; header_4_text_shadow_horizontal_length=\u00a0\u00bbheader_4_text_shadow_style,%91object Object%93&Prime; header_4_text_shadow_vertical_length=\u00a0\u00bbheader_4_text_shadow_style,%91object Object%93&Prime; header_4_text_shadow_blur_strength=\u00a0\u00bbheader_4_text_shadow_style,%91object Object%93&Prime; header_5_text_shadow_horizontal_length=\u00a0\u00bbheader_5_text_shadow_style,%91object Object%93&Prime; header_5_text_shadow_vertical_length=\u00a0\u00bbheader_5_text_shadow_style,%91object Object%93&Prime; header_5_text_shadow_blur_strength=\u00a0\u00bbheader_5_text_shadow_style,%91object Object%93&Prime; header_6_text_shadow_horizontal_length=\u00a0\u00bbheader_6_text_shadow_style,%91object Object%93&Prime; header_6_text_shadow_vertical_length=\u00a0\u00bbheader_6_text_shadow_style,%91object Object%93&Prime; header_6_text_shadow_blur_strength=\u00a0\u00bbheader_6_text_shadow_style,%91object Object%93&Prime; z_index_tablet=\u00a0\u00bb500&Prime;]<\/p>\n<p>La Facult\u00e9 de Sant\u00e9 a des liens forts avec les h\u00f4pitaux de l&rsquo;Assistance Publique &#8211; H\u00f4pitaux de Paris (AP-HP) et notamment avec les <a href=\"https:\/\/www.aphp.fr\/groupes-hospitaliers-de-lap-hp\">groupes hospitaliers Centre et Nord<\/a>.<\/p>\n<p>La recherche men\u00e9e \u00e0 la Facult\u00e9 de Sant\u00e9 s\u2019\u00e9tend de la recherche fondamentale \u00e0 la recherche translationnelle et \u00e9pid\u00e9miologique, en interaction avec des laboratoires de la Facult\u00e9 des Sciences et de la Facult\u00e9 Soci\u00e9t\u00e9s Humanit\u00e9s. De m\u00eame, de nombreux masters adoss\u00e9s \u00e0 la Facult\u00e9 de Sant\u00e9 sont partag\u00e9s avec les deux autres facult\u00e9s de l\u2019universit\u00e9 et l\u2019ensemble des \u00e9coles doctorales impliqu\u00e9es dans le champ sant\u00e9 comprennent des \u00e9quipes des Facult\u00e9s des Sciences et de Sant\u00e9.<\/p>\n<p>Enfin, l\u2019universitarisation des disciplines param\u00e9dicales doivent permettre d\u2019introduire ou de renforcer une composante recherche dans ces cursus.<\/p>\n<p>Le P\u00f4le Recherche de la Facult\u00e9 de Sant\u00e9 aura les objectifs suivants :<\/p>\n<ul>\n<li>F\u00e9d\u00e9rer les \u00e9quipes de recherche pour (UR) pour cr\u00e9er de grands centres de recherche th\u00e9matiques\u00a0ou des r\u00e9seaux th\u00e9matiques<\/li>\n<li>Structurer les plateformes de la Facult\u00e9 de Sant\u00e9\u00a0;<\/li>\n<li>Favoriser et d\u00e9velopper les partenariats socio-\u00e9conomiques.<\/li>\n<\/ul>\n<h2>Cr\u00e9er de grands centres de recherche avec les unit\u00e9s de recherche existantes<\/h2>\n<p>La recherche des URs rattach\u00e9es \u00e0 la Facult\u00e9 de Sant\u00e9 est principalement organis\u00e9e en grands centres, mono ou pluri-th\u00e9matiques, adoss\u00e9s aux diff\u00e9rents h\u00f4pitaux associ\u00e9s \u00e0 Universit\u00e9 Paris Cit\u00e9. Poursuivre cette structuration en centres de recherche permettrait d\u2019amplifier la visibilit\u00e9 de la Facult\u00e9 de Sant\u00e9 d\u2019acteur international reconnu dans le domaine de la recherche biom\u00e9dicale.<\/p>\n<h3>Cr\u00e9er des instituts hors-murs<\/h3>\n<p><strong>\u00a0<\/strong>La Facult\u00e9 de Sant\u00e9 vise une structuration d\u2019ensemble en \u00ab instituts ou r\u00e9seaux \u00bb localis\u00e9s sur plusieurs sites, organis\u00e9s par grands rattachements disciplinaires. Ces \u00ab instituts th\u00e9matiques hors murs \u00bb lab\u00e9lis\u00e9s UP permettront aux \u00e9quipes concern\u00e9es de s\u2019organiser en r\u00e9seau, de mutualiser l\u2019animation scientifique et de r\u00e9pondre en commun \u00e0 des appels d\u2019offres de grande envergure.<\/p>\n<p>Actuellement, deux instituts hors-murs ont \u00e9t\u00e9 cr\u00e9\u00e9s, <a href=\"https:\/\/wordpress-test.app.u-pariscite.fr\/la-faculte-de-sante-cree-linstitut-du-diabete\/\">l\u2019Institut du Diab\u00e8te<\/a> et <a href=\"https:\/\/wordpress-test.app.u-pariscite.fr\/la-faculte-de-sante-cree-linstitut-des-maladies-osteoarticulaires\/\">l\u2019Institut Osteo-articulaire.<\/a><\/p>\n<h3>Favoriser l\u2019installation des chercheurs et enseignants-chercheurs<\/h3>\n<p>La Facult\u00e9 souhaite\u00a0 faciliter l\u2019arriv\u00e9e de chercheurs juniors et seniors en leur permettant\u00a0 d\u2019 obtenir rapidement des contrats type ATIP\/AVENIR, ou des ERC\u00a0. De plus la Facult\u00e9 entend faciliter l\u2019arriv\u00e9e de ces chercheurs \u00e0 l\u2019aide d\u2019un programme d\u2019aide \u00e0 l\u2019installation et de Chaires.<\/p>\n<h2>Structurer les plateformes technologiques et les cohortes de la Facult\u00e9 de Sant\u00e9<\/h2>\n<p>Les plateformes de recherche et les cohortes regroupent des \u00e9quipements, des donn\u00e9es, des ressources et des expertises au service des chercheurs. Indissociable d\u2019une recherche de haut niveau, la qualit\u00e9 de ces plateformes constitue un \u00e9l\u00e9ment fondamental d\u2019attractivit\u00e9 pour les \u00e9quipes de recherche de le Facult\u00e9 de Sant\u00e9.<\/p>\n<h3>Cr\u00e9er un label de plateforme Universit\u00e9 Paris Cit\u00e9<\/h3>\n<p>Cr\u00e9er un label UP pour les plateformes de l\u2019universit\u00e9 serait l\u2019opportunit\u00e9 d\u2019homog\u00e9n\u00e9iser leurs modes de fonctionnement, \u00e9valuer leurs besoins et assurer leur fonctionnement.<\/p>\n<h3>Cr\u00e9er une Unit\u00e9 Mixte de Services France Cohortes<\/h3>\n<p>Les cohortes occupent une place majeure dans le monde de l&rsquo;\u00e9pid\u00e9miologie et de la sant\u00e9 publique. A l\u2019initiative de l\u2019Inserm, Universit\u00e9 Paris Cit\u00e9 (tutelle), en association avec l\u2019INED et d\u2019autres universit\u00e9s se propose de cr\u00e9er une Unit\u00e9 Mixte de Service (UMS) France Cohortes qui vise \u00e0 offrir des prestations d\u2019int\u00e9r\u00eat g\u00e9n\u00e9ral pour\u00a0:<\/p>\n<ul>\n<li>Assurer l\u2019h\u00e9bergement et d\u2019exploitation des donn\u00e9es\u00a0;<\/li>\n<li>Apporter des comp\u00e9tences n\u00e9cessaires \u00e0 la p\u00e9rennisation et au d\u00e9veloppement des cohortes\u00a0;<\/li>\n<li>Mettre \u00e0 disposition une offre de services r\u00e9pondant aux besoins des cohortes, en particulier dans les fonctions support\u00a0;<\/li>\n<li>Renforcer la communication et la valorisation des cohortes et de leurs donn\u00e9es.<\/li>\n<\/ul>\n<h2>D\u00e9velopper les partenariats socio-\u00e9conomiques<\/h2>\n<p><strong>\u00a0<\/strong>En sant\u00e9, le lien avec le monde \u00e9conomique et la soci\u00e9t\u00e9 civile est essentiel (recherche, innovation, validation &amp; essais cliniques). Dans le domaine de la sant\u00e9, des comp\u00e9tences sp\u00e9cifiques sont n\u00e9cessaires pour la valorisation des d\u00e9couvertes et les partenariats sont essentiels pour que les projets de valorisation aboutissent.<\/p>\n<h3>Favoriser les contacts entre les URs et les entreprises<\/h3>\n<p><strong>\u00a0<\/strong>La Facult\u00e9 de Sant\u00e9 propose d\u2019organiser en lien avec la cellule de valorisation de l\u2019UP des rencontres avec le monde industriel afin de faciliter les contacts et d\u2019initier des partenariats. L\u2019objectif est de favoriser les interactions entre les entreprises et les unit\u00e9s de recherche lors d\u2019\u00e9v\u00e9nement et de faciliter les partenariats de recherche (Th\u00e8ses CIFRE, contrats d&rsquo;apprentissages, accords simplifi\u00e9s et acc\u00e9l\u00e9r\u00e9s de collaborations \/ partenariats \/ prestations par mandataire unique, Chaires industrielles, institut Carnot).<\/p>\n<h3>Favoriser les interactions avec la soci\u00e9t\u00e9 civile<\/h3>\n<p>La Facult\u00e9 de Sant\u00e9 doit contribuer \u00e0 la science participative, en \u00e9laborant des projets co-construits avec les acteurs de la soci\u00e9t\u00e9 civile. Plusieurs initiatives sont pr\u00e9vues dans ce but :<\/p>\n<ul>\n<li>Poursuivre la collaboration avec les acteurs de la soci\u00e9t\u00e9 civile, tels que les associations de patients et les financeurs th\u00e9matiques en lien avec les instituts hors murs ;<\/li>\n<li>Favoriser l\u2019acc\u00e8s aux cohortes de population g\u00e9n\u00e9rale et de patients\u00a0;<\/li>\n<li>Diffuser les connaissances vers la soci\u00e9t\u00e9.<\/li>\n<\/ul>\n<p>[\/et_pb_text][\/et_pb_column][et_pb_column type=\u00a0\u00bb1_4&Prime;][et_pb_text _builder_version=\u00a0\u00bb3.22.1&Prime; text_text_shadow_horizontal_length=\u00a0\u00bbtext_text_shadow_style,%91object Object%93&Prime; text_text_shadow_vertical_length=\u00a0\u00bbtext_text_shadow_style,%91object Object%93&Prime; text_text_shadow_blur_strength=\u00a0\u00bbtext_text_shadow_style,%91object Object%93&Prime; link_text_shadow_horizontal_length=\u00a0\u00bblink_text_shadow_style,%91object Object%93&Prime; link_text_shadow_vertical_length=\u00a0\u00bblink_text_shadow_style,%91object Object%93&Prime; link_text_shadow_blur_strength=\u00a0\u00bblink_text_shadow_style,%91object Object%93&Prime; ul_text_shadow_horizontal_length=\u00a0\u00bbul_text_shadow_style,%91object Object%93&Prime; ul_text_shadow_vertical_length=\u00a0\u00bbul_text_shadow_style,%91object Object%93&Prime; ul_text_shadow_blur_strength=\u00a0\u00bbul_text_shadow_style,%91object Object%93&Prime; ol_text_shadow_horizontal_length=\u00a0\u00bbol_text_shadow_style,%91object Object%93&Prime; ol_text_shadow_vertical_length=\u00a0\u00bbol_text_shadow_style,%91object Object%93&Prime; ol_text_shadow_blur_strength=\u00a0\u00bbol_text_shadow_style,%91object Object%93&Prime; quote_text_shadow_horizontal_length=\u00a0\u00bbquote_text_shadow_style,%91object Object%93&Prime; quote_text_shadow_vertical_length=\u00a0\u00bbquote_text_shadow_style,%91object Object%93&Prime; quote_text_shadow_blur_strength=\u00a0\u00bbquote_text_shadow_style,%91object Object%93&Prime; header_text_shadow_horizontal_length=\u00a0\u00bbheader_text_shadow_style,%91object Object%93&Prime; header_text_shadow_vertical_length=\u00a0\u00bbheader_text_shadow_style,%91object Object%93&Prime; header_text_shadow_blur_strength=\u00a0\u00bbheader_text_shadow_style,%91object Object%93&Prime; header_2_text_shadow_horizontal_length=\u00a0\u00bbheader_2_text_shadow_style,%91object Object%93&Prime; header_2_text_shadow_vertical_length=\u00a0\u00bbheader_2_text_shadow_style,%91object Object%93&Prime; header_2_text_shadow_blur_strength=\u00a0\u00bbheader_2_text_shadow_style,%91object Object%93&Prime; header_3_text_shadow_horizontal_length=\u00a0\u00bbheader_3_text_shadow_style,%91object Object%93&Prime; header_3_text_shadow_vertical_length=\u00a0\u00bbheader_3_text_shadow_style,%91object Object%93&Prime; header_3_text_shadow_blur_strength=\u00a0\u00bbheader_3_text_shadow_style,%91object Object%93&Prime; header_4_text_shadow_horizontal_length=\u00a0\u00bbheader_4_text_shadow_style,%91object Object%93&Prime; header_4_text_shadow_vertical_length=\u00a0\u00bbheader_4_text_shadow_style,%91object Object%93&Prime; header_4_text_shadow_blur_strength=\u00a0\u00bbheader_4_text_shadow_style,%91object Object%93&Prime; header_5_text_shadow_horizontal_length=\u00a0\u00bbheader_5_text_shadow_style,%91object Object%93&Prime; header_5_text_shadow_vertical_length=\u00a0\u00bbheader_5_text_shadow_style,%91object Object%93&Prime; header_5_text_shadow_blur_strength=\u00a0\u00bbheader_5_text_shadow_style,%91object Object%93&Prime; header_6_text_shadow_horizontal_length=\u00a0\u00bbheader_6_text_shadow_style,%91object Object%93&Prime; header_6_text_shadow_vertical_length=\u00a0\u00bbheader_6_text_shadow_style,%91object Object%93&Prime; header_6_text_shadow_blur_strength=\u00a0\u00bbheader_6_text_shadow_style,%91object Object%93&Prime; z_index_tablet=\u00a0\u00bb500&Prime;]<\/p>\n<h4>Une question ?\u00a0<\/h4>\n<h5>Ecrivez-nous : \u00a0<a href=\"mailto:info.recherche.sante@wordpress-test.app.u-pariscite.fr\" target=\"_blank\" rel=\"noopener noreferrer\">info.recherche.sante@wordpress-test.app.u-pariscite.fr<\/a><\/h5>\n<p>[\/et_pb_text][\/et_pb_column][\/et_pb_row][\/et_pb_section][et_pb_section bb_built=\u00a0\u00bb1&Prime; specialty=\u00a0\u00bboff\u00a0\u00bb _builder_version=\u00a0\u00bb3.21&Prime; custom_padding=\u00a0\u00bb0px||0px|\u00a0\u00bb prev_background_color=\u00a0\u00bb#000000&Prime; inner_width=\u00a0\u00bbauto\u00a0\u00bb inner_max_width=\u00a0\u00bbnone\u00a0\u00bb][et_pb_row _builder_version=\u00a0\u00bb3.19.11&Prime; width=\u00a0\u00bb80%\u00a0\u00bb max_width=\u00a0\u00bb1080px\u00a0\u00bb][et_pb_column type=\u00a0\u00bb4_4&Prime;][et_pb_text admin_label=\u00a0\u00bb\u00c0 lire aussi\u00a0\u00bb _builder_version=\u00a0\u00bb3.21&Prime;]<\/p>\n<h2><span class=\"st\">\u00c0<\/span> lire aussi<\/h2>\n<p>[\/et_pb_text][et_pb_blog _builder_version=\u00a0\u00bb3.21&Prime; posts_number=\u00a0\u00bb4&Prime; include_categories=\u00a0\u00bb13&Prime; show_author=\u00a0\u00bboff\u00a0\u00bb show_date=\u00a0\u00bboff\u00a0\u00bb show_pagination=\u00a0\u00bboff\u00a0\u00bb border_width_bottom_fullwidth=\u00a0\u00bb1px\u00a0\u00bb border_color_bottom_fullwidth=\u00a0\u00bbrgba(51,51,51,0.18)\u00a0\u00bb custom_padding=\u00a0\u00bb||50px|\u00a0\u00bb module_id=\u00a0\u00bbpage_type_blog\u00a0\u00bb header_level=\u00a0\u00bbh4&Prime; \/][\/et_pb_column][\/et_pb_row][\/et_pb_section]<\/p>\n","protected":false},"excerpt":{"rendered":"<div class=\"et_pb_row et_pb_row_0 et_pb_row_empty\"><\/div>\n<div class=\"et_pb_row et_pb_row_1 et_pb_row_empty\"><\/div>\n<p> La Facult\u00e9 de Sant\u00e9 d\u2019Universit\u00e9 Paris Cit\u00e9 (UPCit\u00e9) est l\u2019un des acteurs majeurs de la recherche en sant\u00e9 dans le monde (class\u00e9e dans les 50 premi\u00e8res universit\u00e9s mondiales dans les th\u00e9matiques Pharmacy &amp; Pharmaceutical Sciences, Clinical Medicine, Dentistry &amp; Oral ARWU\u2019s 2020), en Europe (18 projets European Research Council entre 2015 et 2019) et&hellip; <a class=\"continue\" href=\"https:\/\/wordpress-test.app.u-pariscite.fr\/sante\/politique-de-la-recherche\/\">Lire la suite<span> Politique de la Recherche<\/span><\/a><\/p>\n","protected":false},"author":35,"featured_media":0,"parent":0,"menu_order":0,"comment_status":"closed","ping_status":"closed","template":"","meta":{"_et_pb_use_builder":"on","_et_pb_old_content":"","_et_gb_content_width":"","footnotes":""},"class_list":["post-156","page","type-page","status-publish","hentry"],"_links":{"self":[{"href":"https:\/\/wordpress-test.app.u-pariscite.fr\/sante\/wp-json\/wp\/v2\/pages\/156","targetHints":{"allow":["GET"]}}],"collection":[{"href":"https:\/\/wordpress-test.app.u-pariscite.fr\/sante\/wp-json\/wp\/v2\/pages"}],"about":[{"href":"https:\/\/wordpress-test.app.u-pariscite.fr\/sante\/wp-json\/wp\/v2\/types\/page"}],"author":[{"embeddable":true,"href":"https:\/\/wordpress-test.app.u-pariscite.fr\/sante\/wp-json\/wp\/v2\/users\/35"}],"replies":[{"embeddable":true,"href":"https:\/\/wordpress-test.app.u-pariscite.fr\/sante\/wp-json\/wp\/v2\/comments?post=156"}],"version-history":[{"count":17,"href":"https:\/\/wordpress-test.app.u-pariscite.fr\/sante\/wp-json\/wp\/v2\/pages\/156\/revisions"}],"predecessor-version":[{"id":10266,"href":"https:\/\/wordpress-test.app.u-pariscite.fr\/sante\/wp-json\/wp\/v2\/pages\/156\/revisions\/10266"}],"wp:attachment":[{"href":"https:\/\/wordpress-test.app.u-pariscite.fr\/sante\/wp-json\/wp\/v2\/media?parent=156"}],"curies":[{"name":"wp","href":"https:\/\/api.w.org\/{rel}","templated":true}]}}