{"id":11276,"date":"2024-02-19T08:13:05","date_gmt":"2024-02-19T07:13:05","guid":{"rendered":"https:\/\/wordpress-test.app.u-pariscite.fr\/sante\/?page_id=11276"},"modified":"2024-04-10T16:53:43","modified_gmt":"2024-04-10T14:53:43","slug":"chaire-de-recherche-junior-de-linstitut-sante-des-femmes-cellules-souches-en-reproduction","status":"publish","type":"page","link":"https:\/\/wordpress-test.app.u-pariscite.fr\/sante\/chaire-de-recherche-junior-de-linstitut-sante-des-femmes-cellules-souches-en-reproduction\/","title":{"rendered":"Chaire de recherche Junior de l\u2019Institut Sant\u00e9 des Femmes \u00ab Cellules souches en reproduction \u00bb"},"content":{"rendered":"<p>[et_pb_section bb_built=\u00a0\u00bb1&Prime; _builder_version=\u00a0\u00bb3.22&Prime; next_background_color=\u00a0\u00bb#000000&Prime;][et_pb_row _builder_version=\u00a0\u00bb3.22&Prime; background_size=\u00a0\u00bbinitial\u00a0\u00bb background_position=\u00a0\u00bbtop_left\u00a0\u00bb background_repeat=\u00a0\u00bbrepeat\u00a0\u00bb][et_pb_column type=\u00a0\u00bb4_4&Prime;][et_pb_post_title admin_label=\u00a0\u00bbTitre de la page\u00a0\u00bb meta=\u00a0\u00bboff\u00a0\u00bb featured_image=\u00a0\u00bboff\u00a0\u00bb _builder_version=\u00a0\u00bb3.19.11&Prime;]<\/p>\n<p>[\/et_pb_post_title][\/et_pb_column][\/et_pb_row][et_pb_row _builder_version=\u00a0\u00bb3.22&Prime; background_size=\u00a0\u00bbinitial\u00a0\u00bb background_position=\u00a0\u00bbtop_left\u00a0\u00bb background_repeat=\u00a0\u00bbrepeat\u00a0\u00bb][et_pb_column type=\u00a0\u00bb3_4&Prime;][et_pb_text module_id=\u00a0\u00bbcontenu\u00a0\u00bb _builder_version=\u00a0\u00bb3.22.1&Prime; z_index_tablet=\u00a0\u00bb500&Prime; text_text_shadow_horizontal_length=\u00a0\u00bbtext_text_shadow_style,%91object Object%93&Prime; text_text_shadow_vertical_length=\u00a0\u00bbtext_text_shadow_style,%91object Object%93&Prime; text_text_shadow_blur_strength=\u00a0\u00bbtext_text_shadow_style,%91object Object%93&Prime; link_text_shadow_horizontal_length=\u00a0\u00bblink_text_shadow_style,%91object Object%93&Prime; link_text_shadow_vertical_length=\u00a0\u00bblink_text_shadow_style,%91object Object%93&Prime; link_text_shadow_blur_strength=\u00a0\u00bblink_text_shadow_style,%91object Object%93&Prime; ul_text_shadow_horizontal_length=\u00a0\u00bbul_text_shadow_style,%91object Object%93&Prime; ul_text_shadow_vertical_length=\u00a0\u00bbul_text_shadow_style,%91object Object%93&Prime; ul_text_shadow_blur_strength=\u00a0\u00bbul_text_shadow_style,%91object Object%93&Prime; ol_text_shadow_horizontal_length=\u00a0\u00bbol_text_shadow_style,%91object Object%93&Prime; ol_text_shadow_vertical_length=\u00a0\u00bbol_text_shadow_style,%91object Object%93&Prime; ol_text_shadow_blur_strength=\u00a0\u00bbol_text_shadow_style,%91object Object%93&Prime; quote_text_shadow_horizontal_length=\u00a0\u00bbquote_text_shadow_style,%91object Object%93&Prime; quote_text_shadow_vertical_length=\u00a0\u00bbquote_text_shadow_style,%91object Object%93&Prime; quote_text_shadow_blur_strength=\u00a0\u00bbquote_text_shadow_style,%91object Object%93&Prime; header_text_shadow_horizontal_length=\u00a0\u00bbheader_text_shadow_style,%91object Object%93&Prime; header_text_shadow_vertical_length=\u00a0\u00bbheader_text_shadow_style,%91object Object%93&Prime; header_text_shadow_blur_strength=\u00a0\u00bbheader_text_shadow_style,%91object Object%93&Prime; header_2_text_shadow_horizontal_length=\u00a0\u00bbheader_2_text_shadow_style,%91object Object%93&Prime; header_2_text_shadow_vertical_length=\u00a0\u00bbheader_2_text_shadow_style,%91object Object%93&Prime; header_2_text_shadow_blur_strength=\u00a0\u00bbheader_2_text_shadow_style,%91object Object%93&Prime; header_3_text_shadow_horizontal_length=\u00a0\u00bbheader_3_text_shadow_style,%91object Object%93&Prime; header_3_text_shadow_vertical_length=\u00a0\u00bbheader_3_text_shadow_style,%91object Object%93&Prime; header_3_text_shadow_blur_strength=\u00a0\u00bbheader_3_text_shadow_style,%91object Object%93&Prime; header_4_text_shadow_horizontal_length=\u00a0\u00bbheader_4_text_shadow_style,%91object Object%93&Prime; header_4_text_shadow_vertical_length=\u00a0\u00bbheader_4_text_shadow_style,%91object Object%93&Prime; header_4_text_shadow_blur_strength=\u00a0\u00bbheader_4_text_shadow_style,%91object Object%93&Prime; header_5_text_shadow_horizontal_length=\u00a0\u00bbheader_5_text_shadow_style,%91object Object%93&Prime; header_5_text_shadow_vertical_length=\u00a0\u00bbheader_5_text_shadow_style,%91object Object%93&Prime; header_5_text_shadow_blur_strength=\u00a0\u00bbheader_5_text_shadow_style,%91object Object%93&Prime; header_6_text_shadow_horizontal_length=\u00a0\u00bbheader_6_text_shadow_style,%91object Object%93&Prime; header_6_text_shadow_vertical_length=\u00a0\u00bbheader_6_text_shadow_style,%91object Object%93&Prime; header_6_text_shadow_blur_strength=\u00a0\u00bbheader_6_text_shadow_style,%91object Object%93&Prime;]<\/p>\n<h2>Objectifs g\u00e9n\u00e9raux<\/h2>\n<p>Dans le cadre du programme ExcellenceS, l\u2019Institut Sant\u00e9 des Femmes d\u2019Universit\u00e9 Paris Cit\u00e9 lance cet appel \u00e0 candidatures afin de :<\/p>\n<ul>\n<li>Permettre \u00e0 de jeunes chercheur.e.s de mettre en place et d\u2019animer un groupe, au sein d&rsquo;une \u00e9quipe de recherche en France affili\u00e9e \u00e0 l\u2019Institut Sant\u00e9 des Femmes \u2013 Universit\u00e9 Paris Cit\u00e9. Les groupes ainsi cr\u00e9\u00e9s auront pour vocation de renforcer le dispositif de recherche de l\u2019\u00e9quipe d&rsquo;accueil en d\u00e9veloppant, de mani\u00e8re autonome et collaborative, leur propre th\u00e9matique.<\/li>\n<li>Promouvoir la mobilit\u00e9 et attirer de jeunes responsables de haut niveau.<\/li>\n<li>D\u00e9velopper de nouvelles activit\u00e9s et expertises de recherche dans le p\u00e9rim\u00e8tre d\u2019Universit\u00e9 Paris Cit\u00e9.<\/li>\n<\/ul>\n<p>Le soutien ExcellenceS \u2013 Institut Sant\u00e9 des Femmes est d\u2019une dur\u00e9e de 3 ans.<\/p>\n<p>Il s\u2019adresse aux jeunes chercheur.e.s, sans restriction de nationalit\u00e9. Le programme est ouvert \u00e0 tout.e chercheur.e ou enseignant.e chercheur.e, quel que soit son organisme d\u2019appartenance et \u00e0 tout.e chercheur.e non permanent.e.<\/p>\n<h2>Moyens attribu\u00e9s<\/h2>\n<p>Seront attribu\u00e9s 360 k\u20ac sur 3 ans qui pourront se d\u00e9cliner en salaire, dotation, \u00e9quipements.<\/p>\n<p>Le salaire pour le laur\u00e9at non permanent est inclus dans cette enveloppe (selon l\u2019exp\u00e9rience). Si le candidat est d\u00e9j\u00e0 titulaire d\u2019un poste, le budget pourra \u00eatre utilis\u00e9 pour recruter du personnel, en appui pour sa Chaire (post-doc \u2013 ing\u00e9nieur.e \u2026).<\/p>\n<p>Un <em>welcome package<\/em> de 100k\u20ac suppl\u00e9mentaires pourra \u00eatre mis en place.<\/p>\n<p>Les candidats devront identifier une \u00e9quipe d\u2019accueil dans le p\u00e9rim\u00e8tre Universit\u00e9 Paris Cit\u00e9 affili\u00e9e \u00e0 l\u2019Institut Sant\u00e9 des Femmes (liste en annexe<a href=\"#_edn1\" name=\"_ednref1\">[i]<\/a>), prendre contact avec elle en amont de leur candidature et inclure dans leur dossier de candidature un engagement de principe. L\u2019\u00e9quipe d\u2019accueil devra allouer au titulaire de la Chaire des locaux de recherche compatibles avec l\u2019ambition du projet propos\u00e9 (les frais d\u2019installation seront \u00e0 la charge de l\u2019\u00e9quipe d\u2019accueil), et assurer l\u2019acc\u00e8s aux plateformes technologiques du site.<\/p>\n<p>Le\/la laur\u00e9at.e s\u2019engage \u00e0 prendre ses fonctions au plus tard 9 mois apr\u00e8s la notification par l\u2019Institut.<\/p>\n<h2>Contours de la Chaire \u00ab CELLULES SOUCHES EN REPRODUCTION \u00bb<\/h2>\n<h3>Contexte<\/h3>\n<p>Le d\u00e9veloppement de cellules souches pluripotentes humaines d\u00e9riv\u00e9es d&rsquo;individus ou g\u00e9n\u00e9tiquement modifi\u00e9es avec des mutations li\u00e9es \u00e0 la maladie, ont r\u00e9volutionn\u00e9 les connaissances sur les maladies humaines et ont permis le d\u00e9veloppement de nouvelles approches th\u00e9rapeutiques. Le d\u00e9veloppement de cellules souches embryonnaires ou trophoblastiques humaines et le d\u00e9veloppement d&rsquo;organo\u00efdes \u00e0 partir de ces cellules ouvrent de nouvelles perspectives dans l\u2019\u00e9tude de l\u2019implantation et des interactions materno-f\u0153tales pr\u00e9coces, dans la compr\u00e9hension des maladies placentaires, et dans l\u2019identification de nouvelles approches th\u00e9rapeutiques des pathologies de la grossesse.<\/p>\n<p>Du fait de ces enjeux majeurs, Universit\u00e9 Paris Cit\u00e9 souhaite renforcer ses forces de recherche sur l\u2019apport des cellules souches dans le domaine de la reproduction, de la conception jusqu\u2019\u00e0 la naissance.<\/p>\n<h3>Th\u00e9matiques attendues<\/h3>\n<p>Le projet pr\u00e9sent\u00e9 pourra s\u2019int\u00e9resser \u00e0 tous les aspects concernant les applications des cellules souches et des organo\u00efdes dans le domaine de la reproduction humaine. Il visera notamment \u00e0 :<\/p>\n<ul>\n<li>D\u00e9velopper des mod\u00e8les d\u2019\u00e9tudes pour mieux comprendre les m\u00e9canismes impliqu\u00e9s dans la conception, l\u2019implantation, le d\u00e9veloppement placentaire et la parturition humaine.<\/li>\n<li>Identifier de nouveaux biomarqueurs comme outils pr\u00e9dictifs ou diagnostiques des \u00e9checs d\u2019implantation et des pathologies de la grossesse (pr\u00e9-\u00e9clampsie, retard de croissance in utero, pr\u00e9maturit\u00e9, pertes f\u0153tales pr\u00e9coces ou tardives)<\/li>\n<li>De d\u00e9velopper des nouvelles approches th\u00e9rapeutiques pour les \u00e9checs d\u2019implantation et les pathologies de la grossesse.<\/li>\n<\/ul>\n<h3>Approches m\u00e9thodologiques<\/h3>\n<p>Les candidat.e.s devront d\u00e9tailler dans leur projet\u00a0:<\/p>\n<ul>\n<li>Les approches m\u00e9thodologiques choisies pour d\u00e9velopper les cellules souches et les organo\u00efdes.<\/li>\n<li>Les modalit\u00e9s d\u2019exploitation des cellules souches et organo\u00efdes<\/li>\n<li>Les collaborations \u00e0 d\u00e9velopper au sein d\u2019Universit\u00e9 Paris Cit\u00e9<\/li>\n<\/ul>\n<p>La faisabilit\u00e9 du projet devra \u00eatre clairement abord\u00e9e.<\/p>\n<p>Un projet p\u00e9dagogique autour du th\u00e8me de la chaire n\u2019est pas exig\u00e9 pour cette chaire recherche, mais pourra \u00eatre un atout.<\/p>\n<h3>Crit\u00e8res d\u2019\u00e9ligibilit\u00e9<\/h3>\n<p>&#8211; Titulaire d\u2019un doctorat ou \u00e9quivalent dans un domaine pertinent pour le champ de la chaire.<\/p>\n<p>&#8211; Minimum de 2 ans post doctorat<\/p>\n<p>&#8211; Aucune condition d\u2019\u00e2ge ni de nationalit\u00e9<\/p>\n<p>&#8211; Pratique courante du fran\u00e7ais ou de l\u2019anglais<\/p>\n<h3>Proc\u00e9dure de s\u00e9lection<\/h3>\n<p>Les projets seront \u00e9valu\u00e9s par un comit\u00e9 scientifique ind\u00e9pendant.<\/p>\n<p>La s\u00e9lection se fera en deux temps : une pr\u00e9s\u00e9lection sur dossier (Juin\/juillet 2024), suivie d&rsquo;une audition pour les candidat.e.s pr\u00e9s\u00e9lectionn\u00e9.e.s (Septembre\/Octobre 2024).<\/p>\n<p>Les crit\u00e8res de s\u00e9lection seront les suivants :<\/p>\n<ul>\n<li>Qualit\u00e9 du candidat (parcours et production scientifique)<\/li>\n<li>Qualit\u00e9 scientifique et faisabilit\u00e9 du projet<\/li>\n<li>Apport dans le paysage d\u2019Universit\u00e9 Paris Cit\u00e9 \u2013 Institut Sant\u00e9 des Femmes : coh\u00e9rence et valeur ajout\u00e9e<\/li>\n<\/ul>\n<h3>Dossier de candidature<\/h3>\n<p>&#8211; Soumission en ligne jusqu\u2019au Lundi 13 Mai 2024 \u00e0 12h00<\/p>\n<p>&#8211; Envoi \u00e0 l\u2019adresse email : <a href=\"mailto:atrium.sante-femmes@wordpress-test.app.u-pariscite.fr\">atrium.sante-femmes@wordpress-test.app.u-pariscite.fr<\/a><\/p>\n<p>&#8211; Doit inclure:<\/p>\n<ol>\n<li>Formulaire de candidature compl\u00e9t\u00e9<\/li>\n<\/ol>\n<p><em>Document-type disponible au lien suivant : <a href=\"https:\/\/wordpress-test.app.u-pariscite.fr\/sante\/wp-content\/uploads\/sites\/19\/2024\/02\/Chaire-Sante-des-femmes-StemCells_application-form_VF.docx\">Chaire Sante des femmes StemCells_application form_VF<\/a><\/em><\/p>\n<ol start=\"2\">\n<li>Lettre d\u2019engagement de l\u2019\u00e9quipe de recherche d\u2019accueil pressentie (affili\u00e9e \u00e0 l\u2019Institut Sant\u00e9 des femmes \u2013 Universit\u00e9 Paris Cit\u00e9) qui d\u00e9crit les modalit\u00e9s d\u2019int\u00e9gration de la personne qui candidate \u00e0 la chaire et la valeur ajout\u00e9e du projet pour l\u2019Institut et l\u2019universit\u00e9.<\/li>\n<\/ol>\n<p>&#8211; Un mail de confirmation de r\u00e9ception du dossier est renvoy\u00e9 \u00e0 chaque candidat.e dans les 72 heures apr\u00e8s la soumission.<\/p>\n<p>Pour toute information, contacter : <a href=\"mailto:atrium.sante-femmes@wordpress-test.app.u-pariscite.fr\">atrium.sante-femmes@wordpress-test.app.u-pariscite.fr<\/a><\/p>\n<p><a href=\"#_ednref1\" name=\"_edn1\">[i]<\/a> <a href=\"https:\/\/wordpress-test.app.u-pariscite.fr\/sante\/wp-content\/uploads\/sites\/19\/2024\/04\/Liste-unit\u00e9s-de-recherche-Atrium-Sant\u00e9-des-Femmes-au-20-mars-2024-affichage.pdf\">Liste unit\u00e9s de recherche Institut Sant\u00e9 des Femmes au 20 mars 2024<\/a><\/p>\n<p><a href=\"https:\/\/wordpress-test.app.u-pariscite.fr\/sante\/wp-content\/uploads\/sites\/19\/2024\/03\/AAC_Chaire2024-stemcells_FR-VF.pdf\">AAC_Chaire2024-stemcells_FR-VF<\/a><\/p>\n<p>\u00a0<\/p>\n<p><strong>Responsables scientifiques de l\u2019Institut Sant\u00e9 des Femmes<\/strong>: Pr. Vassilis Tsatsaris et Dr. Catherine Deneux-Tharaux<\/p>\n<p>[\/et_pb_text][\/et_pb_column][et_pb_column type=\u00a0\u00bb1_4&Prime;][et_pb_button admin_label=\u00a0\u00bbbouton &#8211; lire la suite\u00a0\u00bb button_url=\u00a0\u00bbhttps:\/\/wordpress-test.app.u-pariscite.fr\/sante\/junior-research-chair-in-stem-cells-in-reproduction-for-the-womens-health-institute\/\u00a0\u00bb button_text=\u00a0\u00bbEnglish version\u00a0\u00bb button_alignment=\u00a0\u00bbleft\u00a0\u00bb _builder_version=\u00a0\u00bb3.22.1&Prime; custom_button=\u00a0\u00bbon\u00a0\u00bb button_text_color=\u00a0\u00bb#ffffff\u00a0\u00bb button_bg_color=\u00a0\u00bb#8a1538&Prime; button_border_width=\u00a0\u00bb2&Prime; button_border_color=\u00a0\u00bb#8a1538&Prime; button_border_radius=\u00a0\u00bb26&Prime; button_icon=\u00a0\u00bb%%20%%\u00a0\u00bb button_icon_color=\u00a0\u00bb#ffffff\u00a0\u00bb button_on_hover=\u00a0\u00bboff\u00a0\u00bb background_layout=\u00a0\u00bbdark\u00a0\u00bb z_index_tablet=\u00a0\u00bb500&Prime; custom_css_after=\u00a0\u00bbmargin-left: 0!important;\u00a0\u00bb saved_tabs=\u00a0\u00bball\u00a0\u00bb background_layout__hover_enabled=\u00a0\u00bbon\u00a0\u00bb background_layout__hover=\u00a0\u00bblight\u00a0\u00bb button_bg_color__hover_enabled=\u00a0\u00bbon\u00a0\u00bb button_bg_color__hover=\u00a0\u00bb#ffffff\u00a0\u00bb button_icon_color__hover_enabled=\u00a0\u00bbon\u00a0\u00bb button_icon_color__hover=\u00a0\u00bb#8A1538&Prime; button_text_color__hover_enabled=\u00a0\u00bbon\u00a0\u00bb button_text_color__hover=\u00a0\u00bb#8A1538&Prime; custom_css_after__hover_enabled=\u00a0\u00bbon\u00a0\u00bb custom_css_after__hover=\u00a0\u00bbmargin-left: 0!important;\u00a0\u00bb]<\/p>\n<p>[\/et_pb_button][et_pb_image _builder_version=\u00a0\u00bb3.22.1&Prime; src=\u00a0\u00bbhttps:\/\/wordpress-test.app.u-pariscite.fr\/sante\/wp-content\/uploads\/sites\/19\/2024\/03\/logo-France-2030.png\u00a0\u00bb z_index_tablet=\u00a0\u00bb500&Prime; \/][\/et_pb_column][\/et_pb_row][\/et_pb_section][et_pb_section bb_built=\u00a0\u00bb1&Prime; _builder_version=\u00a0\u00bb3.22&Prime; custom_padding=\u00a0\u00bb0px||0px|\u00a0\u00bb prev_background_color=\u00a0\u00bb#000000&Prime;][et_pb_row _builder_version=\u00a0\u00bb3.22&Prime;][et_pb_column type=\u00a0\u00bb4_4&Prime;][et_pb_text admin_label=\u00a0\u00bb\u00c0 lire aussi\u00a0\u00bb _builder_version=\u00a0\u00bb3.21&Prime;]<\/p>\n<h2><span class=\"st\">\u00c0<\/span> lire aussi<\/h2>\n<p>[\/et_pb_text][et_pb_blog posts_number=\u00a0\u00bb4&Prime; include_categories=\u00a0\u00bb13&Prime; show_author=\u00a0\u00bboff\u00a0\u00bb show_date=\u00a0\u00bboff\u00a0\u00bb show_pagination=\u00a0\u00bboff\u00a0\u00bb module_id=\u00a0\u00bbpage_type_blog\u00a0\u00bb _builder_version=\u00a0\u00bb3.21&Prime; header_level=\u00a0\u00bbh4&Prime; border_width_bottom_fullwidth=\u00a0\u00bb1px\u00a0\u00bb border_color_bottom_fullwidth=\u00a0\u00bbrgba(51,51,51,0.18)\u00a0\u00bb custom_padding=\u00a0\u00bb||50px|\u00a0\u00bb]<\/p>\n<p>[\/et_pb_blog][\/et_pb_column][\/et_pb_row][\/et_pb_section]<\/p>\n","protected":false},"excerpt":{"rendered":"<p>Objectifs g\u00e9n\u00e9rauxDans le cadre du programme ExcellenceS, l\u2019Institut Sant\u00e9 des Femmes d\u2019Universit\u00e9 Paris Cit\u00e9 lance cet appel \u00e0 candidatures afin de :Permettre \u00e0 de jeunes chercheur.e.s de mettre en place et d\u2019animer un groupe, au sein d&rsquo;une \u00e9quipe de recherche en France affili\u00e9e \u00e0 l\u2019Institut Sant\u00e9 des Femmes \u2013 Universit\u00e9 Paris Cit\u00e9. Les groupes ainsi&hellip; <a class=\"continue\" href=\"https:\/\/wordpress-test.app.u-pariscite.fr\/sante\/chaire-de-recherche-junior-de-linstitut-sante-des-femmes-cellules-souches-en-reproduction\/\">Lire la suite<span> Chaire de recherche Junior de l\u2019Institut Sant\u00e9 des Femmes \u00ab Cellules souches en reproduction \u00bb<\/span><\/a><\/p>\n","protected":false},"author":113,"featured_media":0,"parent":0,"menu_order":0,"comment_status":"closed","ping_status":"closed","template":"","meta":{"_et_pb_use_builder":"on","_et_pb_old_content":"","_et_gb_content_width":"","footnotes":""},"class_list":["post-11276","page","type-page","status-publish","hentry"],"_links":{"self":[{"href":"https:\/\/wordpress-test.app.u-pariscite.fr\/sante\/wp-json\/wp\/v2\/pages\/11276","targetHints":{"allow":["GET"]}}],"collection":[{"href":"https:\/\/wordpress-test.app.u-pariscite.fr\/sante\/wp-json\/wp\/v2\/pages"}],"about":[{"href":"https:\/\/wordpress-test.app.u-pariscite.fr\/sante\/wp-json\/wp\/v2\/types\/page"}],"author":[{"embeddable":true,"href":"https:\/\/wordpress-test.app.u-pariscite.fr\/sante\/wp-json\/wp\/v2\/users\/113"}],"replies":[{"embeddable":true,"href":"https:\/\/wordpress-test.app.u-pariscite.fr\/sante\/wp-json\/wp\/v2\/comments?post=11276"}],"version-history":[{"count":11,"href":"https:\/\/wordpress-test.app.u-pariscite.fr\/sante\/wp-json\/wp\/v2\/pages\/11276\/revisions"}],"predecessor-version":[{"id":11350,"href":"https:\/\/wordpress-test.app.u-pariscite.fr\/sante\/wp-json\/wp\/v2\/pages\/11276\/revisions\/11350"}],"wp:attachment":[{"href":"https:\/\/wordpress-test.app.u-pariscite.fr\/sante\/wp-json\/wp\/v2\/media?parent=11276"}],"curies":[{"name":"wp","href":"https:\/\/api.w.org\/{rel}","templated":true}]}}