{"id":1536,"date":"2023-08-29T15:10:04","date_gmt":"2023-08-29T13:10:04","guid":{"rendered":"https:\/\/wordpress-test.app.u-pariscite.fr\/pcpp\/?page_id=1536"},"modified":"2023-10-23T14:17:30","modified_gmt":"2023-10-23T12:17:30","slug":"ethique-et-integrite-scientifique","status":"publish","type":"page","link":"https:\/\/wordpress-test.app.u-pariscite.fr\/pcpp\/ethique-et-integrite-scientifique\/","title":{"rendered":"Ethique et Int\u00e9grit\u00e9 Scientifique"},"content":{"rendered":"<p>[et_pb_section bb_built=\u00a0\u00bb1&Prime; inner_width=\u00a0\u00bbauto\u00a0\u00bb inner_max_width=\u00a0\u00bbnone\u00a0\u00bb _builder_version=\u00a0\u00bb3.22.1&Prime;][et_pb_row][et_pb_column type=\u00a0\u00bb4_4&Prime;][et_pb_text admin_label=\u00a0\u00bbIntro\u00a0\u00bb _builder_version=\u00a0\u00bb3.22.1&Prime; module_id=\u00a0\u00bbintro\u00a0\u00bb text_text_shadow_horizontal_length=\u00a0\u00bbtext_text_shadow_style,%91object Object%93&Prime; text_text_shadow_vertical_length=\u00a0\u00bbtext_text_shadow_style,%91object Object%93&Prime; text_text_shadow_blur_strength=\u00a0\u00bbtext_text_shadow_style,%91object Object%93&Prime; link_text_shadow_horizontal_length=\u00a0\u00bblink_text_shadow_style,%91object Object%93&Prime; link_text_shadow_vertical_length=\u00a0\u00bblink_text_shadow_style,%91object Object%93&Prime; link_text_shadow_blur_strength=\u00a0\u00bblink_text_shadow_style,%91object Object%93&Prime; ul_text_shadow_horizontal_length=\u00a0\u00bbul_text_shadow_style,%91object Object%93&Prime; ul_text_shadow_vertical_length=\u00a0\u00bbul_text_shadow_style,%91object Object%93&Prime; ul_text_shadow_blur_strength=\u00a0\u00bbul_text_shadow_style,%91object Object%93&Prime; ol_text_shadow_horizontal_length=\u00a0\u00bbol_text_shadow_style,%91object Object%93&Prime; ol_text_shadow_vertical_length=\u00a0\u00bbol_text_shadow_style,%91object Object%93&Prime; ol_text_shadow_blur_strength=\u00a0\u00bbol_text_shadow_style,%91object Object%93&Prime; quote_text_shadow_horizontal_length=\u00a0\u00bbquote_text_shadow_style,%91object Object%93&Prime; quote_text_shadow_vertical_length=\u00a0\u00bbquote_text_shadow_style,%91object Object%93&Prime; quote_text_shadow_blur_strength=\u00a0\u00bbquote_text_shadow_style,%91object Object%93&Prime; header_text_shadow_horizontal_length=\u00a0\u00bbheader_text_shadow_style,%91object Object%93&Prime; header_text_shadow_vertical_length=\u00a0\u00bbheader_text_shadow_style,%91object Object%93&Prime; header_text_shadow_blur_strength=\u00a0\u00bbheader_text_shadow_style,%91object Object%93&Prime; header_2_text_shadow_horizontal_length=\u00a0\u00bbheader_2_text_shadow_style,%91object Object%93&Prime; header_2_text_shadow_vertical_length=\u00a0\u00bbheader_2_text_shadow_style,%91object Object%93&Prime; header_2_text_shadow_blur_strength=\u00a0\u00bbheader_2_text_shadow_style,%91object Object%93&Prime; header_3_text_shadow_horizontal_length=\u00a0\u00bbheader_3_text_shadow_style,%91object Object%93&Prime; header_3_text_shadow_vertical_length=\u00a0\u00bbheader_3_text_shadow_style,%91object Object%93&Prime; header_3_text_shadow_blur_strength=\u00a0\u00bbheader_3_text_shadow_style,%91object Object%93&Prime; header_4_text_shadow_horizontal_length=\u00a0\u00bbheader_4_text_shadow_style,%91object Object%93&Prime; header_4_text_shadow_vertical_length=\u00a0\u00bbheader_4_text_shadow_style,%91object Object%93&Prime; header_4_text_shadow_blur_strength=\u00a0\u00bbheader_4_text_shadow_style,%91object Object%93&Prime; header_5_text_shadow_horizontal_length=\u00a0\u00bbheader_5_text_shadow_style,%91object Object%93&Prime; header_5_text_shadow_vertical_length=\u00a0\u00bbheader_5_text_shadow_style,%91object Object%93&Prime; header_5_text_shadow_blur_strength=\u00a0\u00bbheader_5_text_shadow_style,%91object Object%93&Prime; header_6_text_shadow_horizontal_length=\u00a0\u00bbheader_6_text_shadow_style,%91object Object%93&Prime; header_6_text_shadow_vertical_length=\u00a0\u00bbheader_6_text_shadow_style,%91object Object%93&Prime; header_6_text_shadow_blur_strength=\u00a0\u00bbheader_6_text_shadow_style,%91object Object%93&Prime; z_index_tablet=\u00a0\u00bb500&Prime;]<\/p>\n<div class=\"page\" title=\"Page 1\">\n<div class=\"layoutArea\">\n<div class=\"column\">\n<h1 class=\"entry-title\">\u00c9thique, d\u00e9ontologie et int\u00e9grit\u00e9 scientifique<\/h1>\n<\/div>\n<\/div>\n<\/div>\n<p>[\/et_pb_text][et_pb_text _builder_version=\u00a0\u00bb3.22.1&Prime; module_id=\u00a0\u00bbcontenu\u00a0\u00bb text_text_shadow_horizontal_length=\u00a0\u00bbtext_text_shadow_style,%91object Object%93&Prime; text_text_shadow_vertical_length=\u00a0\u00bbtext_text_shadow_style,%91object Object%93&Prime; text_text_shadow_blur_strength=\u00a0\u00bbtext_text_shadow_style,%91object Object%93&Prime; link_text_shadow_horizontal_length=\u00a0\u00bblink_text_shadow_style,%91object Object%93&Prime; link_text_shadow_vertical_length=\u00a0\u00bblink_text_shadow_style,%91object Object%93&Prime; link_text_shadow_blur_strength=\u00a0\u00bblink_text_shadow_style,%91object Object%93&Prime; ul_text_shadow_horizontal_length=\u00a0\u00bbul_text_shadow_style,%91object Object%93&Prime; ul_text_shadow_vertical_length=\u00a0\u00bbul_text_shadow_style,%91object Object%93&Prime; ul_text_shadow_blur_strength=\u00a0\u00bbul_text_shadow_style,%91object Object%93&Prime; ol_text_shadow_horizontal_length=\u00a0\u00bbol_text_shadow_style,%91object Object%93&Prime; ol_text_shadow_vertical_length=\u00a0\u00bbol_text_shadow_style,%91object Object%93&Prime; ol_text_shadow_blur_strength=\u00a0\u00bbol_text_shadow_style,%91object Object%93&Prime; quote_text_shadow_horizontal_length=\u00a0\u00bbquote_text_shadow_style,%91object Object%93&Prime; quote_text_shadow_vertical_length=\u00a0\u00bbquote_text_shadow_style,%91object Object%93&Prime; quote_text_shadow_blur_strength=\u00a0\u00bbquote_text_shadow_style,%91object Object%93&Prime; header_text_shadow_horizontal_length=\u00a0\u00bbheader_text_shadow_style,%91object Object%93&Prime; header_text_shadow_vertical_length=\u00a0\u00bbheader_text_shadow_style,%91object Object%93&Prime; header_text_shadow_blur_strength=\u00a0\u00bbheader_text_shadow_style,%91object Object%93&Prime; header_2_text_shadow_horizontal_length=\u00a0\u00bbheader_2_text_shadow_style,%91object Object%93&Prime; header_2_text_shadow_vertical_length=\u00a0\u00bbheader_2_text_shadow_style,%91object Object%93&Prime; header_2_text_shadow_blur_strength=\u00a0\u00bbheader_2_text_shadow_style,%91object Object%93&Prime; header_3_text_shadow_horizontal_length=\u00a0\u00bbheader_3_text_shadow_style,%91object Object%93&Prime; header_3_text_shadow_vertical_length=\u00a0\u00bbheader_3_text_shadow_style,%91object Object%93&Prime; header_3_text_shadow_blur_strength=\u00a0\u00bbheader_3_text_shadow_style,%91object Object%93&Prime; header_4_text_shadow_horizontal_length=\u00a0\u00bbheader_4_text_shadow_style,%91object Object%93&Prime; header_4_text_shadow_vertical_length=\u00a0\u00bbheader_4_text_shadow_style,%91object Object%93&Prime; header_4_text_shadow_blur_strength=\u00a0\u00bbheader_4_text_shadow_style,%91object Object%93&Prime; header_5_text_shadow_horizontal_length=\u00a0\u00bbheader_5_text_shadow_style,%91object Object%93&Prime; header_5_text_shadow_vertical_length=\u00a0\u00bbheader_5_text_shadow_style,%91object Object%93&Prime; header_5_text_shadow_blur_strength=\u00a0\u00bbheader_5_text_shadow_style,%91object Object%93&Prime; header_6_text_shadow_horizontal_length=\u00a0\u00bbheader_6_text_shadow_style,%91object Object%93&Prime; header_6_text_shadow_vertical_length=\u00a0\u00bbheader_6_text_shadow_style,%91object Object%93&Prime; header_6_text_shadow_blur_strength=\u00a0\u00bbheader_6_text_shadow_style,%91object Object%93&Prime; z_index_tablet=\u00a0\u00bb500&Prime;]<\/p>\n<div class=\"et_pb_row et_pb_row_10 et_pb_row_3-4_1-4\">\n<div class=\"et_pb_column et_pb_column_3_4 et_pb_column_16 et_pb_css_mix_blend_mode_passthrough\">\n<div class=\"et_pb_module et_pb_text et_pb_text_11 et_pb_bg_layout_light et_pb_text_align_left\">\n<div class=\"et_pb_text_inner\">\n<h3>Le comit\u00e9 d\u2019\u00e9thique de la recherche (CER)<\/h3>\n<\/div>\n<\/div>\n<\/div>\n<\/div>\n<div class=\"et_pb_row et_pb_row_11 et_pb_row_3-4_1-4\">\n<div class=\"et_pb_column et_pb_column_3_4 et_pb_column_18 et_pb_css_mix_blend_mode_passthrough\">\n<div class=\"et_pb_module et_pb_text et_pb_text_12 et_pb_bg_layout_light et_pb_text_align_left\">\n<div class=\"et_pb_text_inner\">\n<p>Des chercheurs et chercheuses de toutes disciplines ont entrepris la cr\u00e9ation de CER en 2010 suite au besoin d\u2019un encadrement \u00e9thique de leurs recherches qui faciliterait, entre autres, la publication de leurs travaux ou diverses demandes de fonds.<br \/>C\u2019est dans ce contexte qu\u2019a \u00e9t\u00e9 cr\u00e9\u00e9 un CER \u00e0 Universit\u00e9 Paris Cit\u00e9.<br \/>Le CER fournit aux chercheurs et enseignants-chercheurs un avis \u00e9thique consultatif sur leur recherche.<br \/>Il veille au respect des principes fondamentaux de l\u2019\u00e9thique de la recherche (validit\u00e9 scientifique, \u00e9valuation des risques pour les participants au regard de leur vuln\u00e9rabilit\u00e9 \u00e9ventuelle et des b\u00e9n\u00e9fices pour la soci\u00e9t\u00e9 ou le participant, respect des droits fondamentaux, information claire et adapt\u00e9e aux participants, recueil d\u2019un consentement \u00e9clair\u00e9, etc.)<br \/>Il fournit des recommandations aux chercheurs et enseignants-chercheurs.<br \/>Il forme et \u00e9duque les \u00e9tudiants, chercheurs et enseignants-chercheurs \u00e0 l\u2019\u00e9thique de la recherche.<\/p>\n<\/div>\n<h5><strong>Contact : <a href=\"mailto:comite.ethique.recherche@wordpress-test.app.u-pariscite.fr\">comite.ethique.recherche@wordpress-test.app.u-pariscite.fr<\/a><\/strong><\/h5>\n<h5><strong>&gt; <a href=\"https:\/\/wordpress-test.app.u-pariscite.fr\/wp-content\/uploads\/2023\/05\/Formulaire-de-soumission-CER-U-Paris-Cit\u00e9_Mai-2023.docx\">T\u00e9l\u00e9chargez le formulaire de soumission CER<\/a>.<\/strong><\/h5>\n<h5><strong>&gt;<a href=\"https:\/\/wordpress-test.app.u-pariscite.fr\/wp-content\/uploads\/2023\/03\/liste-des-membres_CER-U-Paris_mars-2023.pdf\"> D\u00e9couvrez la composition du Comit\u00e9 d\u2019Ethique et de Recherche Universit\u00e9 Paris Cit\u00e9.<\/a><\/strong><\/h5>\n<\/div>\n<\/div>\n<\/div>\n<p>\u00a0<\/p>\n<div class=\"et_pb_row et_pb_row_6\">\n<div class=\"et_pb_column et_pb_column_4_4 et_pb_column_9 et_pb_css_mix_blend_mode_passthrough et-last-child\">\n<div id=\"contenu\" class=\"et_pb_module et_pb_text et_pb_text_5 et_pb_bg_layout_light et_pb_text_align_left\">\n<div class=\"et_pb_text_inner\">\n<h3>Le comit\u00e9 d\u2019\u00e9thique, de d\u00e9ontologie et d\u2019int\u00e9grit\u00e9 scientifique (CEDIS)<\/h3>\n<\/div>\n<\/div>\n<\/div>\n<\/div>\n<div class=\"et_pb_row et_pb_row_7 et_pb_row_3-4_1-4\">\n<div class=\"et_pb_column et_pb_column_3_4 et_pb_column_10 et_pb_css_mix_blend_mode_passthrough\">\n<div id=\"contenu\" class=\"et_pb_module et_pb_text et_pb_text_6 et_pb_bg_layout_light et_pb_text_align_left\">\n<div class=\"et_pb_text_inner\">\n<p>Le CEDIS est une instance statutaire de conseil et d\u2019expertise dans les domaines de l\u2019\u00e9thique, de la d\u00e9ontologie et de l\u2019int\u00e9grit\u00e9 scientifique (article 14 des statuts de l\u2019universit\u00e9).<br \/>Plac\u00e9 aupr\u00e8s de la pr\u00e9sidence de l\u2019universit\u00e9, celui-ci est compos\u00e9 de 8 personnalit\u00e9s ext\u00e9rieures \u00e0 l\u2019\u00e9tablissement, reconnues pour leurs comp\u00e9tences dans ces domaines, nomm\u00e9es sur proposition du s\u00e9nat acad\u00e9mique.<br \/>Le CEDIS propose la charte d\u2019\u00e9thique, de d\u00e9ontologie et d\u2019int\u00e9grit\u00e9 scientifique de l\u2019\u00e9tablissement, adopt\u00e9e par le s\u00e9nat acad\u00e9mique.<br \/>Il \u00e9met un avis sur tout r\u00e8glement interne abordant ces questions, ainsi que sur les mesures prises en vue du respect de la charte. Il est attributaire des d\u00e9clarations d\u2019int\u00e9r\u00eats.<br \/>Il favorise \u00e9galement l\u2019application des principes \u00e9thiques, d\u00e9ontologiques et d\u2019int\u00e9grit\u00e9 scientifique par la communaut\u00e9 universitaire et remet un rapport annuel au conseil d\u2019administration et au s\u00e9nat.<\/p>\n<\/div>\n<h5><strong>Contact<br \/><a href=\"mailto:cedis@wordpress-test.app.u-pariscite.fr\">cedis@wordpress-test.app.u-pariscite.fr<\/a><\/strong><\/h5>\n<h5><strong>&gt; <a href=\"https:\/\/wordpress-test.app.u-pariscite.fr\/wp-content\/uploads\/2021\/03\/R%C3%A8glement-int%C3%A9rieur-CEDIS.pdf\">T\u00e9l\u00e9charger le r\u00e8glement int\u00e9rieur du<br \/>CEDIS<\/a><\/strong><\/h5>\n<\/div>\n<div class=\"et_pb_row et_pb_row_8 et_pb_row_3-4_1-4\">\n<div class=\"et_pb_column et_pb_column_3_4 et_pb_column_12 et_pb_css_mix_blend_mode_passthrough\">\n<div class=\"et_pb_module et_pb_text et_pb_text_8 et_pb_bg_layout_light et_pb_text_align_left\">\n<div class=\"et_pb_text_inner\">\n<h3>\u00a0<\/h3>\n<h3>Comit\u00e9 d\u2019int\u00e9grit\u00e9 scientifique<\/h3>\n<\/div>\n<\/div>\n<\/div>\n<div class=\"et_pb_column et_pb_column_1_4 et_pb_column_13 et_pb_css_mix_blend_mode_passthrough et_pb_column_empty\">\u00a0<\/div>\n<\/div>\n<div class=\"et_pb_row et_pb_row_9 et_pb_row_3-4_1-4\">\n<div class=\"et_pb_column et_pb_column_3_4 et_pb_column_14 et_pb_css_mix_blend_mode_passthrough\">\n<div class=\"et_pb_module et_pb_text et_pb_text_9 et_pb_bg_layout_light et_pb_text_align_left\">\n<div class=\"et_pb_text_inner\">\n<p>Universit\u00e9 Paris Cit\u00e9 a mis en place un comit\u00e9 d\u2019int\u00e9grit\u00e9 scientifique compos\u00e9 de deux r\u00e9f\u00e9rents et\/ou r\u00e9f\u00e9rentes nomm\u00e9s par chaque facult\u00e9 et l\u2019IPGP. Il fonctionne sous l\u2019autorit\u00e9 d\u2019un r\u00e9f\u00e9rent int\u00e9grit\u00e9 scientifique coordonnateur.<\/p>\n<p>Le comit\u00e9 s\u2019assure de la bonne mise en \u0153uvre de la politique g\u00e9n\u00e9rale d\u2019int\u00e9grit\u00e9 scientifique de l\u2019\u00e9tablissement\u202fainsi que de la mise en place de dispositifs, proc\u00e9dures de pr\u00e9vention et de traitement des manquements \u00e0 l\u2019int\u00e9grit\u00e9 scientifique.<\/p>\n<\/div>\n<h5><strong>Contact : <a href=\"mailto:ris@wordpress-test.app.u-pariscite.fr\">ris@wordpress-test.app.u-pariscite.fr<\/a><\/strong><\/h5>\n<h5><strong>&gt; <a href=\"https:\/\/wordpress-test.app.u-pariscite.fr\/wp-content\/uploads\/2023\/02\/OO5_Lettre-de-mission-RIS.pdf\">T\u00e9l\u00e9charger la lettre de mission des r\u00e9f\u00e9rentes et r\u00e9f\u00e9rents int\u00e9grit\u00e9 scientifique<\/a><\/strong><\/h5>\n<h5><strong>&gt; <a href=\"https:\/\/www.ofis-france.fr\/\" target=\"_blank\" rel=\"noopener noreferrer\">Ressources documentaires (OFIS)<\/a><\/strong><\/h5>\n<\/div>\n<\/div>\n<div class=\"et_pb_row et_pb_row_4\">\n<div class=\"et_pb_column et_pb_column_4_4 et_pb_column_6 et_pb_css_mix_blend_mode_passthrough et-last-child\">\n<div id=\"contenu\" class=\"et_pb_module et_pb_text et_pb_text_2 et_pb_bg_layout_light et_pb_text_align_left\">\n<div class=\"et_pb_text_inner\">\n<h3>\u00a0<\/h3>\n<h3>La Charte de d\u00e9ontologie, d\u2019int\u00e9grit\u00e9 scientifique et d\u2019\u00e9thique<\/h3>\n<\/div>\n<\/div>\n<\/div>\n<\/div>\n<div class=\"et_pb_row et_pb_row_5 et_pb_row_3-4_1-4\">\n<div class=\"et_pb_column et_pb_column_3_4 et_pb_column_7 et_pb_css_mix_blend_mode_passthrough\">\n<div id=\"contenu\" class=\"et_pb_module et_pb_text et_pb_text_3 et_pb_bg_layout_light et_pb_text_align_left\">\n<div class=\"et_pb_text_inner\">\n<p>Universit\u00e9 Paris Cit\u00e9 d\u00e9fend les principes pos\u00e9s dans sa charte de d\u00e9ontologie, d\u2019int\u00e9grit\u00e9 scientifique et d\u2019\u00e9thique<\/p>\n<h5><strong>&gt; <\/strong><strong><a href=\"https:\/\/wordpress-test.app.u-pariscite.fr\/wp-content\/uploads\/2022\/12\/Charte-EDIS-approuvee-senat-juin-2022.pdf\">T\u00e9l\u00e9charger la charte<\/a><\/strong><\/h5>\n<\/div>\n<\/div>\n<\/div>\n<\/div>\n<p>\u00a0<\/p>\n<div class=\"et_pb_column et_pb_column_3_4 et_pb_column_14 et_pb_css_mix_blend_mode_passthrough\">\n<div class=\"et_pb_module et_pb_toggle et_pb_toggle_1 et_pb_toggle_item et_pb_toggle_open\">\n<h3>\u00a0<\/h3>\n<h3><span class=\"ctn-gen-mise-avant-titre\">Le RGPD<\/span><\/h3>\n<div class=\"ctn-gen-mise-avant-texte\">\n<p>Pour chaque traitement de donn\u00e9es mis en \u0153uvre, Universit\u00e9 Paris Cit\u00e9 s\u2019efforce de limiter la collecte des donn\u00e9es personnelles au strict n\u00e9cessaire (minimisation des donn\u00e9es) et \u00e0 d\u00e9livrer aux personnes concern\u00e9es par le traitement de leurs donn\u00e9es, une information sur :<\/p>\n<ul>\n<li>le responsable du traitement et les objectifs du recueil de ces donn\u00e9es (finalit\u00e9s) ;<\/li>\n<li>la base juridique du traitement de donn\u00e9es\u00a0;<\/li>\n<li>le caract\u00e8re obligatoire ou facultatif du recueil des donn\u00e9es pour la gestion de votre demande et le rappel des cat\u00e9gories de donn\u00e9es trait\u00e9es ;<\/li>\n<li>la source des donn\u00e9es\u00a0(lorsque d\u2019autres donn\u00e9es que celles fournies via le service en ligne sont utilis\u00e9es pour le traitement de votre demande) ;<\/li>\n<li>les cat\u00e9gories de personnes concern\u00e9es\u00a0;<\/li>\n<li>les destinataires des donn\u00e9es (uniquement les services de l\u2019universit\u00e9 en principe, sauf pr\u00e9cision lorsqu\u2019une transmission \u00e0 un tiers est n\u00e9cessaire) ;<\/li>\n<li>la dur\u00e9e de conservation des donn\u00e9es\u00a0;<\/li>\n<li>les mesures de s\u00e9curit\u00e9 (description g\u00e9n\u00e9rale)\u00a0;<\/li>\n<li>l\u2019existence \u00e9ventuelle de transferts de donn\u00e9es hors de l\u2019Union europ\u00e9enne ou de prises de d\u00e9cision automatis\u00e9es\u00a0;<\/li>\n<li><a href=\"https:\/\/www.cnil.fr\/fr\/comprendre-vos-droits\">vos droits Informatique et Libert\u00e9s<\/a> et la fa\u00e7on de les exercer aupr\u00e8s de la CNIL.<\/li>\n<\/ul>\n<p>\u00a0<\/p>\n<p><strong>Exercer vos droits<\/strong><\/p>\n<p>Vous pouvez acc\u00e9der et obtenir copie des donn\u00e9es vous concernant, vous opposer au traitement de ces donn\u00e9es, les faire rectifier ou les faire effacer. Vous disposez \u00e9galement d\u2019un droit \u00e0 la limitation du traitement de vos donn\u00e9es (<a href=\"https:\/\/www.cnil.fr\/fr\/comprendre-vos-droits\">Comprendre vos droits<\/a>).<\/p>\n<p>Pour exercer ces droits ou pour toute question sur le traitement de vos donn\u00e9es, vous pouvez contacter la d\u00e9l\u00e9gu\u00e9e \u00e0 la protection des donn\u00e9es (DPD) de l\u2019universit\u00e9 par courrier (avec copie de votre pi\u00e8ce d\u2019identit\u00e9 en cas d\u2019exercice de vos droits, sauf si les \u00e9l\u00e9ments communiqu\u00e9s dans votre demande permettent de vous identifier de fa\u00e7on certaine) : <br \/>Par mail via <a href=\"https:\/\/wordpress-test.app.u-pariscite.fr\/contactez-le-delegue-a-la-protection-des-donnees-dpd-dpo\/\">ce formulaire<\/a><br \/>Ou par courrier postal \u00e0 :<br \/>Universit\u00e9 Paris Cit\u00e9<br \/>A l\u2019attention de la d\u00e9l\u00e9gu\u00e9e \u00e0 la protection des donn\u00e9es<br \/>85 boulevard Saint-Germain<br \/>75006 PARIS<\/p>\n<p>Si vous estimez, apr\u00e8s nous avoir contact\u00e9s, que vos droits \u00ab Informatique et Libert\u00e9s \u00bb ne sont pas respect\u00e9s, vous pouvez adresser une r\u00e9clamation \u00e0 la CNIL.<\/p>\n<\/div>\n<\/div>\n<p>Si vous \u00eates amen\u00e9s \u00e0 traiter des donn\u00e9es personnelles dans le cadre de votre recherche, vous devez respecter la r\u00e9glementation sur la protection des donn\u00e9es personnelles. Afin de respecter les droits et libert\u00e9s des participants \u00e0 la recherche dont les donn\u00e9es personnelles sont trait\u00e9es, certaines r\u00e8gles li\u00e9es \u00e0 la transparence sur les modalit\u00e9s de traitement des donn\u00e9es et la s\u00e9curit\u00e9 de celles-ci doivent \u00eatre obligatoirement mises en \u0153uvre. En outre, vous devez accomplir certaines formalit\u00e9s aupr\u00e8s du d\u00e9l\u00e9gu\u00e9 \u00e0 la protection des donn\u00e9es (DPD\/DPO) de votre \u00e9tablissement. Pour cela une formation est propos\u00e9e par l&rsquo;UPC sur les r\u00e8gles et bonnes pratiques pour une recherche conforme au RGPD : <a href=\"https:\/\/wordpress-test.app.u-pariscite.fr\/doctorat\/regles-et-bonnes-pratiques-pour-une-recherche-conforme-au-rgpd-2\/\">https:\/\/wordpress-test.app.u-pariscite.fr\/doctorat\/regles-et-bonnes-pratiques-pour-une-recherche-conforme-au-rgpd-2\/\u00a0<\/a><\/p>\n<\/div>\n<\/div>\n<\/div>\n<\/div>\n<p>[\/et_pb_text][\/et_pb_column][\/et_pb_row][\/et_pb_section]<\/p>\n","protected":false},"excerpt":{"rendered":"<div class=\"et_pb_row et_pb_row_0 et_pb_row_empty\"><\/div>\n<p> \u00c9thique, d\u00e9ontologie et int\u00e9grit\u00e9 scientifique Le comit\u00e9 d\u2019\u00e9thique de la recherche (CER)Des chercheurs et chercheuses de toutes disciplines ont entrepris la cr\u00e9ation de CER en 2010 suite au besoin d\u2019un encadrement \u00e9thique de leurs recherches qui faciliterait, entre autres, la publication de leurs travaux ou diverses demandes de fonds.C\u2019est dans ce contexte qu\u2019a \u00e9t\u00e9&hellip; <a class=\"continue\" href=\"https:\/\/wordpress-test.app.u-pariscite.fr\/pcpp\/ethique-et-integrite-scientifique\/\">Lire la suite<span> Ethique et Int\u00e9grit\u00e9 Scientifique<\/span><\/a><\/p>\n","protected":false},"author":4,"featured_media":0,"parent":0,"menu_order":0,"comment_status":"closed","ping_status":"closed","template":"","meta":{"_et_pb_use_builder":"on","_et_pb_old_content":"","_et_gb_content_width":"","footnotes":""},"class_list":["post-1536","page","type-page","status-publish","hentry"],"_links":{"self":[{"href":"https:\/\/wordpress-test.app.u-pariscite.fr\/pcpp\/wp-json\/wp\/v2\/pages\/1536","targetHints":{"allow":["GET"]}}],"collection":[{"href":"https:\/\/wordpress-test.app.u-pariscite.fr\/pcpp\/wp-json\/wp\/v2\/pages"}],"about":[{"href":"https:\/\/wordpress-test.app.u-pariscite.fr\/pcpp\/wp-json\/wp\/v2\/types\/page"}],"author":[{"embeddable":true,"href":"https:\/\/wordpress-test.app.u-pariscite.fr\/pcpp\/wp-json\/wp\/v2\/users\/4"}],"replies":[{"embeddable":true,"href":"https:\/\/wordpress-test.app.u-pariscite.fr\/pcpp\/wp-json\/wp\/v2\/comments?post=1536"}],"version-history":[{"count":9,"href":"https:\/\/wordpress-test.app.u-pariscite.fr\/pcpp\/wp-json\/wp\/v2\/pages\/1536\/revisions"}],"predecessor-version":[{"id":1629,"href":"https:\/\/wordpress-test.app.u-pariscite.fr\/pcpp\/wp-json\/wp\/v2\/pages\/1536\/revisions\/1629"}],"wp:attachment":[{"href":"https:\/\/wordpress-test.app.u-pariscite.fr\/pcpp\/wp-json\/wp\/v2\/media?parent=1536"}],"curies":[{"name":"wp","href":"https:\/\/api.w.org\/{rel}","templated":true}]}}