{"id":104,"date":"2020-11-27T12:52:15","date_gmt":"2020-11-27T11:52:15","guid":{"rendered":"https:\/\/wordpress-test.app.u-pariscite.fr\/odontologie\/?page_id=104"},"modified":"2023-02-23T09:44:04","modified_gmt":"2023-02-23T08:44:04","slug":"sitesetacces","status":"publish","type":"page","link":"https:\/\/wordpress-test.app.u-pariscite.fr\/odontologie\/sitesetacces\/","title":{"rendered":"Sites et acc\u00e8s"},"content":{"rendered":"<p>[et_pb_section bb_built=\u00a0\u00bb1&Prime; _builder_version=\u00a0\u00bb3.22&Prime; next_background_color=\u00a0\u00bb#000000&Prime;][et_pb_row _builder_version=\u00a0\u00bb3.22&Prime; background_size=\u00a0\u00bbinitial\u00a0\u00bb background_position=\u00a0\u00bbtop_left\u00a0\u00bb background_repeat=\u00a0\u00bbrepeat\u00a0\u00bb][et_pb_column type=\u00a0\u00bb4_4&Prime;][et_pb_post_title admin_label=\u00a0\u00bbTitre de la page\u00a0\u00bb meta=\u00a0\u00bboff\u00a0\u00bb featured_image=\u00a0\u00bboff\u00a0\u00bb _builder_version=\u00a0\u00bb3.22.1&Prime;]<\/p>\n<p>[\/et_pb_post_title][\/et_pb_column][\/et_pb_row][et_pb_row module_id=\u00a0\u00bbimage-page-type\u00a0\u00bb _builder_version=\u00a0\u00bb3.22&Prime;][et_pb_column type=\u00a0\u00bb3_4&Prime;][et_pb_image admin_label=\u00a0\u00bbImage 1920 x 1080&Prime; src=\u00a0\u00bbhttps:\/\/wordpress-test.app.u-pariscite.fr\/odontologie\/wp-content\/uploads\/sites\/36\/2022\/03\/Plan_Sites_Odonto_n\u00e9gatif.jpg\u00a0\u00bb module_id=\u00a0\u00bbimage-page\u00a0\u00bb _builder_version=\u00a0\u00bb3.22.1&Prime; z_index_tablet=\u00a0\u00bb500&Prime;]<\/p>\n<p>[\/et_pb_image][\/et_pb_column][et_pb_column type=\u00a0\u00bb1_4&Prime;][et_pb_text admin_label=\u00a0\u00bbL\u00e9gende image\u00a0\u00bb module_id=\u00a0\u00bbtexte-image\u00a0\u00bb _builder_version=\u00a0\u00bb3.22.1&Prime; custom_margin=\u00a0\u00bb|-15px||\u00a0\u00bb z_index_tablet=\u00a0\u00bb500&Prime; text_text_shadow_horizontal_length=\u00a0\u00bbtext_text_shadow_style,%91object Object%93&Prime; text_text_shadow_vertical_length=\u00a0\u00bbtext_text_shadow_style,%91object Object%93&Prime; text_text_shadow_blur_strength=\u00a0\u00bbtext_text_shadow_style,%91object Object%93&Prime; link_text_shadow_horizontal_length=\u00a0\u00bblink_text_shadow_style,%91object Object%93&Prime; link_text_shadow_vertical_length=\u00a0\u00bblink_text_shadow_style,%91object Object%93&Prime; link_text_shadow_blur_strength=\u00a0\u00bblink_text_shadow_style,%91object Object%93&Prime; ul_text_shadow_horizontal_length=\u00a0\u00bbul_text_shadow_style,%91object Object%93&Prime; ul_text_shadow_vertical_length=\u00a0\u00bbul_text_shadow_style,%91object Object%93&Prime; ul_text_shadow_blur_strength=\u00a0\u00bbul_text_shadow_style,%91object Object%93&Prime; ol_text_shadow_horizontal_length=\u00a0\u00bbol_text_shadow_style,%91object Object%93&Prime; ol_text_shadow_vertical_length=\u00a0\u00bbol_text_shadow_style,%91object Object%93&Prime; ol_text_shadow_blur_strength=\u00a0\u00bbol_text_shadow_style,%91object Object%93&Prime; quote_text_shadow_horizontal_length=\u00a0\u00bbquote_text_shadow_style,%91object Object%93&Prime; quote_text_shadow_vertical_length=\u00a0\u00bbquote_text_shadow_style,%91object Object%93&Prime; quote_text_shadow_blur_strength=\u00a0\u00bbquote_text_shadow_style,%91object Object%93&Prime; header_text_shadow_horizontal_length=\u00a0\u00bbheader_text_shadow_style,%91object Object%93&Prime; header_text_shadow_vertical_length=\u00a0\u00bbheader_text_shadow_style,%91object Object%93&Prime; header_text_shadow_blur_strength=\u00a0\u00bbheader_text_shadow_style,%91object Object%93&Prime; header_2_text_shadow_horizontal_length=\u00a0\u00bbheader_2_text_shadow_style,%91object Object%93&Prime; header_2_text_shadow_vertical_length=\u00a0\u00bbheader_2_text_shadow_style,%91object Object%93&Prime; header_2_text_shadow_blur_strength=\u00a0\u00bbheader_2_text_shadow_style,%91object Object%93&Prime; header_3_text_shadow_horizontal_length=\u00a0\u00bbheader_3_text_shadow_style,%91object Object%93&Prime; header_3_text_shadow_vertical_length=\u00a0\u00bbheader_3_text_shadow_style,%91object Object%93&Prime; header_3_text_shadow_blur_strength=\u00a0\u00bbheader_3_text_shadow_style,%91object Object%93&Prime; header_4_text_shadow_horizontal_length=\u00a0\u00bbheader_4_text_shadow_style,%91object Object%93&Prime; header_4_text_shadow_vertical_length=\u00a0\u00bbheader_4_text_shadow_style,%91object Object%93&Prime; header_4_text_shadow_blur_strength=\u00a0\u00bbheader_4_text_shadow_style,%91object Object%93&Prime; header_5_text_shadow_horizontal_length=\u00a0\u00bbheader_5_text_shadow_style,%91object Object%93&Prime; header_5_text_shadow_vertical_length=\u00a0\u00bbheader_5_text_shadow_style,%91object Object%93&Prime; header_5_text_shadow_blur_strength=\u00a0\u00bbheader_5_text_shadow_style,%91object Object%93&Prime; header_6_text_shadow_horizontal_length=\u00a0\u00bbheader_6_text_shadow_style,%91object Object%93&Prime; header_6_text_shadow_vertical_length=\u00a0\u00bbheader_6_text_shadow_style,%91object Object%93&Prime; header_6_text_shadow_blur_strength=\u00a0\u00bbheader_6_text_shadow_style,%91object Object%93&Prime;]<\/p>\n<p><strong>2 sites d&rsquo;enseignement <\/strong>:<br \/>&#8211; Garanci\u00e8re<br \/>&#8211; Montrouge<\/p>\n<p><strong>6 services hospitaliers<\/strong>\u00a0:<br \/>&#8211; H\u00f4pital Bretonneau<br \/>&#8211; H\u00f4pital Charles Foix<br \/>&#8211; H\u00f4pital Louis Mourier<br \/>&#8211; H\u00f4pital Henri Mondor<br \/>&#8211; H\u00f4pital La Piti\u00e9 Salp\u00eatri\u00e8re<br \/>&#8211; H\u00f4pital Rothschild<\/p>\n<p>[\/et_pb_text][\/et_pb_column][\/et_pb_row][et_pb_row _builder_version=\u00a0\u00bb3.22&Prime; background_size=\u00a0\u00bbinitial\u00a0\u00bb background_position=\u00a0\u00bbtop_left\u00a0\u00bb background_repeat=\u00a0\u00bbrepeat\u00a0\u00bb][et_pb_column type=\u00a0\u00bb4_4&Prime;][et_pb_text admin_label=\u00a0\u00bbCopyright\u00a0\u00bb module_id=\u00a0\u00bblegende\u00a0\u00bb _builder_version=\u00a0\u00bb3.22.1&Prime; z_index_tablet=\u00a0\u00bb500&Prime;]<\/p>\n<div class=\"page\" title=\"Page 1\">\n<div class=\"layoutArea\">\n<div class=\"column\">\n<p>\u00a9 Direction de la communication &#8211; Universit\u00e9 Paris Cit\u00e9<\/p>\n<\/div>\n<\/div>\n<\/div>\n<p>[\/et_pb_text][\/et_pb_column][\/et_pb_row][\/et_pb_section][et_pb_section bb_built=\u00a0\u00bb1&Prime; _builder_version=\u00a0\u00bb3.22.1&Prime; custom_margin=\u00a0\u00bb50px||50px||true\u00a0\u00bb prev_background_color=\u00a0\u00bb#000000&Prime; next_background_color=\u00a0\u00bb#000000&Prime;][et_pb_row _builder_version=\u00a0\u00bb3.22.1&Prime; background_size=\u00a0\u00bbinitial\u00a0\u00bb background_position=\u00a0\u00bbtop_left\u00a0\u00bb background_repeat=\u00a0\u00bbrepeat\u00a0\u00bb custom_margin=\u00a0\u00bb1px|auto||auto||\u00a0\u00bb][et_pb_column type=\u00a0\u00bb4_4&Prime;][et_pb_text _builder_version=\u00a0\u00bb3.22.1&Prime; z_index_tablet=\u00a0\u00bb500&Prime;]<\/p>\n<h2>Sites d&rsquo;enseignement<\/h2>\n<p>[\/et_pb_text][\/et_pb_column][\/et_pb_row][et_pb_row _builder_version=\u00a0\u00bb3.22&Prime; background_size=\u00a0\u00bbinitial\u00a0\u00bb background_position=\u00a0\u00bbtop_left\u00a0\u00bb background_repeat=\u00a0\u00bbrepeat\u00a0\u00bb][et_pb_column type=\u00a0\u00bb1_2&Prime;][et_pb_toggle title=\u00a0\u00bbSite de Garanci\u00e8re\u00a0\u00bb _builder_version=\u00a0\u00bb3.22.1&Prime; z_index_tablet=\u00a0\u00bb500&Prime; text_shadow_horizontal_length=\u00a0\u00bbtext_shadow_style,%91object Object%93&Prime; text_shadow_vertical_length=\u00a0\u00bbtext_shadow_style,%91object Object%93&Prime; text_shadow_blur_strength=\u00a0\u00bbtext_shadow_style,%91object Object%93&Prime; title_text_shadow_horizontal_length=\u00a0\u00bbtitle_text_shadow_style,%91object Object%93&Prime; title_text_shadow_vertical_length=\u00a0\u00bbtitle_text_shadow_style,%91object Object%93&Prime; title_text_shadow_blur_strength=\u00a0\u00bbtitle_text_shadow_style,%91object Object%93&Prime; body_text_shadow_horizontal_length=\u00a0\u00bbbody_text_shadow_style,%91object Object%93&Prime; body_text_shadow_vertical_length=\u00a0\u00bbbody_text_shadow_style,%91object Object%93&Prime; body_text_shadow_blur_strength=\u00a0\u00bbbody_text_shadow_style,%91object Object%93&Prime;]<\/p>\n<p>5, rue Garanci\u00e8re &#8211; Paris 6e<br \/><a href=\"https:\/\/www.ratp.fr\/plan-quartier?address=5+Rue+Garanci%C3%A8re+75006+Paris&amp;localisation=&amp;poi=-1&amp;address_latitude_longitude=48.850929260253906_2.3357439041137695&amp;op=Rechercher&amp;form_build_id=form-bQGMs7BWPm64kKCndQ8x6RXQ4Fkjbxi9kslP3wYVuJM&amp;form_id=planquartiersearchform\" target=\"_blank\" rel=\"noopener noreferrer\">RATP<\/a><\/p>\n<p>M\u00e9tro ligne 4, station Od\u00e9on ou Saint Sulpice<br \/>Bus 70 dir. Suresne &#8211; De Gaulle : Arr\u00eat \u00c9glise Saint-Sulpice<br \/>Bus 96 dir. Gare Montparnasse : Arr\u00eat \u00c9glise Saint-Sulpice<br \/>Bus 58 dir. Vanves &#8211; Lyc\u00e9e Michelet : Arr\u00eat S\u00e9nat<\/p>\n<p>T\u00e9l\u00e9phone de l&rsquo;accueil : 01 57 27 87 13<\/p>\n<p>[\/et_pb_toggle][\/et_pb_column][et_pb_column type=\u00a0\u00bb1_2&Prime;][et_pb_toggle title=\u00a0\u00bbSite de Montrouge\u00a0\u00bb _builder_version=\u00a0\u00bb3.22.1&Prime; z_index_tablet=\u00a0\u00bb500&Prime; text_shadow_horizontal_length=\u00a0\u00bbtext_shadow_style,%91object Object%93&Prime; text_shadow_vertical_length=\u00a0\u00bbtext_shadow_style,%91object Object%93&Prime; text_shadow_blur_strength=\u00a0\u00bbtext_shadow_style,%91object Object%93&Prime; title_text_shadow_horizontal_length=\u00a0\u00bbtitle_text_shadow_style,%91object Object%93&Prime; title_text_shadow_vertical_length=\u00a0\u00bbtitle_text_shadow_style,%91object Object%93&Prime; title_text_shadow_blur_strength=\u00a0\u00bbtitle_text_shadow_style,%91object Object%93&Prime; body_text_shadow_horizontal_length=\u00a0\u00bbbody_text_shadow_style,%91object Object%93&Prime; body_text_shadow_vertical_length=\u00a0\u00bbbody_text_shadow_style,%91object Object%93&Prime; body_text_shadow_blur_strength=\u00a0\u00bbbody_text_shadow_style,%91object Object%93&Prime;]<\/p>\n<div class=\"et_pb_text_inner\">\n<p>1 rue Maurice Arnoux &#8211; 92120 Montrouge<br \/><a href=\"http:\/\/www.ratp.fr\/itineraires\/fr\/ratp\/quartier\/plan?address=1%2C+Rue+Maurice+Arnoux%2C+92120%2C+Montrouge\" target=\"_blank\" rel=\"noopener noreferrer\">RATP<\/a><\/p>\n<p>M\u00e9tro ligne 4, station Mairie de Montrouge<br \/>Bus 194 ou 295 dir. V\u00e9lizy\/Clamart : Arr\u00eat D\u00e9pinoy<br \/>Tramway T3\u00a0: Arr\u00eat Jean Moulin<\/p>\n<p>T\u00e9l\u00e9phone de l\u2019accueil : 01 58 07 67 00<\/p>\n<\/div>\n<p>&nbsp;<\/p>\n<div class=\"et_pb_text_inner\">\n<p>&nbsp;<\/p>\n<\/div>\n<p>[\/et_pb_toggle][\/et_pb_column][\/et_pb_row][et_pb_row _builder_version=\u00a0\u00bb3.22&Prime; background_size=\u00a0\u00bbinitial\u00a0\u00bb background_position=\u00a0\u00bbtop_left\u00a0\u00bb background_repeat=\u00a0\u00bbrepeat\u00a0\u00bb][et_pb_column type=\u00a0\u00bb4_4&Prime;][et_pb_text _builder_version=\u00a0\u00bb3.22.1&Prime; z_index_tablet=\u00a0\u00bb500&Prime;]<\/p>\n<h2>Services hospitaliers<\/h2>\n<p>[\/et_pb_text][\/et_pb_column][\/et_pb_row][et_pb_row _builder_version=\u00a0\u00bb3.22&Prime; background_size=\u00a0\u00bbinitial\u00a0\u00bb background_position=\u00a0\u00bbtop_left\u00a0\u00bb background_repeat=\u00a0\u00bbrepeat\u00a0\u00bb][et_pb_column type=\u00a0\u00bb1_3&Prime;][et_pb_toggle title=\u00a0\u00bbH\u00f4pital Louis Mourier\u00a0\u00bb _builder_version=\u00a0\u00bb3.22.1&Prime; z_index_tablet=\u00a0\u00bb500&Prime; text_shadow_horizontal_length=\u00a0\u00bbtext_shadow_style,%91object Object%93&Prime; text_shadow_vertical_length=\u00a0\u00bbtext_shadow_style,%91object Object%93&Prime; text_shadow_blur_strength=\u00a0\u00bbtext_shadow_style,%91object Object%93&Prime; title_text_shadow_horizontal_length=\u00a0\u00bbtitle_text_shadow_style,%91object Object%93&Prime; title_text_shadow_vertical_length=\u00a0\u00bbtitle_text_shadow_style,%91object Object%93&Prime; title_text_shadow_blur_strength=\u00a0\u00bbtitle_text_shadow_style,%91object Object%93&Prime; body_text_shadow_horizontal_length=\u00a0\u00bbbody_text_shadow_style,%91object Object%93&Prime; body_text_shadow_vertical_length=\u00a0\u00bbbody_text_shadow_style,%91object Object%93&Prime; body_text_shadow_blur_strength=\u00a0\u00bbbody_text_shadow_style,%91object Object%93&Prime;]<\/p>\n<p><a href=\"http:\/\/hupnvs.aphp.fr\/medecine-bucco-dentaire-louis-mourier\/\" target=\"_blank\" rel=\"noopener noreferrer\"><strong>H\u00f4pital Louis Mourier \u2013 <span class=\"hospital-group\">AP-HP. Nord \u2013 Universit\u00e9 Paris Cit\u00e9<\/span><\/strong><\/a><\/p>\n<p><span class=\"full-address\">178, rue des Renouillers<br \/>92701 Colombes cedex<\/span><\/p>\n<div class=\"colonne-gauche\"><span class=\"tel\">Tel : 01 47 60 61 62<\/span><\/div>\n<p>[\/et_pb_toggle][et_pb_toggle title=\u00a0\u00bbH\u00f4pital Charles Foix\u00a0\u00bb _builder_version=\u00a0\u00bb3.22.1&Prime; z_index_tablet=\u00a0\u00bb500&Prime;]<\/p>\n<p><a href=\"http:\/\/charlesfoix.aphp.fr\/medecine-bucco-dentaire-odontologie\/\" target=\"_blank\" rel=\"noopener noreferrer\"><strong>H\u00f4pital Charles Foix \u2013 <span class=\"hospital-group\">AP-HP. Sorbonne Universit\u00e9<\/span><\/strong><\/a><\/p>\n<div class=\"colonne-gauche\"><span class=\"full-address\">7 avenue de la R\u00e9publique<br \/>94200 Ivry-sur-Seine<\/span><\/div>\n<div>\u00a0<\/div>\n<div class=\"colonne-gauche\"><span class=\"tel\">Tel : 01 49 59 40 00<\/span><\/div>\n<p>[\/et_pb_toggle][\/et_pb_column][et_pb_column type=\u00a0\u00bb1_3&Prime;][et_pb_toggle title=\u00a0\u00bbH\u00f4pital Bretonneau\u00a0\u00bb _builder_version=\u00a0\u00bb3.22.1&Prime; z_index_tablet=\u00a0\u00bb500&Prime;]<\/p>\n<p><strong><a href=\"http:\/\/hupnvs.aphp.fr\/liste-des-specialites\/medecine-bucco-dentaire-bretonneau\/\" target=\"_blank\" rel=\"noopener noreferrer\">H\u00f4pital Bretonneau \u2013 <span class=\"hospital-group\">AP-HP. Nord \u2013 Universit\u00e9 Paris Cit\u00e9<\/span><\/a><\/strong><\/p>\n<p><span class=\"full-address\">23 rue Joseph-de-Maistre &#8211; Paris 18e<\/span><\/p>\n<p><span class=\"tel\">Tel : 01 53 11 18 00<\/span>\u00a0<\/p>\n<p>[\/et_pb_toggle][et_pb_toggle title=\u00a0\u00bbH\u00f4pital Rothschild \u00a0\u00bb _builder_version=\u00a0\u00bb3.22.1&Prime; z_index_tablet=\u00a0\u00bb500&Prime;]<\/p>\n<p class=\"qrShPb kno-ecr-pt PZPZlf mfMhoc EaHP9c\" data-dtype=\"d3ifr\" data-local-attribute=\"d3bn\" data-attrid=\"title\" data-ved=\"2ahUKEwiExLy1tbLxAhVKRBoKHQOfARsQ3B0oADATegQIQxAB\"><strong><a href=\"http:\/\/rothschild.aphp.fr\/specialites-medicales-rothschild\/odontologie\/\" target=\"_blank\" rel=\"noopener noreferrer\">H\u00f4pital Rothschild AP-HP<\/a><\/strong><\/p>\n<p><span class=\"LrzXr\">5 Rue Santerre &#8211; Paris 12e<br \/><\/span><\/p>\n<p>Tel : 01 40 19 39 86<\/p>\n<p>[\/et_pb_toggle][\/et_pb_column][et_pb_column type=\u00a0\u00bb1_3&Prime;][et_pb_toggle title=\u00a0\u00bbH\u00f4pital Henri Mondor\u00a0\u00bb _builder_version=\u00a0\u00bb3.22.1&Prime; z_index_tablet=\u00a0\u00bb500&Prime;]<\/p>\n<p><strong><a href=\"https:\/\/www.aphp.fr\/service\/service-69-026\">H\u00f4pital <span class=\"hospital-group\">Henri Mondor<\/span> \u2013 <\/a><span class=\"hospital-group\"><a href=\"https:\/\/www.aphp.fr\/service\/service-69-026\" target=\"_blank\" rel=\"noopener noreferrer\">AP-HP. H\u00f4pitaux Universitaires<\/a><br \/><\/span><\/strong><\/p>\n<div class=\"colonne-gauche\">\n<p><span class=\"full-address\">51 avenue du Mar\u00e9chal de Lattre de Tassigny<br \/>94010 Cr\u00e9teil Cedex<\/span><\/p>\n<p>&nbsp;<\/p>\n<\/div>\n<div class=\"colonne-gauche\"><span class=\"tel\">Tel : 01 49 81 21 11<\/span><\/div>\n<p>[\/et_pb_toggle][et_pb_toggle title=\u00a0\u00bbH\u00f4pital La Piti\u00e9 Salp\u00eatri\u00e8re\u00a0\u00bb _builder_version=\u00a0\u00bb3.22.1&Prime; z_index_tablet=\u00a0\u00bb500&Prime;]<\/p>\n<p class=\"qrShPb kno-ecr-pt PZPZlf mfMhoc hNKfZe\" data-dtype=\"d3ifr\" data-local-attribute=\"d3bn\" data-attrid=\"title\" data-ved=\"2ahUKEwia3erktbLxAhUiyIUKHU0qAhIQ3B0oADATegQIOBAB\"><strong><a href=\"http:\/\/pitiesalpetriere.aphp.fr\/odontologie\/\" target=\"_blank\" rel=\"noopener noreferrer\">H\u00f4pitaux Universitaires Piti\u00e9 Salp\u00eatri\u00e8re Urgences Dentaires<\/a><\/strong><\/p>\n<p><span class=\"LrzXr\">83 Boulevard de l&rsquo;H\u00f4pital &#8211; Paris 13e<br \/><\/span><\/p>\n<p>Tel : 01 42 17 84 16<\/p>\n<p>[\/et_pb_toggle][\/et_pb_column][\/et_pb_row][\/et_pb_section][et_pb_section bb_built=\u00a0\u00bb1&Prime; _builder_version=\u00a0\u00bb3.22&Prime; custom_padding=\u00a0\u00bb0px||0px|\u00a0\u00bb prev_background_color=\u00a0\u00bb#000000&Prime;][et_pb_row _builder_version=\u00a0\u00bb3.22&Prime;][et_pb_column type=\u00a0\u00bb4_4&Prime;][et_pb_text admin_label=\u00a0\u00bb\u00c0 lire aussi\u00a0\u00bb _builder_version=\u00a0\u00bb3.21&Prime;]<\/p>\n<h2><span class=\"st\">\u00c0<\/span> lire aussi<\/h2>\n<p>[\/et_pb_text][et_pb_blog posts_number=\u00a0\u00bb4&Prime; include_categories=\u00a0\u00bb1&Prime; show_author=\u00a0\u00bboff\u00a0\u00bb show_date=\u00a0\u00bboff\u00a0\u00bb show_pagination=\u00a0\u00bboff\u00a0\u00bb module_id=\u00a0\u00bbpage_type_blog\u00a0\u00bb _builder_version=\u00a0\u00bb3.22.1&Prime; header_level=\u00a0\u00bbh4&Prime; border_width_bottom_fullwidth=\u00a0\u00bb1px\u00a0\u00bb border_color_bottom_fullwidth=\u00a0\u00bbrgba(51,51,51,0.18)\u00a0\u00bb custom_padding=\u00a0\u00bb||50px|\u00a0\u00bb z_index_tablet=\u00a0\u00bb500&Prime;]<\/p>\n<p>[\/et_pb_blog][\/et_pb_column][\/et_pb_row][\/et_pb_section]<\/p>\n","protected":false},"excerpt":{"rendered":"<p>2 sites d&rsquo;enseignement :- Garanci\u00e8re- Montrouge6 services hospitaliers\u00a0:- H\u00f4pital Bretonneau- H\u00f4pital Charles Foix- H\u00f4pital Louis Mourier- H\u00f4pital Henri Mondor- H\u00f4pital La Piti\u00e9 Salp\u00eatri\u00e8re- H\u00f4pital Rothschild \u00a9 Direction de la communication &#8211; Universit\u00e9 Paris Cit\u00e9 Sites d&rsquo;enseignement 5, rue Garanci\u00e8re &#8211; Paris 6eRATP M\u00e9tro ligne 4, station Od\u00e9on ou Saint SulpiceBus 70 dir. Suresne &#8211; De&hellip; <a class=\"continue\" href=\"https:\/\/wordpress-test.app.u-pariscite.fr\/odontologie\/sitesetacces\/\">Lire la suite<span> Sites et acc\u00e8s<\/span><\/a><\/p>\n","protected":false},"author":35,"featured_media":0,"parent":0,"menu_order":0,"comment_status":"closed","ping_status":"closed","template":"","meta":{"_et_pb_use_builder":"on","_et_pb_old_content":"","_et_gb_content_width":"","footnotes":""},"class_list":["post-104","page","type-page","status-publish","hentry"],"_links":{"self":[{"href":"https:\/\/wordpress-test.app.u-pariscite.fr\/odontologie\/wp-json\/wp\/v2\/pages\/104","targetHints":{"allow":["GET"]}}],"collection":[{"href":"https:\/\/wordpress-test.app.u-pariscite.fr\/odontologie\/wp-json\/wp\/v2\/pages"}],"about":[{"href":"https:\/\/wordpress-test.app.u-pariscite.fr\/odontologie\/wp-json\/wp\/v2\/types\/page"}],"author":[{"embeddable":true,"href":"https:\/\/wordpress-test.app.u-pariscite.fr\/odontologie\/wp-json\/wp\/v2\/users\/35"}],"replies":[{"embeddable":true,"href":"https:\/\/wordpress-test.app.u-pariscite.fr\/odontologie\/wp-json\/wp\/v2\/comments?post=104"}],"version-history":[{"count":31,"href":"https:\/\/wordpress-test.app.u-pariscite.fr\/odontologie\/wp-json\/wp\/v2\/pages\/104\/revisions"}],"predecessor-version":[{"id":23067,"href":"https:\/\/wordpress-test.app.u-pariscite.fr\/odontologie\/wp-json\/wp\/v2\/pages\/104\/revisions\/23067"}],"wp:attachment":[{"href":"https:\/\/wordpress-test.app.u-pariscite.fr\/odontologie\/wp-json\/wp\/v2\/media?parent=104"}],"curies":[{"name":"wp","href":"https:\/\/api.w.org\/{rel}","templated":true}]}}