{"id":9407,"date":"2020-08-31T14:00:45","date_gmt":"2020-08-31T12:00:45","guid":{"rendered":"https:\/\/wordpress-test.app.u-pariscite.fr\/medecine\/?page_id=9407"},"modified":"2021-02-16T14:28:26","modified_gmt":"2021-02-16T13:28:26","slug":"chaires","status":"publish","type":"page","link":"https:\/\/wordpress-test.app.u-pariscite.fr\/medecine\/formation-initiale\/chaires\/","title":{"rendered":"Chaires"},"content":{"rendered":"<p>[et_pb_section fb_built=\u00a0\u00bb1&Prime; _builder_version=\u00a0\u00bb3.22&Prime;][et_pb_row _builder_version=\u00a0\u00bb3.22&Prime; background_size=\u00a0\u00bbinitial\u00a0\u00bb background_position=\u00a0\u00bbtop_left\u00a0\u00bb background_repeat=\u00a0\u00bbrepeat\u00a0\u00bb][et_pb_column type=\u00a0\u00bb4_4&Prime; _builder_version=\u00a0\u00bb3.0.47&Prime;][et_pb_post_title meta=\u00a0\u00bboff\u00a0\u00bb featured_image=\u00a0\u00bboff\u00a0\u00bb admin_label=\u00a0\u00bbTitre de la page\u00a0\u00bb _builder_version=\u00a0\u00bb3.19.11&Prime;][\/et_pb_post_title][\/et_pb_column][\/et_pb_row][et_pb_row _builder_version=\u00a0\u00bb3.22&Prime; background_size=\u00a0\u00bbinitial\u00a0\u00bb background_position=\u00a0\u00bbtop_left\u00a0\u00bb background_repeat=\u00a0\u00bbrepeat\u00a0\u00bb][et_pb_column type=\u00a0\u00bb3_4&Prime; _builder_version=\u00a0\u00bb3.0.47&Prime;][et_pb_text admin_label=\u00a0\u00bbIntro\u00a0\u00bb module_id=\u00a0\u00bbintro\u00a0\u00bb _builder_version=\u00a0\u00bb3.22.1&Prime; z_index_tablet=\u00a0\u00bb500&Prime;]<\/p>\n<p>L&rsquo;UFR propose des chaires, en plus des parcours initiaux, servant\u00a0\u00e0 d\u00e9velopper une expertise d\u2019enseignement et de recherche sur des th\u00e9matiques d\u00e9finies, avec des partenaires et experts vari\u00e9s.\u00a0<\/p>\n<p>[\/et_pb_text][\/et_pb_column][et_pb_column type=\u00a0\u00bb1_4&Prime; _builder_version=\u00a0\u00bb3.0.47&Prime;][\/et_pb_column][\/et_pb_row][et_pb_row module_id=\u00a0\u00bbimage-page-type\u00a0\u00bb _builder_version=\u00a0\u00bb3.22&Prime;][et_pb_column type=\u00a0\u00bb3_4&Prime; _builder_version=\u00a0\u00bb3.0.47&Prime;][et_pb_image src=\u00a0\u00bbhttps:\/\/wordpress-test.app.u-pariscite.fr\/medecine\/wp-content\/uploads\/sites\/24\/2021\/01\/stock-image-47568397-m-2015.jpg\u00a0\u00bb admin_label=\u00a0\u00bbImage 1920 x 1080&Prime; module_id=\u00a0\u00bbimage-page\u00a0\u00bb _builder_version=\u00a0\u00bb3.22.1&Prime; z_index_tablet=\u00a0\u00bb500&Prime;][\/et_pb_image][\/et_pb_column][et_pb_column type=\u00a0\u00bb1_4&Prime; _builder_version=\u00a0\u00bb3.0.47&Prime;][et_pb_text admin_label=\u00a0\u00bbTexte image\u00a0\u00bb module_id=\u00a0\u00bbtexte-image\u00a0\u00bb _builder_version=\u00a0\u00bb3.22.1&Prime; custom_margin=\u00a0\u00bb|-15px||\u00a0\u00bb z_index_tablet=\u00a0\u00bb500&Prime;][\/et_pb_text][\/et_pb_column][\/et_pb_row][et_pb_row _builder_version=\u00a0\u00bb3.22&Prime; background_size=\u00a0\u00bbinitial\u00a0\u00bb background_position=\u00a0\u00bbtop_left\u00a0\u00bb background_repeat=\u00a0\u00bbrepeat\u00a0\u00bb][et_pb_column type=\u00a0\u00bb4_4&Prime; _builder_version=\u00a0\u00bb3.0.47&Prime;][et_pb_text admin_label=\u00a0\u00bbl\u00e9gende\u00a0\u00bb module_id=\u00a0\u00bblegende\u00a0\u00bb _builder_version=\u00a0\u00bb3.22.1&Prime; z_index_tablet=\u00a0\u00bb500&Prime;][\/et_pb_text][\/et_pb_column][\/et_pb_row][et_pb_row custom_padding=\u00a0\u00bb15px|||\u00a0\u00bb _builder_version=\u00a0\u00bb3.22.1&Prime; z_index_tablet=\u00a0\u00bb500&Prime; custom_margin=\u00a0\u00bb20px||45px||false\u00a0\u00bb][et_pb_column type=\u00a0\u00bb3_4&Prime; _builder_version=\u00a0\u00bb3.0.47&Prime;][et_pb_toggle title=\u00a0\u00bbChair of innovation &#038; value in health \u00a0\u00bb admin_label=\u00a0\u00bbChair of innovation &#038; value in health \u00a0\u00bb _builder_version=\u00a0\u00bb3.22.1&Prime; z_index_tablet=\u00a0\u00bb500&Prime;]<\/p>\n<p>Achieving high value for patients is the overarching goal of health innovation and care delivery, with value defined as the health outcomes achieved per money spent. However, a Value-Based Health Care (VBHC) system requires committed leaders combining medical and managerial competencies accepting the risks involved in conducting change. Such leaders are not easy to come by. At the Chair of Innovation &amp; Value in Health, we are committed to detecting and training such talents. We also conduct academic research in VBHC at the interface between health economics and innovation management. As part of the University of Paris School of Medicine \u2013 one of the largest and most selective in Europe \u2013 the Chair participates in the organization of a series of conferences on VBHC to accelerate the transformation of healthcare systems.<\/p>\n<p><a href=\"http:\/\/www.chair-innovation-value.eu\/\" target=\"_blank\" rel=\"noopener noreferrer\">&gt;&gt; En savoir +\u00a0<\/a><\/p>\n<p>[\/et_pb_toggle][et_pb_toggle title=\u00a0\u00bbChaire intelligence artificielle en sant\u00e9\u00a0\u00bb admin_label=\u00a0\u00bbChaire intelligence artificielle en sant\u00e9\u00a0\u00bb _builder_version=\u00a0\u00bb3.22.1&Prime; z_index_tablet=\u00a0\u00bb500&Prime;]<\/p>\n<p>L\u2019objectif de la chaire est de former \u00e0 la gestion de projet IA en sant\u00e9. Pour cela une approche interdisciplinaire est propos\u00e9e, alant des aspects math\u00e9matiques, informatiques jusqu\u2019aux aspects juridiques, \u00e9thiques et entrepreneuriaux, en passant par toutes les d\u00e9clinaisons applicatives de l\u2019IA en sant\u00e9.\u00a0\u00a0<\/p>\n<h4>Pr\u00e9sentation\u00a0<\/h4>\n<p>L\u2019enseignement s\u2019organise en modules ind\u00e9pendants, chacun centr\u00e9 sur une application particuli\u00e8re de l\u2019intelligence artificielle en sant\u00e9. Pour chaque application, les concepts th\u00e9oriques et les enjeux juridiques, \u00e9thiques et \u00e9conomiques sont abord\u00e9s. Chaque module se termine par un travail dirig\u00e9 en petits groupes, sur une probl\u00e9matique li\u00e9e \u00e0 l\u2019application pr\u00e9sent\u00e9e.\u00a0<\/p>\n<p><strong>Rythme de l\u2019apprentissage et contr\u00f4le de connaissances\u00a0<\/strong><\/p>\n<ul>\n<li>90 heures de cours, r\u00e9parties sur 15 modules d\u2019enseignement<\/li>\n<li>Contr\u00f4le continu, \u00e9crit et oral en groupe.\u00a0<\/li>\n<\/ul>\n<p><strong>Les m\u00e9tiers\u00a0<\/strong><\/p>\n<ul>\n<li>Soignants<\/li>\n<li>Start-up, recherche clinique<\/li>\n<li>Ing\u00e9nieur de recherche\u00a0<\/li>\n<li>Ing\u00e9nieur d\u2019\u00e9tudes\u00a0<\/li>\n<li>Charg\u00e9 d\u2019\u00e9tudes\u00a0<\/li>\n<li>Chef de projet\u00a0<\/li>\n<li>Chercheur\u00a0<\/li>\n<li>D\u00e9veloppeur, Data Scientist\u00a0<\/li>\n<\/ul>\n<h4>Contact<\/h4>\n<p>Responsable p\u00e9dagogique : Pr. Guillaume Assi\u00e9\u00a0<br \/>Coordinateur p\u00e9dagogique : Pr. St\u00e9phanie Allassonni\u00e8re\u00a0<\/p>\n<p><strong>Site Cochin<\/strong><br \/>24 rue du Faubourg Saint Jacques 75014 Paris\u00a0<br \/><a href=\"mailto:iasante@parisdescartes.fr\" target=\"_blank\" rel=\"noopener noreferrer\">iasante@parisdescartes.fr\u00a0<\/a><\/p>\n<p>[\/et_pb_toggle][\/et_pb_column][et_pb_column type=\u00a0\u00bb1_4&Prime; _builder_version=\u00a0\u00bb3.0.47&Prime;][\/et_pb_column][\/et_pb_row][\/et_pb_section][et_pb_section fb_built=\u00a0\u00bb1&Prime; _builder_version=\u00a0\u00bb3.22.1&Prime; inner_width_tablet=\u00a0\u00bb50px\u00a0\u00bb inner_max_width_tablet=\u00a0\u00bb50px\u00a0\u00bb custom_padding=\u00a0\u00bb30px||0px|\u00a0\u00bb z_index_tablet=\u00a0\u00bb500&Prime;][et_pb_row _builder_version=\u00a0\u00bb3.22&Prime;][et_pb_column type=\u00a0\u00bb4_4&Prime; _builder_version=\u00a0\u00bb3.0.47&Prime;][et_pb_text admin_label=\u00a0\u00bb\u00c0 lire aussi\u00a0\u00bb _builder_version=\u00a0\u00bb3.21&Prime;]<\/p>\n<h2><span class=\"st\">\u00c0<\/span> lire aussi<\/h2>\n<p>[\/et_pb_text][et_pb_blog posts_number=\u00a0\u00bb4&Prime; include_categories=\u00a0\u00bb13&Prime; show_author=\u00a0\u00bboff\u00a0\u00bb show_date=\u00a0\u00bboff\u00a0\u00bb show_pagination=\u00a0\u00bboff\u00a0\u00bb module_id=\u00a0\u00bbpage_type_blog\u00a0\u00bb _builder_version=\u00a0\u00bb3.21&Prime; header_level=\u00a0\u00bbh4&Prime; border_width_bottom_fullwidth=\u00a0\u00bb1px\u00a0\u00bb border_color_bottom_fullwidth=\u00a0\u00bbrgba(51,51,51,0.18)\u00a0\u00bb custom_padding=\u00a0\u00bb||50px|\u00a0\u00bb][\/et_pb_blog][\/et_pb_column][\/et_pb_row][\/et_pb_section]<\/p>\n","protected":false},"excerpt":{"rendered":"<p>L&rsquo;UFR propose des chaires, en plus des parcours initiaux, servant\u00a0\u00e0 d\u00e9velopper une expertise d\u2019enseignement et de recherche sur des th\u00e9matiques d\u00e9finies, avec des partenaires et experts vari\u00e9s.\u00a0 Achieving high value for patients is the overarching goal of health innovation and care delivery, with value defined as the health outcomes achieved per money spent. However, a&hellip; <a class=\"continue\" href=\"https:\/\/wordpress-test.app.u-pariscite.fr\/medecine\/formation-initiale\/chaires\/\">Lire la suite<span> Chaires<\/span><\/a><\/p>\n","protected":false},"author":35,"featured_media":0,"parent":9409,"menu_order":0,"comment_status":"closed","ping_status":"closed","template":"","meta":{"_et_pb_use_builder":"on","_et_pb_old_content":"","_et_gb_content_width":"","footnotes":""},"class_list":["post-9407","page","type-page","status-publish","hentry"],"_links":{"self":[{"href":"https:\/\/wordpress-test.app.u-pariscite.fr\/medecine\/wp-json\/wp\/v2\/pages\/9407","targetHints":{"allow":["GET"]}}],"collection":[{"href":"https:\/\/wordpress-test.app.u-pariscite.fr\/medecine\/wp-json\/wp\/v2\/pages"}],"about":[{"href":"https:\/\/wordpress-test.app.u-pariscite.fr\/medecine\/wp-json\/wp\/v2\/types\/page"}],"author":[{"embeddable":true,"href":"https:\/\/wordpress-test.app.u-pariscite.fr\/medecine\/wp-json\/wp\/v2\/users\/35"}],"replies":[{"embeddable":true,"href":"https:\/\/wordpress-test.app.u-pariscite.fr\/medecine\/wp-json\/wp\/v2\/comments?post=9407"}],"version-history":[{"count":12,"href":"https:\/\/wordpress-test.app.u-pariscite.fr\/medecine\/wp-json\/wp\/v2\/pages\/9407\/revisions"}],"predecessor-version":[{"id":23945,"href":"https:\/\/wordpress-test.app.u-pariscite.fr\/medecine\/wp-json\/wp\/v2\/pages\/9407\/revisions\/23945"}],"up":[{"embeddable":true,"href":"https:\/\/wordpress-test.app.u-pariscite.fr\/medecine\/wp-json\/wp\/v2\/pages\/9409"}],"wp:attachment":[{"href":"https:\/\/wordpress-test.app.u-pariscite.fr\/medecine\/wp-json\/wp\/v2\/media?parent=9407"}],"curies":[{"name":"wp","href":"https:\/\/api.w.org\/{rel}","templated":true}]}}