{"id":25190,"date":"2021-06-10T19:07:18","date_gmt":"2021-06-10T17:07:18","guid":{"rendered":"https:\/\/wordpress-test.app.u-pariscite.fr\/medecine\/?page_id=25190"},"modified":"2024-06-24T15:37:49","modified_gmt":"2024-06-24T13:37:49","slug":"etudiants-inscrits-a-luniversite-de-paris-en-2020-2021-admis-a-passer-en-annee-superieure-ou-a-redoubler-en-2021-2022","status":"publish","type":"page","link":"https:\/\/wordpress-test.app.u-pariscite.fr\/medecine\/etudiants-inscrits-a-luniversite-de-paris-en-2020-2021-admis-a-passer-en-annee-superieure-ou-a-redoubler-en-2021-2022\/","title":{"rendered":"Etudiants inscrits \u00e0 Universit\u00e9 Paris Cit\u00e9 en 2023-2024 admis \u00e0 passer en ann\u00e9e sup\u00e9rieure ou \u00e0 redoubler en 2024-2025"},"content":{"rendered":"<p>[et_pb_section bb_built=\u00a0\u00bb1&Prime; inner_width=\u00a0\u00bbauto\u00a0\u00bb inner_max_width=\u00a0\u00bbnone\u00a0\u00bb][et_pb_row][et_pb_column type=\u00a0\u00bb4_4&Prime;][et_pb_post_title admin_label=\u00a0\u00bbTitre de la page\u00a0\u00bb _builder_version=\u00a0\u00bb3.22.1&Prime; meta=\u00a0\u00bboff\u00a0\u00bb featured_image=\u00a0\u00bboff\u00a0\u00bb text_shadow_horizontal_length=\u00a0\u00bbtext_shadow_style,%91object Object%93&Prime; text_shadow_vertical_length=\u00a0\u00bbtext_shadow_style,%91object Object%93&Prime; text_shadow_blur_strength=\u00a0\u00bbtext_shadow_style,%91object Object%93&Prime; title_text_shadow_horizontal_length=\u00a0\u00bbtitle_text_shadow_style,%91object Object%93&Prime; title_text_shadow_vertical_length=\u00a0\u00bbtitle_text_shadow_style,%91object Object%93&Prime; title_text_shadow_blur_strength=\u00a0\u00bbtitle_text_shadow_style,%91object Object%93&Prime; meta_text_shadow_horizontal_length=\u00a0\u00bbmeta_text_shadow_style,%91object Object%93&Prime; meta_text_shadow_vertical_length=\u00a0\u00bbmeta_text_shadow_style,%91object Object%93&Prime; meta_text_shadow_blur_strength=\u00a0\u00bbmeta_text_shadow_style,%91object Object%93&Prime; z_index_tablet=\u00a0\u00bb500&Prime; \/][et_pb_text _builder_version=\u00a0\u00bb3.22.1&Prime; text_text_shadow_horizontal_length=\u00a0\u00bbtext_text_shadow_style,%91object Object%93&Prime; text_text_shadow_vertical_length=\u00a0\u00bbtext_text_shadow_style,%91object Object%93&Prime; text_text_shadow_blur_strength=\u00a0\u00bbtext_text_shadow_style,%91object Object%93&Prime; link_text_shadow_horizontal_length=\u00a0\u00bblink_text_shadow_style,%91object Object%93&Prime; link_text_shadow_vertical_length=\u00a0\u00bblink_text_shadow_style,%91object Object%93&Prime; link_text_shadow_blur_strength=\u00a0\u00bblink_text_shadow_style,%91object Object%93&Prime; ul_text_shadow_horizontal_length=\u00a0\u00bbul_text_shadow_style,%91object Object%93&Prime; ul_text_shadow_vertical_length=\u00a0\u00bbul_text_shadow_style,%91object Object%93&Prime; ul_text_shadow_blur_strength=\u00a0\u00bbul_text_shadow_style,%91object Object%93&Prime; ol_text_shadow_horizontal_length=\u00a0\u00bbol_text_shadow_style,%91object Object%93&Prime; ol_text_shadow_vertical_length=\u00a0\u00bbol_text_shadow_style,%91object Object%93&Prime; ol_text_shadow_blur_strength=\u00a0\u00bbol_text_shadow_style,%91object Object%93&Prime; quote_text_shadow_horizontal_length=\u00a0\u00bbquote_text_shadow_style,%91object Object%93&Prime; quote_text_shadow_vertical_length=\u00a0\u00bbquote_text_shadow_style,%91object Object%93&Prime; quote_text_shadow_blur_strength=\u00a0\u00bbquote_text_shadow_style,%91object Object%93&Prime; header_text_shadow_horizontal_length=\u00a0\u00bbheader_text_shadow_style,%91object Object%93&Prime; header_text_shadow_vertical_length=\u00a0\u00bbheader_text_shadow_style,%91object Object%93&Prime; header_text_shadow_blur_strength=\u00a0\u00bbheader_text_shadow_style,%91object Object%93&Prime; header_2_text_shadow_horizontal_length=\u00a0\u00bbheader_2_text_shadow_style,%91object Object%93&Prime; header_2_text_shadow_vertical_length=\u00a0\u00bbheader_2_text_shadow_style,%91object Object%93&Prime; header_2_text_shadow_blur_strength=\u00a0\u00bbheader_2_text_shadow_style,%91object Object%93&Prime; header_3_text_shadow_horizontal_length=\u00a0\u00bbheader_3_text_shadow_style,%91object Object%93&Prime; header_3_text_shadow_vertical_length=\u00a0\u00bbheader_3_text_shadow_style,%91object Object%93&Prime; header_3_text_shadow_blur_strength=\u00a0\u00bbheader_3_text_shadow_style,%91object Object%93&Prime; header_4_text_shadow_horizontal_length=\u00a0\u00bbheader_4_text_shadow_style,%91object Object%93&Prime; header_4_text_shadow_vertical_length=\u00a0\u00bbheader_4_text_shadow_style,%91object Object%93&Prime; header_4_text_shadow_blur_strength=\u00a0\u00bbheader_4_text_shadow_style,%91object Object%93&Prime; header_5_text_shadow_horizontal_length=\u00a0\u00bbheader_5_text_shadow_style,%91object Object%93&Prime; header_5_text_shadow_vertical_length=\u00a0\u00bbheader_5_text_shadow_style,%91object Object%93&Prime; header_5_text_shadow_blur_strength=\u00a0\u00bbheader_5_text_shadow_style,%91object Object%93&Prime; header_6_text_shadow_horizontal_length=\u00a0\u00bbheader_6_text_shadow_style,%91object Object%93&Prime; header_6_text_shadow_vertical_length=\u00a0\u00bbheader_6_text_shadow_style,%91object Object%93&Prime; header_6_text_shadow_blur_strength=\u00a0\u00bbheader_6_text_shadow_style,%91object Object%93&Prime; z_index_tablet=\u00a0\u00bb500&Prime;]<\/p>\n<h3><strong>Prochainement, votre inscription sera disponible directement sur votre compte ENT.<\/strong><\/h3>\n<h3 class=\"niveau3\">\u00c9TAPE 1 :\u00a0 \u00a0PAIEMENT DE LA CVEC<\/h3>\n<p>Acquittez-vous de la Contribution Vie \u00c9tudiante et de Campus (CVEC) d\u2019un montant de 103\u20ac, par paiement en ligne \u00e0 l&rsquo;adresse <a class=\"ext extlink\" href=\"http:\/\/cvec.etudiant.gouv.fr\/\" target=\"_blank\" rel=\"noopener noreferrer\"><strong>http:\/\/cvec.etudiant.gouv.fr\/<\/strong><\/a>\u00a0ou au bureau de Poste de votre choix. Vous obtiendrez alors une attestation individuelle sur laquelle figurera un code obligatoire pour vous inscrire.<\/p>\n<p>ATTENTION: Les \u00e9tudiants dont le financement est pris en charge par un employeur ou un organisme, n\u2019ont pas \u00e0 s\u2019acquitter de la CVEC et doivent par cons\u00e9quent commencer directement par<strong> l\u2019ETAPE 2.<\/strong><\/p>\n<h3 class=\"niveau3\">\u00c9TAPE 2 :\u00a0 \u00a0INSCRIPTION EN LIGNE<\/h3>\n<p>&gt; <u>Connectez-vous \u00e0<\/u><strong>\u00a0 <a href=\"https:\/\/reins.app.wordpress-test.app.u-pariscite.fr\/reins\">&#8211; IA REINS &#8211;<\/a>\u00a0 <\/strong>avec vos identifiants ENT<strong>*<\/strong> et munis du code d\u00e9livr\u00e9 apr\u00e8s avoir r\u00e9gl\u00e9 la CVEC<\/p>\n<p><u>Saisissez vos informations et v\u00e9rifiez vos donn\u00e9es personnelles pr\u00e9-renseign\u00e9es<\/u><\/p>\n<p>Veillez \u00e0 indiquer votre adresse postale valide. C&rsquo;est \u00e0 cette adresse que vous seront envoy\u00e9s votre certificat de scolarit\u00e9 et l&rsquo;autocollant de l&rsquo;ann\u00e9e.<\/p>\n<p>&gt; <span style=\"text-decoration: underline\">Proc\u00e9dez au paiement en ligne. Le paiement en ligne est enti\u00e8rement s\u00e9curis\u00e9.<\/span><\/p>\n<p>Veillez \u00e9galement \u00e0 la validit\u00e9 de votre adresse e-mail qui vous permettra de recevoir le justificatif de paiement.<\/p>\n<p>Une liste de pi\u00e8ces \u00e0 fournir s\u2019affiche alors.<\/p>\n<p>&gt; <u>D\u00e9posez vos pi\u00e8ces justificatives en ligne \u00e0 l\u2019adresse suivante\u00a0:<\/u><strong>\u00a0 <a href=\"https:\/\/pjweb.app.wordpress-test.app.u-pariscite.fr\/pjweb\">&#8211; PJ WEB &#8211;<\/a>\u00a0<\/strong><\/p>\n<p>Une fois vos pi\u00e8ces v\u00e9rifi\u00e9es par le service des Inscriptions,\u00a0 votre carte \u00e9tudiant, votre certificats de scolarit\u00e9 et l\u2019autocollant 2024-2025 (\u00e0 coller obligatoirement sur votre carte \u00e9tudiant pour avoir acc\u00e8s aux b\u00e2timents de l\u2019U.F.R. de M\u00e9decine et de l\u2019Universit\u00e9) vous seront alors envoy\u00e9s par courrier postal \u00e0 votre domicile.<\/p>\n<p><strong>En cas de difficult\u00e9<\/strong>\u00a0pour vous inscrire, d\u00e9poser vos pi\u00e8ces ou payer en ligne, vous pouvez joindre le\u00a0<a href=\"https:\/\/wordpress-test.app.u-pariscite.fr\/centre-de-contact\/\"><strong>CENTRE DE CONTACT <\/strong><\/a><\/p>\n<p>\u00a0<\/p>\n<p><strong>* <\/strong>Votre compte <strong>ENT Universit\u00e9 Paris Cit\u00e9<\/strong> doit avoir \u00e9t\u00e9 activ\u00e9 \u2013\u00a0<a href=\"https:\/\/wordpress-test.app.u-pariscite.fr\/activation-de-votre-compte-universite-de-paris\/\"><strong>Proc\u00e9dure d\u2019activation ENT <\/strong><\/a><\/p>\n<p>[\/et_pb_text][\/et_pb_column][\/et_pb_row][\/et_pb_section]<\/p>\n","protected":false},"excerpt":{"rendered":"<div class=\"et_pb_row et_pb_row_0 et_pb_row_empty\"><\/div>\n<p> Prochainement, votre inscription sera disponible directement sur votre compte ENT.\u00c9TAPE 1 :\u00a0 \u00a0PAIEMENT DE LA CVECAcquittez-vous de la Contribution Vie \u00c9tudiante et de Campus (CVEC) d\u2019un montant de 103\u20ac, par paiement en ligne \u00e0 l&rsquo;adresse http:\/\/cvec.etudiant.gouv.fr\/\u00a0ou au bureau de Poste de votre choix. Vous obtiendrez alors une attestation individuelle sur laquelle figurera un code&hellip; <a class=\"continue\" href=\"https:\/\/wordpress-test.app.u-pariscite.fr\/medecine\/etudiants-inscrits-a-luniversite-de-paris-en-2020-2021-admis-a-passer-en-annee-superieure-ou-a-redoubler-en-2021-2022\/\">Lire la suite<span> Etudiants inscrits \u00e0 Universit\u00e9 Paris Cit\u00e9 en 2023-2024 admis \u00e0 passer en ann\u00e9e sup\u00e9rieure ou \u00e0 redoubler en 2024-2025<\/span><\/a><\/p>\n","protected":false},"author":223,"featured_media":0,"parent":0,"menu_order":0,"comment_status":"closed","ping_status":"closed","template":"","meta":{"_et_pb_use_builder":"on","_et_pb_old_content":"","_et_gb_content_width":"","footnotes":""},"class_list":["post-25190","page","type-page","status-publish","hentry"],"_links":{"self":[{"href":"https:\/\/wordpress-test.app.u-pariscite.fr\/medecine\/wp-json\/wp\/v2\/pages\/25190","targetHints":{"allow":["GET"]}}],"collection":[{"href":"https:\/\/wordpress-test.app.u-pariscite.fr\/medecine\/wp-json\/wp\/v2\/pages"}],"about":[{"href":"https:\/\/wordpress-test.app.u-pariscite.fr\/medecine\/wp-json\/wp\/v2\/types\/page"}],"author":[{"embeddable":true,"href":"https:\/\/wordpress-test.app.u-pariscite.fr\/medecine\/wp-json\/wp\/v2\/users\/223"}],"replies":[{"embeddable":true,"href":"https:\/\/wordpress-test.app.u-pariscite.fr\/medecine\/wp-json\/wp\/v2\/comments?post=25190"}],"version-history":[{"count":16,"href":"https:\/\/wordpress-test.app.u-pariscite.fr\/medecine\/wp-json\/wp\/v2\/pages\/25190\/revisions"}],"predecessor-version":[{"id":29050,"href":"https:\/\/wordpress-test.app.u-pariscite.fr\/medecine\/wp-json\/wp\/v2\/pages\/25190\/revisions\/29050"}],"wp:attachment":[{"href":"https:\/\/wordpress-test.app.u-pariscite.fr\/medecine\/wp-json\/wp\/v2\/media?parent=25190"}],"curies":[{"name":"wp","href":"https:\/\/api.w.org\/{rel}","templated":true}]}}