{"id":659,"date":"2021-07-18T17:16:22","date_gmt":"2021-07-18T15:16:22","guid":{"rendered":"https:\/\/wordpress-test.app.u-pariscite.fr\/linguistique\/?page_id=659"},"modified":"2024-01-31T10:12:28","modified_gmt":"2024-01-31T09:12:28","slug":"candidater","status":"publish","type":"page","link":"https:\/\/wordpress-test.app.u-pariscite.fr\/linguistique\/candidater\/","title":{"rendered":"Candidater"},"content":{"rendered":"<p>[et_pb_section bb_built=\u00a0\u00bb1&Prime; next_background_color=\u00a0\u00bb#000000&Prime; inner_width=\u00a0\u00bbauto\u00a0\u00bb inner_max_width=\u00a0\u00bbnone\u00a0\u00bb][et_pb_row][et_pb_column type=\u00a0\u00bb4_4&Prime;][et_pb_post_title admin_label=\u00a0\u00bbTitre de la page\u00a0\u00bb _builder_version=\u00a0\u00bb3.19.11&Prime; meta=\u00a0\u00bboff\u00a0\u00bb featured_image=\u00a0\u00bboff\u00a0\u00bb \/][\/et_pb_column][\/et_pb_row][et_pb_row][et_pb_column type=\u00a0\u00bb3_4&Prime;][et_pb_text admin_label=\u00a0\u00bbIntro\u00a0\u00bb _builder_version=\u00a0\u00bb3.22.1&Prime; module_id=\u00a0\u00bbintro\u00a0\u00bb text_text_shadow_horizontal_length=\u00a0\u00bbtext_text_shadow_style,%91object Object%93&Prime; text_text_shadow_vertical_length=\u00a0\u00bbtext_text_shadow_style,%91object Object%93&Prime; text_text_shadow_blur_strength=\u00a0\u00bbtext_text_shadow_style,%91object Object%93&Prime; link_text_shadow_horizontal_length=\u00a0\u00bblink_text_shadow_style,%91object Object%93&Prime; link_text_shadow_vertical_length=\u00a0\u00bblink_text_shadow_style,%91object Object%93&Prime; link_text_shadow_blur_strength=\u00a0\u00bblink_text_shadow_style,%91object Object%93&Prime; ul_text_shadow_horizontal_length=\u00a0\u00bbul_text_shadow_style,%91object Object%93&Prime; ul_text_shadow_vertical_length=\u00a0\u00bbul_text_shadow_style,%91object Object%93&Prime; ul_text_shadow_blur_strength=\u00a0\u00bbul_text_shadow_style,%91object Object%93&Prime; ol_text_shadow_horizontal_length=\u00a0\u00bbol_text_shadow_style,%91object Object%93&Prime; ol_text_shadow_vertical_length=\u00a0\u00bbol_text_shadow_style,%91object Object%93&Prime; ol_text_shadow_blur_strength=\u00a0\u00bbol_text_shadow_style,%91object Object%93&Prime; quote_text_shadow_horizontal_length=\u00a0\u00bbquote_text_shadow_style,%91object Object%93&Prime; quote_text_shadow_vertical_length=\u00a0\u00bbquote_text_shadow_style,%91object Object%93&Prime; quote_text_shadow_blur_strength=\u00a0\u00bbquote_text_shadow_style,%91object Object%93&Prime; header_text_shadow_horizontal_length=\u00a0\u00bbheader_text_shadow_style,%91object Object%93&Prime; header_text_shadow_vertical_length=\u00a0\u00bbheader_text_shadow_style,%91object Object%93&Prime; header_text_shadow_blur_strength=\u00a0\u00bbheader_text_shadow_style,%91object Object%93&Prime; header_2_text_shadow_horizontal_length=\u00a0\u00bbheader_2_text_shadow_style,%91object Object%93&Prime; header_2_text_shadow_vertical_length=\u00a0\u00bbheader_2_text_shadow_style,%91object Object%93&Prime; header_2_text_shadow_blur_strength=\u00a0\u00bbheader_2_text_shadow_style,%91object Object%93&Prime; header_3_text_shadow_horizontal_length=\u00a0\u00bbheader_3_text_shadow_style,%91object Object%93&Prime; header_3_text_shadow_vertical_length=\u00a0\u00bbheader_3_text_shadow_style,%91object Object%93&Prime; header_3_text_shadow_blur_strength=\u00a0\u00bbheader_3_text_shadow_style,%91object Object%93&Prime; header_4_text_shadow_horizontal_length=\u00a0\u00bbheader_4_text_shadow_style,%91object Object%93&Prime; header_4_text_shadow_vertical_length=\u00a0\u00bbheader_4_text_shadow_style,%91object Object%93&Prime; header_4_text_shadow_blur_strength=\u00a0\u00bbheader_4_text_shadow_style,%91object Object%93&Prime; header_5_text_shadow_horizontal_length=\u00a0\u00bbheader_5_text_shadow_style,%91object Object%93&Prime; header_5_text_shadow_vertical_length=\u00a0\u00bbheader_5_text_shadow_style,%91object Object%93&Prime; header_5_text_shadow_blur_strength=\u00a0\u00bbheader_5_text_shadow_style,%91object Object%93&Prime; header_6_text_shadow_horizontal_length=\u00a0\u00bbheader_6_text_shadow_style,%91object Object%93&Prime; header_6_text_shadow_vertical_length=\u00a0\u00bbheader_6_text_shadow_style,%91object Object%93&Prime; header_6_text_shadow_blur_strength=\u00a0\u00bbheader_6_text_shadow_style,%91object Object%93&Prime; z_index_tablet=\u00a0\u00bb500&Prime;]<\/p>\n<p>La proc\u00e9dure de candidature aux formations de l\u2019UFR Linguistique varie selon votre situation.<\/p>\n<p>Voir les <a href=\"https:\/\/cloud.parisdescartes.fr\/index.php\/s\/kzcWQ2ygcYWHtEn\">diff\u00e9rents types de candidature et les dates pour les admissions 2024-2025 en fran\u00e7ais.<\/a><\/p>\n<p>Choisissez ensuite ci-dessous l&rsquo;onglet qui correspond \u00e0 votre situation.<\/p>\n<p>[\/et_pb_text][\/et_pb_column][et_pb_column type=\u00a0\u00bb1_4&Prime;][\/et_pb_column][\/et_pb_row][et_pb_row _builder_version=\u00a0\u00bb3.22.1&Prime;][et_pb_column type=\u00a0\u00bb3_4&Prime;][et_pb_toggle _builder_version=\u00a0\u00bb3.22.1&Prime; title=\u00a0\u00bbCandidature locale en M1 : portail %22mon master%22&Prime; text_shadow_horizontal_length=\u00a0\u00bbtext_shadow_style,%91object Object%93&Prime; text_shadow_vertical_length=\u00a0\u00bbtext_shadow_style,%91object Object%93&Prime; text_shadow_blur_strength=\u00a0\u00bbtext_shadow_style,%91object Object%93&Prime; title_text_shadow_horizontal_length=\u00a0\u00bbtitle_text_shadow_style,%91object Object%93&Prime; title_text_shadow_vertical_length=\u00a0\u00bbtitle_text_shadow_style,%91object Object%93&Prime; title_text_shadow_blur_strength=\u00a0\u00bbtitle_text_shadow_style,%91object Object%93&Prime; body_text_shadow_horizontal_length=\u00a0\u00bbbody_text_shadow_style,%91object Object%93&Prime; body_text_shadow_vertical_length=\u00a0\u00bbbody_text_shadow_style,%91object Object%93&Prime; body_text_shadow_blur_strength=\u00a0\u00bbbody_text_shadow_style,%91object Object%93&Prime; z_index_tablet=\u00a0\u00bb500&Prime;]<\/p>\n<p class=\"chapeau\">Pour une candidature en <strong>M1 <\/strong>(1\u00e8re ann\u00e9e de master), pour tous nos parcours (LTE, LI, Ph&amp;Ph, LADFLE, LAOFLE) :<\/p>\n<ul>\n<li class=\"chapeau\">les candidatures se feront au travers du nouveau portail \u00ab\u00a0mon master\u00a0\u00bb, centralisant toutes les candidatures en M1 d&rsquo;un.e m\u00eame \u00e9tudiant.e<\/li>\n<li class=\"chapeau\"><strong>Calendrier<\/strong>\n<ul>\n<li class=\"chapeau\">29 janvier 2024 : ouverture du portail monmaster.gouv.fr, et d\u00e9but de consultation des offres<\/li>\n<li>du 26 f\u00e9vrier au 24 mars 2024 : phase de d\u00e9p\u00f4t des candidatures <\/li>\n<li>du 2 avril au 28 mai 2024 : examen des candidatures par les \u00e9tablissements<\/li>\n<li>du 4 juin au 24 juin 2024 : phase principale d&rsquo;admission des candidats (transmission des propositions d&rsquo;admission aux candidats et r\u00e9ponse des candidats \u00e0 ces propositions)<\/li>\n<li>du 25 juin au 31 juillet 2024 : phase compl\u00e9mentaire<\/li>\n<\/ul>\n<\/li>\n<li>Acc\u00e9der au site <strong><a href=\"https:\/\/www.monmaster.gouv.fr\/master\/universite-paris-cite\/sciences-du-langage-14?nomenclature=sciences%20du%20langage&amp;p=2&amp;position=16&amp;layout=1\">mon master<\/a><\/strong><\/li>\n<\/ul>\n<p>[\/et_pb_toggle][et_pb_toggle _builder_version=\u00a0\u00bb3.22.1&Prime; title=\u00a0\u00bbCandidature locale en L3 ou M2 : portail eCandidat\u00a0\u00bb text_shadow_horizontal_length=\u00a0\u00bbtext_shadow_style,%91object Object%93&Prime; text_shadow_vertical_length=\u00a0\u00bbtext_shadow_style,%91object Object%93&Prime; text_shadow_blur_strength=\u00a0\u00bbtext_shadow_style,%91object Object%93&Prime; title_text_shadow_horizontal_length=\u00a0\u00bbtitle_text_shadow_style,%91object Object%93&Prime; title_text_shadow_vertical_length=\u00a0\u00bbtitle_text_shadow_style,%91object Object%93&Prime; title_text_shadow_blur_strength=\u00a0\u00bbtitle_text_shadow_style,%91object Object%93&Prime; body_text_shadow_horizontal_length=\u00a0\u00bbbody_text_shadow_style,%91object Object%93&Prime; body_text_shadow_vertical_length=\u00a0\u00bbbody_text_shadow_style,%91object Object%93&Prime; body_text_shadow_blur_strength=\u00a0\u00bbbody_text_shadow_style,%91object Object%93&Prime; z_index_tablet=\u00a0\u00bb500&Prime;]<\/p>\n<p class=\"chapeau\">Pour tous nos parcours (LTE, LI, Ph&amp;Ph, LADFLE, LAOFLE) :<\/p>\n<ul>\n<li class=\"chapeau\">Les candidatures pour la <strong>L3<\/strong> et le <strong>M2<\/strong>,\u00a0 se font sur le portail <strong>eCandidat<\/strong>. Les candidatures se font exclusivement en d\u00e9posant son dossier <u>en ligne<\/u> sur l\u2019application eCandidat, aucun dossier envoy\u00e9 par mail ne sera accept\u00e9. Deux p\u00e9riodes sont pr\u00e9vues\n<ul>\n<li class=\"chapeau\"><strong>pour une candidature en L3<\/strong>:\n<ul>\n<li class=\"chapeau\">du <strong>20\/03\/2024<\/strong> au <strong>28\/06\/2024 : <\/strong>portail\u00a0<a href=\"https:\/\/ecandidat.app.wordpress-test.app.u-pariscite.fr\/sh1\/#!accueilView\" target=\"_blank\" rel=\"noopener noreferrer\"><strong>eCandidat p\u00e9riode 1<\/strong><\/a><\/li>\n<li class=\"chapeau\">et du <strong>23\/08\/2024<\/strong> au <strong>03\/09\/2024 <\/strong>: portail <a href=\"https:\/\/ecandidat.app.wordpress-test.app.u-pariscite.fr\/sh2\/#!accueilView\" target=\"_blank\" rel=\"noopener noreferrer\"><strong>eCandidat p\u00e9riode 2<\/strong><\/a><\/li>\n<\/ul>\n<\/li>\n<li><strong>pour une candidature en M2<\/strong> (pour les \u00e9tudiant.e.s non inscrits en M1 du m\u00eame parcours):\n<ul>\n<li class=\"chapeau\">du <strong>11\/03\/2024<\/strong> au <strong>28\/06\/2024 : <\/strong>portail\u00a0<a href=\"https:\/\/ecandidat.app.wordpress-test.app.u-pariscite.fr\/sh1\/#!accueilView\" target=\"_blank\" rel=\"noopener noreferrer\"><strong>eCandidat p\u00e9riode 1<\/strong><\/a><\/li>\n<li><strong>NB<\/strong>: les \u00e9tudiant.e.s en M1 n&rsquo;ont pas \u00e0 faire de candidature eCandidat pour le M2 <strong>du m\u00eame parcours<\/strong>.<\/li>\n<\/ul>\n<\/li>\n<\/ul>\n<\/li>\n<\/ul>\n<p class=\"paragraphe\">Le dossier (d\u00e9mat\u00e9rialis\u00e9) comprendra plusieurs pi\u00e8ces justificatives dont :<\/p>\n<ul>\n<li class=\"paragraphe\">Les relev\u00e9s de notes obtenus dans l\u2019enseignement sup\u00e9rieur<\/li>\n<li class=\"paragraphe\">Une lettre de motivation, un CV<\/li>\n<li class=\"paragraphe\">L\u2019attestation de r\u00e9ussite au dipl\u00f4me permettant l\u2019acc\u00e8s \u00e0 la formation (exemple : la licence pour l\u2019acc\u00e8s au master, si dipl\u00f4me en cours joindre une attestation sur l\u2019honneur) ou relev\u00e9s de notes complet de la L3.<\/li>\n<\/ul>\n<p class=\"paragraphe\">Les autres pi\u00e8ces seront indiqu\u00e9es en ligne au moment de la candidature.<\/p>\n<p>[\/et_pb_toggle][et_pb_toggle _builder_version=\u00a0\u00bb3.22.1&Prime; title=\u00a0\u00bbProc\u00e9dure %22Etudes en France%22&Prime; text_shadow_horizontal_length=\u00a0\u00bbtext_shadow_style,%91object Object%93&Prime; text_shadow_vertical_length=\u00a0\u00bbtext_shadow_style,%91object Object%93&Prime; text_shadow_blur_strength=\u00a0\u00bbtext_shadow_style,%91object Object%93&Prime; title_text_shadow_horizontal_length=\u00a0\u00bbtitle_text_shadow_style,%91object Object%93&Prime; title_text_shadow_vertical_length=\u00a0\u00bbtitle_text_shadow_style,%91object Object%93&Prime; title_text_shadow_blur_strength=\u00a0\u00bbtitle_text_shadow_style,%91object Object%93&Prime; body_text_shadow_horizontal_length=\u00a0\u00bbbody_text_shadow_style,%91object Object%93&Prime; body_text_shadow_vertical_length=\u00a0\u00bbbody_text_shadow_style,%91object Object%93&Prime; body_text_shadow_blur_strength=\u00a0\u00bbbody_text_shadow_style,%91object Object%93&Prime; z_index_tablet=\u00a0\u00bb500&Prime;]<\/p>\n<p>OBLIGATOIRE pour les pays indiqu\u00e9s sur le site \u00ab\u00a0<a href=\"https:\/\/pastel.diplomatie.gouv.fr\/etudesenfrance\/dyn\/public\/authentification\/login.html\" target=\"_blank\" rel=\"noopener noreferrer\">Etudes en France<\/a>\u00a0\u00bb et li\u00e9 \u00e0 la demande de visa.<\/p>\n<p>Ne pas faire de dossier e-candidat (le visa sera refus\u00e9).<\/p>\n<p>Voir les informations d\u00e9taill\u00e9es pour la <a href=\"https:\/\/wordpress-test.app.u-pariscite.fr\/en\/admission-as-an-independent-international-student\/\">proc\u00e9dure d&rsquo;admission en tant qu&rsquo;\u00e9tudiant international ind\u00e9pendant<\/a>.<\/p>\n<p>[\/et_pb_toggle][et_pb_toggle _builder_version=\u00a0\u00bb3.22.1&Prime; title=\u00a0\u00bbPr\u00e9requis et modalit\u00e9s g\u00e9n\u00e9rales aux parcours de Sciences du Langage\u00a0\u00bb text_shadow_horizontal_length=\u00a0\u00bbtext_shadow_style,%91object Object%93&Prime; text_shadow_vertical_length=\u00a0\u00bbtext_shadow_style,%91object Object%93&Prime; text_shadow_blur_strength=\u00a0\u00bbtext_shadow_style,%91object Object%93&Prime; title_text_shadow_horizontal_length=\u00a0\u00bbtitle_text_shadow_style,%91object Object%93&Prime; title_text_shadow_vertical_length=\u00a0\u00bbtitle_text_shadow_style,%91object Object%93&Prime; title_text_shadow_blur_strength=\u00a0\u00bbtitle_text_shadow_style,%91object Object%93&Prime; body_text_shadow_horizontal_length=\u00a0\u00bbbody_text_shadow_style,%91object Object%93&Prime; body_text_shadow_vertical_length=\u00a0\u00bbbody_text_shadow_style,%91object Object%93&Prime; body_text_shadow_blur_strength=\u00a0\u00bbbody_text_shadow_style,%91object Object%93&Prime; z_index_tablet=\u00a0\u00bb500&Prime;]<\/p>\n<ul>\n<li class=\"level1\">\n<div class=\"li\"><a href=\"https:\/\/wordpress-test.app.u-pariscite.fr\/linguistique\/wp-content\/uploads\/sites\/44\/2021\/07\/Pr\u00e9-requis-et-modalit\u00e9s-de-recrutement-UFRL.pdf\" target=\"_blank\" rel=\"noopener noreferrer\">Pr\u00e9-requis et modalit\u00e9s de recrutement &#8211; UFRL<\/a><\/div>\n<\/li>\n<\/ul>\n<p><strong>Attention: Les proc\u00e9dures de candidature (\u201cEtudes en France\u201d et \u201ceCandidat\u201d) sont obligatoires. Les documents re\u00e7us sans dossier de candidature, sans r\u00e9f\u00e9rence, hors p\u00e9riode ou hors d\u00e9lais ne sont pas conserv\u00e9s.<\/strong><\/p>\n<p>Un relev\u00e9 de notes officiel de l&rsquo;ann\u00e9e pr\u00e9c\u00e9dente \u201cvalid\u00e9e\u201d indiquant que vous \u00eates ADMIS (pas AJAC, AJ ou DEF) vous est demand\u00e9. L\u00e9galement, les L1 et L2 doivent \u00eatre valid\u00e9es pour s&rsquo;inscrire en L3 ; la Licence compl\u00e8te pour s&rsquo;inscrire en M1 ; le M1 complet pour s&rsquo;inscrire en M2. Une impression de l&rsquo;ENT n&rsquo;est pas un document officiel. Les relev\u00e9s de notes provisoires de l&rsquo;ann\u00e9e 2020\/2021 de l&rsquo;UFRL sont disponibles dans <a class=\"urlextern\" title=\"https:\/\/wordpress-test.app.u-pariscite.fr\/mon-dossier-web-lapplication-pour-suivre-sa-scolarite\/\" href=\"https:\/\/wordpress-test.app.u-pariscite.fr\/mon-dossier-web-lapplication-pour-suivre-sa-scolarite\/\" rel=\"nofollow\">MonDossierWeb<\/a>. Les relev\u00e9s de notes d\u00e9finitifs seront envoy\u00e9s par courrier postal ou par courriel APRES LES JURYS<\/p>\n<p>[\/et_pb_toggle][et_pb_toggle _builder_version=\u00a0\u00bb3.22.1&Prime; title=\u00a0\u00bbPr\u00e9requis pour les parcours Linguistique Informatique\u00a0\u00bb text_shadow_horizontal_length=\u00a0\u00bbtext_shadow_style,%91object Object%93&Prime; text_shadow_vertical_length=\u00a0\u00bbtext_shadow_style,%91object Object%93&Prime; text_shadow_blur_strength=\u00a0\u00bbtext_shadow_style,%91object Object%93&Prime; title_text_shadow_horizontal_length=\u00a0\u00bbtitle_text_shadow_style,%91object Object%93&Prime; title_text_shadow_vertical_length=\u00a0\u00bbtitle_text_shadow_style,%91object Object%93&Prime; title_text_shadow_blur_strength=\u00a0\u00bbtitle_text_shadow_style,%91object Object%93&Prime; body_text_shadow_horizontal_length=\u00a0\u00bbbody_text_shadow_style,%91object Object%93&Prime; body_text_shadow_vertical_length=\u00a0\u00bbbody_text_shadow_style,%91object Object%93&Prime; body_text_shadow_blur_strength=\u00a0\u00bbbody_text_shadow_style,%91object Object%93&Prime; z_index_tablet=\u00a0\u00bb500&Prime;]<\/p>\n<ul>\n<li><a href=\"https:\/\/wordpress-test.app.u-pariscite.fr\/linguistique\/futurs-etudiants\/conditions-acces-li\/\">Conditions d\u2019acc\u00e8s et bibliographie pour le parcours Linguistique Informatique (L3 \/ M1 \/ M2)<\/a><\/li>\n<\/ul>\n<p>[\/et_pb_toggle][\/et_pb_column][et_pb_column type=\u00a0\u00bb1_4&Prime;][\/et_pb_column][\/et_pb_row][\/et_pb_section][et_pb_section bb_built=\u00a0\u00bb1&Prime; specialty=\u00a0\u00bboff\u00a0\u00bb _builder_version=\u00a0\u00bb3.21&Prime; custom_padding=\u00a0\u00bb0px||0px|\u00a0\u00bb prev_background_color=\u00a0\u00bb#000000&Prime; inner_width=\u00a0\u00bbauto\u00a0\u00bb inner_max_width=\u00a0\u00bbnone\u00a0\u00bb][et_pb_row _builder_version=\u00a0\u00bb3.19.11&Prime; width=\u00a0\u00bb80%\u00a0\u00bb max_width=\u00a0\u00bb1080px\u00a0\u00bb][et_pb_column type=\u00a0\u00bb4_4&Prime;][et_pb_text admin_label=\u00a0\u00bb\u00c0 lire aussi\u00a0\u00bb _builder_version=\u00a0\u00bb3.21&Prime;]<\/p>\n<h2><span class=\"st\">\u00c0<\/span> lire aussi<\/h2>\n<p>[\/et_pb_text][et_pb_blog _builder_version=\u00a0\u00bb3.21&Prime; posts_number=\u00a0\u00bb4&Prime; include_categories=\u00a0\u00bb13&Prime; show_author=\u00a0\u00bboff\u00a0\u00bb show_date=\u00a0\u00bboff\u00a0\u00bb show_pagination=\u00a0\u00bboff\u00a0\u00bb border_width_bottom_fullwidth=\u00a0\u00bb1px\u00a0\u00bb border_color_bottom_fullwidth=\u00a0\u00bbrgba(51,51,51,0.18)\u00a0\u00bb custom_padding=\u00a0\u00bb||50px|\u00a0\u00bb module_id=\u00a0\u00bbpage_type_blog\u00a0\u00bb header_level=\u00a0\u00bbh4&Prime; \/][\/et_pb_column][\/et_pb_row][\/et_pb_section]<\/p>\n","protected":false},"excerpt":{"rendered":"<div class=\"et_pb_row et_pb_row_0 et_pb_row_empty\"><\/div>\n<div class=\"et_pb_row et_pb_row_1 et_pb_row_empty\"><\/div>\n<p> La proc\u00e9dure de candidature aux formations de l\u2019UFR Linguistique varie selon votre situation.Voir les diff\u00e9rents types de candidature et les dates pour les admissions 2024-2025 en fran\u00e7ais.Choisissez ensuite ci-dessous l&rsquo;onglet qui correspond \u00e0 votre situation. Pour une candidature en M1 (1\u00e8re ann\u00e9e de master), pour tous nos parcours (LTE, LI, Ph&amp;Ph, LADFLE, LAOFLE) :&hellip; <a class=\"continue\" href=\"https:\/\/wordpress-test.app.u-pariscite.fr\/linguistique\/candidater\/\">Lire la suite<span> Candidater<\/span><\/a><\/p>\n","protected":false},"author":321,"featured_media":0,"parent":0,"menu_order":0,"comment_status":"closed","ping_status":"closed","template":"","meta":{"_et_pb_use_builder":"on","_et_pb_old_content":"","_et_gb_content_width":"","footnotes":""},"class_list":["post-659","page","type-page","status-publish","hentry"],"_links":{"self":[{"href":"https:\/\/wordpress-test.app.u-pariscite.fr\/linguistique\/wp-json\/wp\/v2\/pages\/659","targetHints":{"allow":["GET"]}}],"collection":[{"href":"https:\/\/wordpress-test.app.u-pariscite.fr\/linguistique\/wp-json\/wp\/v2\/pages"}],"about":[{"href":"https:\/\/wordpress-test.app.u-pariscite.fr\/linguistique\/wp-json\/wp\/v2\/types\/page"}],"author":[{"embeddable":true,"href":"https:\/\/wordpress-test.app.u-pariscite.fr\/linguistique\/wp-json\/wp\/v2\/users\/321"}],"replies":[{"embeddable":true,"href":"https:\/\/wordpress-test.app.u-pariscite.fr\/linguistique\/wp-json\/wp\/v2\/comments?post=659"}],"version-history":[{"count":50,"href":"https:\/\/wordpress-test.app.u-pariscite.fr\/linguistique\/wp-json\/wp\/v2\/pages\/659\/revisions"}],"predecessor-version":[{"id":2786,"href":"https:\/\/wordpress-test.app.u-pariscite.fr\/linguistique\/wp-json\/wp\/v2\/pages\/659\/revisions\/2786"}],"wp:attachment":[{"href":"https:\/\/wordpress-test.app.u-pariscite.fr\/linguistique\/wp-json\/wp\/v2\/media?parent=659"}],"curies":[{"name":"wp","href":"https:\/\/api.w.org\/{rel}","templated":true}]}}