{"id":360,"date":"2021-07-06T19:47:32","date_gmt":"2021-07-06T17:47:32","guid":{"rendered":"https:\/\/wordpress-test.app.u-pariscite.fr\/linguistique\/?page_id=360"},"modified":"2023-05-24T17:52:12","modified_gmt":"2023-05-24T15:52:12","slug":"modalites-stage","status":"publish","type":"page","link":"https:\/\/wordpress-test.app.u-pariscite.fr\/linguistique\/modalites-stage\/","title":{"rendered":"Modalit\u00e9s de stage par niveau et par parcours"},"content":{"rendered":"<p>[et_pb_section bb_built=\u00a0\u00bb1&Prime; next_background_color=\u00a0\u00bb#000000&Prime; inner_width=\u00a0\u00bbauto\u00a0\u00bb inner_max_width=\u00a0\u00bbnone\u00a0\u00bb][et_pb_row][et_pb_column type=\u00a0\u00bb4_4&Prime;][et_pb_post_title admin_label=\u00a0\u00bbTitre de la page\u00a0\u00bb _builder_version=\u00a0\u00bb3.22.1&Prime; meta=\u00a0\u00bboff\u00a0\u00bb featured_image=\u00a0\u00bboff\u00a0\u00bb \/][\/et_pb_column][\/et_pb_row][et_pb_row][et_pb_column type=\u00a0\u00bb3_4&Prime;][et_pb_text _builder_version=\u00a0\u00bb3.22.1&Prime; module_id=\u00a0\u00bbcontenu\u00a0\u00bb text_text_shadow_horizontal_length=\u00a0\u00bbtext_text_shadow_style,%91object Object%93&Prime; text_text_shadow_vertical_length=\u00a0\u00bbtext_text_shadow_style,%91object Object%93&Prime; text_text_shadow_blur_strength=\u00a0\u00bbtext_text_shadow_style,%91object Object%93&Prime; link_text_shadow_horizontal_length=\u00a0\u00bblink_text_shadow_style,%91object Object%93&Prime; link_text_shadow_vertical_length=\u00a0\u00bblink_text_shadow_style,%91object Object%93&Prime; link_text_shadow_blur_strength=\u00a0\u00bblink_text_shadow_style,%91object Object%93&Prime; ul_text_shadow_horizontal_length=\u00a0\u00bbul_text_shadow_style,%91object Object%93&Prime; ul_text_shadow_vertical_length=\u00a0\u00bbul_text_shadow_style,%91object Object%93&Prime; ul_text_shadow_blur_strength=\u00a0\u00bbul_text_shadow_style,%91object Object%93&Prime; ol_text_shadow_horizontal_length=\u00a0\u00bbol_text_shadow_style,%91object Object%93&Prime; ol_text_shadow_vertical_length=\u00a0\u00bbol_text_shadow_style,%91object Object%93&Prime; ol_text_shadow_blur_strength=\u00a0\u00bbol_text_shadow_style,%91object Object%93&Prime; quote_text_shadow_horizontal_length=\u00a0\u00bbquote_text_shadow_style,%91object Object%93&Prime; quote_text_shadow_vertical_length=\u00a0\u00bbquote_text_shadow_style,%91object Object%93&Prime; quote_text_shadow_blur_strength=\u00a0\u00bbquote_text_shadow_style,%91object Object%93&Prime; header_text_shadow_horizontal_length=\u00a0\u00bbheader_text_shadow_style,%91object Object%93&Prime; header_text_shadow_vertical_length=\u00a0\u00bbheader_text_shadow_style,%91object Object%93&Prime; header_text_shadow_blur_strength=\u00a0\u00bbheader_text_shadow_style,%91object Object%93&Prime; header_2_text_shadow_horizontal_length=\u00a0\u00bbheader_2_text_shadow_style,%91object Object%93&Prime; header_2_text_shadow_vertical_length=\u00a0\u00bbheader_2_text_shadow_style,%91object Object%93&Prime; header_2_text_shadow_blur_strength=\u00a0\u00bbheader_2_text_shadow_style,%91object Object%93&Prime; header_3_text_shadow_horizontal_length=\u00a0\u00bbheader_3_text_shadow_style,%91object Object%93&Prime; header_3_text_shadow_vertical_length=\u00a0\u00bbheader_3_text_shadow_style,%91object Object%93&Prime; header_3_text_shadow_blur_strength=\u00a0\u00bbheader_3_text_shadow_style,%91object Object%93&Prime; header_4_text_shadow_horizontal_length=\u00a0\u00bbheader_4_text_shadow_style,%91object Object%93&Prime; header_4_text_shadow_vertical_length=\u00a0\u00bbheader_4_text_shadow_style,%91object Object%93&Prime; header_4_text_shadow_blur_strength=\u00a0\u00bbheader_4_text_shadow_style,%91object Object%93&Prime; header_5_text_shadow_horizontal_length=\u00a0\u00bbheader_5_text_shadow_style,%91object Object%93&Prime; header_5_text_shadow_vertical_length=\u00a0\u00bbheader_5_text_shadow_style,%91object Object%93&Prime; header_5_text_shadow_blur_strength=\u00a0\u00bbheader_5_text_shadow_style,%91object Object%93&Prime; header_6_text_shadow_horizontal_length=\u00a0\u00bbheader_6_text_shadow_style,%91object Object%93&Prime; header_6_text_shadow_vertical_length=\u00a0\u00bbheader_6_text_shadow_style,%91object Object%93&Prime; header_6_text_shadow_blur_strength=\u00a0\u00bbheader_6_text_shadow_style,%91object Object%93&Prime; z_index_tablet=\u00a0\u00bb500&Prime;]<\/p>\n<p>Pour tous les parcours et niveaux, les stages peuvent se faire de fa\u00e7on \u00ab perl\u00e9e \u00bb (par ex. un jour par semaine). <br \/><strong>NB<\/strong>: prenez bien connaissance \u00e9galement du <a href=\"https:\/\/cloud.parisdescartes.fr\/index.php\/s\/3xPwoSHQmLmpPG2\">MEMENTO Stage<\/a><\/p>\n<p><strong>NB<\/strong>: Pour les parcours requ\u00e9rant une validation du stage (via <a href=\"https:\/\/cloud.parisdescartes.fr\/index.php\/s\/fFYAsk42szxs8Yg\">ce formulaire<\/a>), la date limite d&rsquo;envoi est le 31 ao\u00fbt, mais <strong>vous ne pouvez pas valider votre ann\u00e9e tant que le formulaire n&rsquo;a pas \u00e9t\u00e9 re\u00e7u par la scolarit\u00e9<\/strong>. Donc en pratique, si votre stage se termine tard en \u00e9t\u00e9, vous avez int\u00e9r\u00eat \u00e0 demander la validation du formulaire par votre encadrant avant la fin du stage, de mani\u00e8re \u00e0 valider votre ann\u00e9e.<\/p>\n<p>[\/et_pb_text][et_pb_toggle _builder_version=\u00a0\u00bb3.22.1&Prime; title=\u00a0\u00bbNiveau Licence (L3)\u00a0\u00bb text_shadow_horizontal_length=\u00a0\u00bbtext_shadow_style,%91object Object%93&Prime; text_shadow_vertical_length=\u00a0\u00bbtext_shadow_style,%91object Object%93&Prime; text_shadow_blur_strength=\u00a0\u00bbtext_shadow_style,%91object Object%93&Prime; title_text_shadow_horizontal_length=\u00a0\u00bbtitle_text_shadow_style,%91object Object%93&Prime; title_text_shadow_vertical_length=\u00a0\u00bbtitle_text_shadow_style,%91object Object%93&Prime; title_text_shadow_blur_strength=\u00a0\u00bbtitle_text_shadow_style,%91object Object%93&Prime; body_text_shadow_horizontal_length=\u00a0\u00bbbody_text_shadow_style,%91object Object%93&Prime; body_text_shadow_vertical_length=\u00a0\u00bbbody_text_shadow_style,%91object Object%93&Prime; body_text_shadow_blur_strength=\u00a0\u00bbbody_text_shadow_style,%91object Object%93&Prime; z_index_tablet=\u00a0\u00bb500&Prime;]<\/p>\n<h4><strong>Linguistique Informatique<\/strong><\/h4>\n<ul>\n<li>Stage obligatoire d&rsquo;une dur\u00e9e d&rsquo;au moins 35h (1 semaine \u00e0 temps plein).<\/li>\n<li><strong>Validation<\/strong> : Le stage n&rsquo;est pas not\u00e9, mais il doit \u00eatre valid\u00e9. Pour cela, il faut que le tuteur\/tutrice du stage envoie <a href=\"https:\/\/cloud.parisdescartes.fr\/index.php\/s\/fFYAsk42szxs8Yg\">ce formulaire<\/a> \u00a0au service de scolarit\u00e9, avec le ou la responsable de la L3 LI en copie.<\/li>\n<\/ul>\n<h4><strong>Linguistique Th\u00e9orique et Exp\u00e9rimentale<\/strong><\/h4>\n<ul>\n<li>Stage obligatoire d&rsquo;une dur\u00e9e d&rsquo;au moins 70h (2 semaines \u00e0 temps plein).<\/li>\n<li><strong>Validation<\/strong> : Le stage n&rsquo;est pas not\u00e9, mais il doit \u00eatre valid\u00e9. Pour cela, il faut envoyer :\n<ul>\n<li>un compte rendu de 1-2 pages au\/\u00e0 la responsable de la L3 LTE;<\/li>\n<li><a href=\"https:\/\/cloud.parisdescartes.fr\/index.php\/s\/3XnRoF73XfDrm59\" target=\"_blank\" rel=\"noopener noreferrer\">ce formulaire<\/a>, remplis par le tuteur\/tutrice, au service de scolarit\u00e9, avec le ou la responsable de la L3 LTE en copie.<\/li>\n<\/ul>\n<\/li>\n<\/ul>\n<h4><strong>Linguistique et Fran\u00e7ais Langue \u00c9trang\u00e8re \u00a0<\/strong><\/h4>\n<ul>\n<li>Stage obligatoire d&rsquo;une dur\u00e9e d&rsquo;au moins 35h (1 semaine \u00e0 temps plein).<\/li>\n<li>Le stage de FLE est un stage d&rsquo;observation qui doit faire l&rsquo;objet d&rsquo;une pr\u00e9paration.<\/li>\n<li><strong>Validation<\/strong>: <em>voir avec le\/la responsable p\u00e9dagogique du parcours FLE <\/em>(Carla Soares Jesel, carla.soaresjesel@wordpress-test.app.u-pariscite.fr)<\/li>\n<\/ul>\n<h4><strong>Bi-licence Lettres\/Sciences du Langage<\/strong><\/h4>\n<p>Pour les \u00e9tudiant.e.s qui ont choisi le parcours \u201cFLE\u201d :<\/p>\n<ul>\n<li>voir les modalit\u00e9s de stage du parcours \u201cLinguistique et Fran\u00e7ais Langue Etrang\u00e8re\u201d ci-dessus.<\/li>\n<\/ul>\n<p>Pour les \u00e9tudiant.e.s qui ont choisi le parcours \u201cLinguistique\u201d :<\/p>\n<ul>\n<li>stage obligatoire d&rsquo;une dur\u00e9e d&rsquo;au moins 35h (1 semaine \u00e0 temps plein).<\/li>\n<li><strong>Validation<\/strong> : Le stage n&rsquo;est pas not\u00e9, mais il doit \u00eatre valid\u00e9.\n<ul>\n<li>Pour cela,\u00a0il faut envoyer un compte rendu de 1-2 pages \u00e0 la responsable du bloc Sciences du langage de la bi-licence (Lisa Brunetti, lisa.brunetti@wordpress-test.app.u-pariscite.fr);<\/li>\n<li>le tuteur\/tutrice du stage doit envoyer <a href=\"https:\/\/cloud.parisdescartes.fr\/index.php\/s\/3XnRoF73XfDrm59\" target=\"_blank\" rel=\"noopener noreferrer\">ce formulaire<\/a>\u00a0\u00a0\u00e0 la responsable du bloc Sciences du langage de la bi-licence.<\/li>\n<\/ul>\n<\/li>\n<\/ul>\n<p>[\/et_pb_toggle][et_pb_toggle _builder_version=\u00a0\u00bb3.22.1&Prime; title=\u00a0\u00bbNiveau Master (M1)\u00a0\u00bb text_shadow_horizontal_length=\u00a0\u00bbtext_shadow_style,%91object Object%93&Prime; text_shadow_vertical_length=\u00a0\u00bbtext_shadow_style,%91object Object%93&Prime; text_shadow_blur_strength=\u00a0\u00bbtext_shadow_style,%91object Object%93&Prime; title_text_shadow_horizontal_length=\u00a0\u00bbtitle_text_shadow_style,%91object Object%93&Prime; title_text_shadow_vertical_length=\u00a0\u00bbtitle_text_shadow_style,%91object Object%93&Prime; title_text_shadow_blur_strength=\u00a0\u00bbtitle_text_shadow_style,%91object Object%93&Prime; body_text_shadow_horizontal_length=\u00a0\u00bbbody_text_shadow_style,%91object Object%93&Prime; body_text_shadow_vertical_length=\u00a0\u00bbbody_text_shadow_style,%91object Object%93&Prime; body_text_shadow_blur_strength=\u00a0\u00bbbody_text_shadow_style,%91object Object%93&Prime; z_index_tablet=\u00a0\u00bb500&Prime;]<\/p>\n<h4><strong>Linguistique Informatique<\/strong><\/h4>\n<ul>\n<li>Dur\u00e9e minimale : l&rsquo;\u00e9quivalent d&rsquo;un mois \u00e0 temps plein (22 jours, 154h).<\/li>\n<li>M\u00eame si \u00e7a n&rsquo;est pas une obligation l\u00e9gale, les stages de M1 LI non r\u00e9mun\u00e9r\u00e9s ne seront pas accept\u00e9s par l&rsquo;\u00e9quipe p\u00e9dagogique.<\/li>\n<li><strong>Validation<\/strong>: le stage obligatoire n&rsquo;est pas not\u00e9, mais il doit \u00eatre valid\u00e9. Pour cela, il faut faire remplir <a href=\"https:\/\/cloud.parisdescartes.fr\/index.php\/s\/3XnRoF73XfDrm59\">ce formulaire <\/a>par l&rsquo;encadrant.e de stage et qu&rsquo;il\/elle l&rsquo;envoie au service de scolarit\u00e9, avec copie au responsable du M1 LI.<\/li>\n<\/ul>\n<h4><strong>Linguistique Th\u00e9orique et Exp\u00e9rimentale<\/strong><\/h4>\n<ul>\n<li>Dur\u00e9e minimale : 70h, c&rsquo;est-\u00e0-dire 2 semaines \u00e0 temps plein.<\/li>\n<li>Stage non r\u00e9mun\u00e9r\u00e9 le plus souvent, mais il y a des exceptions.<\/li>\n<li>Le stage peut durer plus longtemps si les employeurs le proposent.<\/li>\n<li>Le choix du stage se fait en accord avec le responsable p\u00e9dagogique de l&rsquo;ann\u00e9e, qui signe aussi la convention (<em>enseignant-r\u00e9f\u00e9rent<\/em>).<\/li>\n<li><strong>Validation<\/strong>: Le stage obligatoire n&rsquo;est pas not\u00e9, mais il doit \u00eatre valid\u00e9. Pour cela il faut envoyer un rapport de 2 pages au responsable d&rsquo;ann\u00e9e, et il faut que l&rsquo;encadrant du stage envoie <a href=\"https:\/\/cloud.parisdescartes.fr\/index.php\/s\/3XnRoF73XfDrm59\" target=\"_blank\" rel=\"noopener noreferrer\">ce formulaire <\/a>au service de scolarit\u00e9, avant le 31 ao\u00fbt.<\/li>\n<\/ul>\n<h4><strong>Linguistique Appliqu\u00e9e \u00e0 la Didactique du FLE<\/strong><\/h4>\n<ul>\n<li>Dur\u00e9e minimale : 60h d&rsquo;observation, ou toute combinaison jug\u00e9e \u00e9quivalente par la responsable p\u00e9dagogique de l&rsquo;ann\u00e9e.<\/li>\n<li>Stage non r\u00e9mun\u00e9r\u00e9 le plus souvent, mais il y a des exceptions.<\/li>\n<li>Le stage peut durer plus longtemps si les employeurs le proposent.<\/li>\n<li>Le stage peut s&rsquo;effectuer de fa\u00e7on \u201cperl\u00e9e\u201d (par exemple 1 jour par semaine), ou de fa\u00e7on intensive (pendant les vacances de printemps).<\/li>\n<li>Le choix du stage se fait en accord avec le responsable p\u00e9dagogique de l&rsquo;ann\u00e9e, qui signe aussi la convention (<em>enseignant-r\u00e9f\u00e9rent<\/em>).<\/li>\n<\/ul>\n<p>[\/et_pb_toggle][\/et_pb_column][et_pb_column type=\u00a0\u00bb1_4&Prime;][\/et_pb_column][\/et_pb_row][\/et_pb_section][et_pb_section bb_built=\u00a0\u00bb1&Prime; specialty=\u00a0\u00bboff\u00a0\u00bb _builder_version=\u00a0\u00bb3.21&Prime; custom_padding=\u00a0\u00bb0px||0px|\u00a0\u00bb prev_background_color=\u00a0\u00bb#000000&Prime; inner_width=\u00a0\u00bbauto\u00a0\u00bb inner_max_width=\u00a0\u00bbnone\u00a0\u00bb][et_pb_row _builder_version=\u00a0\u00bb3.19.11&Prime; width=\u00a0\u00bb80%\u00a0\u00bb max_width=\u00a0\u00bb1080px\u00a0\u00bb][et_pb_column type=\u00a0\u00bb4_4&Prime;][et_pb_text admin_label=\u00a0\u00bb\u00c0 lire aussi\u00a0\u00bb _builder_version=\u00a0\u00bb3.21&Prime;]<\/p>\n<h2><span class=\"st\">\u00c0<\/span> lire aussi<\/h2>\n<p>[\/et_pb_text][et_pb_blog _builder_version=\u00a0\u00bb3.21&Prime; posts_number=\u00a0\u00bb4&Prime; include_categories=\u00a0\u00bb13&Prime; show_author=\u00a0\u00bboff\u00a0\u00bb show_date=\u00a0\u00bboff\u00a0\u00bb show_pagination=\u00a0\u00bboff\u00a0\u00bb border_width_bottom_fullwidth=\u00a0\u00bb1px\u00a0\u00bb border_color_bottom_fullwidth=\u00a0\u00bbrgba(51,51,51,0.18)\u00a0\u00bb custom_padding=\u00a0\u00bb||50px|\u00a0\u00bb module_id=\u00a0\u00bbpage_type_blog\u00a0\u00bb header_level=\u00a0\u00bbh4&Prime; \/][\/et_pb_column][\/et_pb_row][\/et_pb_section]<\/p>\n","protected":false},"excerpt":{"rendered":"<div class=\"et_pb_row et_pb_row_0 et_pb_row_empty\"><\/div>\n<div class=\"et_pb_row et_pb_row_1 et_pb_row_empty\"><\/div>\n<p> Pour tous les parcours et niveaux, les stages peuvent se faire de fa\u00e7on \u00ab perl\u00e9e \u00bb (par ex. un jour par semaine). NB: prenez bien connaissance \u00e9galement du MEMENTO Stage NB: Pour les parcours requ\u00e9rant une validation du stage (via ce formulaire), la date limite d&rsquo;envoi est le 31 ao\u00fbt, mais vous ne pouvez&hellip; <a class=\"continue\" href=\"https:\/\/wordpress-test.app.u-pariscite.fr\/linguistique\/modalites-stage\/\">Lire la suite<span> Modalit\u00e9s de stage par niveau et par parcours<\/span><\/a><\/p>\n","protected":false},"author":323,"featured_media":0,"parent":0,"menu_order":0,"comment_status":"closed","ping_status":"closed","template":"","meta":{"_et_pb_use_builder":"on","_et_pb_old_content":"","_et_gb_content_width":"","footnotes":""},"class_list":["post-360","page","type-page","status-publish","hentry"],"_links":{"self":[{"href":"https:\/\/wordpress-test.app.u-pariscite.fr\/linguistique\/wp-json\/wp\/v2\/pages\/360","targetHints":{"allow":["GET"]}}],"collection":[{"href":"https:\/\/wordpress-test.app.u-pariscite.fr\/linguistique\/wp-json\/wp\/v2\/pages"}],"about":[{"href":"https:\/\/wordpress-test.app.u-pariscite.fr\/linguistique\/wp-json\/wp\/v2\/types\/page"}],"author":[{"embeddable":true,"href":"https:\/\/wordpress-test.app.u-pariscite.fr\/linguistique\/wp-json\/wp\/v2\/users\/323"}],"replies":[{"embeddable":true,"href":"https:\/\/wordpress-test.app.u-pariscite.fr\/linguistique\/wp-json\/wp\/v2\/comments?post=360"}],"version-history":[{"count":41,"href":"https:\/\/wordpress-test.app.u-pariscite.fr\/linguistique\/wp-json\/wp\/v2\/pages\/360\/revisions"}],"predecessor-version":[{"id":2592,"href":"https:\/\/wordpress-test.app.u-pariscite.fr\/linguistique\/wp-json\/wp\/v2\/pages\/360\/revisions\/2592"}],"wp:attachment":[{"href":"https:\/\/wordpress-test.app.u-pariscite.fr\/linguistique\/wp-json\/wp\/v2\/media?parent=360"}],"curies":[{"name":"wp","href":"https:\/\/api.w.org\/{rel}","templated":true}]}}