{"id":965,"date":"2021-12-08T15:17:50","date_gmt":"2021-12-08T14:17:50","guid":{"rendered":"https:\/\/wordpress-test.app.u-pariscite.fr\/ghes\/?page_id=965"},"modified":"2022-01-24T15:46:26","modified_gmt":"2022-01-24T14:46:26","slug":"debouches-professionnels-departement-deconomie","status":"publish","type":"page","link":"https:\/\/wordpress-test.app.u-pariscite.fr\/ghes\/debouches-professionnels-departement-deconomie\/","title":{"rendered":"D\u00e9bouch\u00e9s professionnels, d\u00e9partement d&rsquo;\u00e9conomie"},"content":{"rendered":"<p>[et_pb_section bb_built=\u00a0\u00bb1&Prime; next_background_color=\u00a0\u00bb#000000&Prime; inner_width=\u00a0\u00bbauto\u00a0\u00bb inner_max_width=\u00a0\u00bbnone\u00a0\u00bb][et_pb_row][et_pb_column type=\u00a0\u00bb4_4&Prime;][et_pb_post_title admin_label=\u00a0\u00bbTitre de la page\u00a0\u00bb _builder_version=\u00a0\u00bb3.19.11&Prime; meta=\u00a0\u00bboff\u00a0\u00bb featured_image=\u00a0\u00bboff\u00a0\u00bb \/][\/et_pb_column][\/et_pb_row][et_pb_row][et_pb_column type=\u00a0\u00bb3_4&Prime;][et_pb_text _builder_version=\u00a0\u00bb3.22.1&Prime; module_id=\u00a0\u00bbcontenu\u00a0\u00bb text_text_shadow_horizontal_length=\u00a0\u00bbtext_text_shadow_style,%91object Object%93&Prime; text_text_shadow_vertical_length=\u00a0\u00bbtext_text_shadow_style,%91object Object%93&Prime; text_text_shadow_blur_strength=\u00a0\u00bbtext_text_shadow_style,%91object Object%93&Prime; link_text_shadow_horizontal_length=\u00a0\u00bblink_text_shadow_style,%91object Object%93&Prime; link_text_shadow_vertical_length=\u00a0\u00bblink_text_shadow_style,%91object Object%93&Prime; link_text_shadow_blur_strength=\u00a0\u00bblink_text_shadow_style,%91object Object%93&Prime; ul_text_shadow_horizontal_length=\u00a0\u00bbul_text_shadow_style,%91object Object%93&Prime; ul_text_shadow_vertical_length=\u00a0\u00bbul_text_shadow_style,%91object Object%93&Prime; ul_text_shadow_blur_strength=\u00a0\u00bbul_text_shadow_style,%91object Object%93&Prime; ol_text_shadow_horizontal_length=\u00a0\u00bbol_text_shadow_style,%91object Object%93&Prime; ol_text_shadow_vertical_length=\u00a0\u00bbol_text_shadow_style,%91object Object%93&Prime; ol_text_shadow_blur_strength=\u00a0\u00bbol_text_shadow_style,%91object Object%93&Prime; quote_text_shadow_horizontal_length=\u00a0\u00bbquote_text_shadow_style,%91object Object%93&Prime; quote_text_shadow_vertical_length=\u00a0\u00bbquote_text_shadow_style,%91object Object%93&Prime; quote_text_shadow_blur_strength=\u00a0\u00bbquote_text_shadow_style,%91object Object%93&Prime; header_text_shadow_horizontal_length=\u00a0\u00bbheader_text_shadow_style,%91object Object%93&Prime; header_text_shadow_vertical_length=\u00a0\u00bbheader_text_shadow_style,%91object Object%93&Prime; header_text_shadow_blur_strength=\u00a0\u00bbheader_text_shadow_style,%91object Object%93&Prime; header_2_text_shadow_horizontal_length=\u00a0\u00bbheader_2_text_shadow_style,%91object Object%93&Prime; header_2_text_shadow_vertical_length=\u00a0\u00bbheader_2_text_shadow_style,%91object Object%93&Prime; header_2_text_shadow_blur_strength=\u00a0\u00bbheader_2_text_shadow_style,%91object Object%93&Prime; header_3_text_shadow_horizontal_length=\u00a0\u00bbheader_3_text_shadow_style,%91object Object%93&Prime; header_3_text_shadow_vertical_length=\u00a0\u00bbheader_3_text_shadow_style,%91object Object%93&Prime; header_3_text_shadow_blur_strength=\u00a0\u00bbheader_3_text_shadow_style,%91object Object%93&Prime; header_4_text_shadow_horizontal_length=\u00a0\u00bbheader_4_text_shadow_style,%91object Object%93&Prime; header_4_text_shadow_vertical_length=\u00a0\u00bbheader_4_text_shadow_style,%91object Object%93&Prime; header_4_text_shadow_blur_strength=\u00a0\u00bbheader_4_text_shadow_style,%91object Object%93&Prime; header_5_text_shadow_horizontal_length=\u00a0\u00bbheader_5_text_shadow_style,%91object Object%93&Prime; header_5_text_shadow_vertical_length=\u00a0\u00bbheader_5_text_shadow_style,%91object Object%93&Prime; header_5_text_shadow_blur_strength=\u00a0\u00bbheader_5_text_shadow_style,%91object Object%93&Prime; header_6_text_shadow_horizontal_length=\u00a0\u00bbheader_6_text_shadow_style,%91object Object%93&Prime; header_6_text_shadow_vertical_length=\u00a0\u00bbheader_6_text_shadow_style,%91object Object%93&Prime; header_6_text_shadow_blur_strength=\u00a0\u00bbheader_6_text_shadow_style,%91object Object%93&Prime; z_index_tablet=\u00a0\u00bb500&Prime;]<\/p>\n<h2>Licence \u00e9conomie <\/h2>\n<p>La formation g\u00e9n\u00e9raliste en \u00e9conomie, dans une perspective ouverte aux autres sciences sociales dispens\u00e9e en licence vise, d\u2019une mani\u00e8re g\u00e9n\u00e9rale, \u00e0 r\u00e9pondre aux besoins d\u2019encadrement des entreprises et des administrations.<\/p>\n<blockquote>\n<p>La licence pr\u00e9pare notamment \u2013 mais pas exclusivement, bien s\u00fbr \u2013 aux trois parcours de masters propos\u00e9s par le d\u00e9partement d\u2019\u00e9conomie.<\/p>\n<\/blockquote>\n<p>La double licence \u00e9conomie et g\u00e9ographie ouvre \u00e9galement la possibilit\u00e9 d\u2019une poursuite d\u2019\u00e9tude dans cette derni\u00e8re discipline.<\/p>\n<p>\u00a0<\/p>\n<p>\u00a0<\/p>\n<h2>Master MECI, parcours CCESE <\/h2>\n<p>\u00a0<\/p>\n<p>Ce cursus forme aux m\u00e9tiers de charg\u00e9s d\u2019\u00e9tudes, de charg\u00e9s de mission et de consultants, dans des domaines tels que la gestion des ressources humaines, l\u2019analyse de la conjoncture, les \u00e9tudes de secteurs, la strat\u00e9gie d\u2019entreprise et le management, le marketing (\u00e9tudes de march\u00e9), les \u00e9tudes d\u2019opinion, l\u2019\u00e9conomie sociale et solidaire.<\/p>\n<p>\u00a0<\/p>\n<h2>Master MECI, parcours PiSE <\/h2>\n<p>\u00a0<\/p>\n<p>Ce parcours pr\u00e9pare ses dipl\u00f4m\u00e9s \u00e0 exercer les fonctions ayant trait au\u00a0conseil et audit\u00a0en syst\u00e8mes d\u2019information, \u00e0 la\u00a0conduite de projets informatiques\u00a0(ma\u00eetrise d\u2019ouvrage, recette, test, etc.), aux m\u00e9tiers de\u00a0double comp\u00e9tence informatique, aux fonctions d\u2019interface, \u00e0\u00a0l\u2019analyse\u00a0et au\u00a0d\u00e9veloppement, \u00e0 la\u00a0formation\u00a0et\u00a0l\u2019assistance\u00a0aux utilisateurs. Il pr\u00e9pare \u00e9galement, par son option\u00a0Data, aux carri\u00e8res de\u00a0data analyst\u00a0et de\u00a0data scientist.<\/p>\n<p>\u00a0<\/p>\n<h2>Master APE <\/h2>\n<p>\u00a0<\/p>\n<p>Il offre aux \u00e9tudiants la possibilit\u00e9 de poursuivre une formation dans la recherche en \u00e9conomie et sciences sociales dans une logique pluridisciplinaire\u00a0: \u00e9conomie et territoire, \u00e9conomie et g\u00e9ographie, \u00e9conomie et sociologie, \u00e9conomie et histoire des faits \u00e9conomiques, etc. Cette perspective offre des d\u00e9bouch\u00e9s tant dans les m\u00e9tiers de la recherche et de l\u2019enseignement sup\u00e9rieur que dans le monde professionnel.<\/p>\n<p>\u00a0<\/p>\n<p>[\/et_pb_text][\/et_pb_column][et_pb_column type=\u00a0\u00bb1_4&Prime;][\/et_pb_column][\/et_pb_row][\/et_pb_section][et_pb_section bb_built=\u00a0\u00bb1&Prime; specialty=\u00a0\u00bboff\u00a0\u00bb _builder_version=\u00a0\u00bb3.21&Prime; custom_padding=\u00a0\u00bb0px||0px|\u00a0\u00bb prev_background_color=\u00a0\u00bb#000000&Prime; inner_width=\u00a0\u00bbauto\u00a0\u00bb inner_max_width=\u00a0\u00bbnone\u00a0\u00bb][et_pb_row _builder_version=\u00a0\u00bb3.19.11&Prime; width=\u00a0\u00bb80%\u00a0\u00bb max_width=\u00a0\u00bb1080px\u00a0\u00bb][et_pb_column type=\u00a0\u00bb4_4&Prime;][et_pb_text admin_label=\u00a0\u00bb\u00c0 lire aussi\u00a0\u00bb _builder_version=\u00a0\u00bb3.21&Prime;]<\/p>\n<h2><span class=\"st\">\u00c0<\/span> lire aussi<\/h2>\n<p>[\/et_pb_text][et_pb_blog _builder_version=\u00a0\u00bb3.21&Prime; posts_number=\u00a0\u00bb4&Prime; include_categories=\u00a0\u00bb13&Prime; show_author=\u00a0\u00bboff\u00a0\u00bb show_date=\u00a0\u00bboff\u00a0\u00bb show_pagination=\u00a0\u00bboff\u00a0\u00bb border_width_bottom_fullwidth=\u00a0\u00bb1px\u00a0\u00bb border_color_bottom_fullwidth=\u00a0\u00bbrgba(51,51,51,0.18)\u00a0\u00bb custom_padding=\u00a0\u00bb||50px|\u00a0\u00bb module_id=\u00a0\u00bbpage_type_blog\u00a0\u00bb header_level=\u00a0\u00bbh4&Prime; \/][\/et_pb_column][\/et_pb_row][\/et_pb_section]<\/p>\n","protected":false},"excerpt":{"rendered":"<div class=\"et_pb_row et_pb_row_0 et_pb_row_empty\"><\/div>\n<div class=\"et_pb_row et_pb_row_1 et_pb_row_empty\"><\/div>\n<p> Licence \u00e9conomie La formation g\u00e9n\u00e9raliste en \u00e9conomie, dans une perspective ouverte aux autres sciences sociales dispens\u00e9e en licence vise, d\u2019une mani\u00e8re g\u00e9n\u00e9rale, \u00e0 r\u00e9pondre aux besoins d\u2019encadrement des entreprises et des administrations.La licence pr\u00e9pare notamment \u2013 mais pas exclusivement, bien s\u00fbr \u2013 aux trois parcours de masters propos\u00e9s par le d\u00e9partement d\u2019\u00e9conomie.La double licence&hellip; <a class=\"continue\" href=\"https:\/\/wordpress-test.app.u-pariscite.fr\/ghes\/debouches-professionnels-departement-deconomie\/\">Lire la suite<span> D\u00e9bouch\u00e9s professionnels, d\u00e9partement d&rsquo;\u00e9conomie<\/span><\/a><\/p>\n","protected":false},"author":248,"featured_media":0,"parent":0,"menu_order":0,"comment_status":"closed","ping_status":"closed","template":"","meta":{"_et_pb_use_builder":"on","_et_pb_old_content":"","_et_gb_content_width":"","footnotes":""},"class_list":["post-965","page","type-page","status-publish","hentry"],"_links":{"self":[{"href":"https:\/\/wordpress-test.app.u-pariscite.fr\/ghes\/wp-json\/wp\/v2\/pages\/965","targetHints":{"allow":["GET"]}}],"collection":[{"href":"https:\/\/wordpress-test.app.u-pariscite.fr\/ghes\/wp-json\/wp\/v2\/pages"}],"about":[{"href":"https:\/\/wordpress-test.app.u-pariscite.fr\/ghes\/wp-json\/wp\/v2\/types\/page"}],"author":[{"embeddable":true,"href":"https:\/\/wordpress-test.app.u-pariscite.fr\/ghes\/wp-json\/wp\/v2\/users\/248"}],"replies":[{"embeddable":true,"href":"https:\/\/wordpress-test.app.u-pariscite.fr\/ghes\/wp-json\/wp\/v2\/comments?post=965"}],"version-history":[{"count":3,"href":"https:\/\/wordpress-test.app.u-pariscite.fr\/ghes\/wp-json\/wp\/v2\/pages\/965\/revisions"}],"predecessor-version":[{"id":994,"href":"https:\/\/wordpress-test.app.u-pariscite.fr\/ghes\/wp-json\/wp\/v2\/pages\/965\/revisions\/994"}],"wp:attachment":[{"href":"https:\/\/wordpress-test.app.u-pariscite.fr\/ghes\/wp-json\/wp\/v2\/media?parent=965"}],"curies":[{"name":"wp","href":"https:\/\/api.w.org\/{rel}","templated":true}]}}