{"id":534,"date":"2021-10-14T09:14:01","date_gmt":"2021-10-14T07:14:01","guid":{"rendered":"https:\/\/wordpress-test.app.u-pariscite.fr\/ghes\/?page_id=534"},"modified":"2023-07-27T12:06:58","modified_gmt":"2023-07-27T10:06:58","slug":"presentation-departement-geographie","status":"publish","type":"page","link":"https:\/\/wordpress-test.app.u-pariscite.fr\/ghes\/presentation-departement-geographie\/","title":{"rendered":"Pr\u00e9sentation du d\u00e9partement de g\u00e9ographie"},"content":{"rendered":"<p>[et_pb_section fb_built=\u00a0\u00bb1&Prime; _builder_version=\u00a0\u00bb3.22&Prime;][et_pb_row _builder_version=\u00a0\u00bb3.22&Prime; background_size=\u00a0\u00bbinitial\u00a0\u00bb background_position=\u00a0\u00bbtop_left\u00a0\u00bb background_repeat=\u00a0\u00bbrepeat\u00a0\u00bb][et_pb_column type=\u00a0\u00bb4_4&Prime; _builder_version=\u00a0\u00bb3.0.47&Prime;][et_pb_post_title meta=\u00a0\u00bboff\u00a0\u00bb featured_image=\u00a0\u00bboff\u00a0\u00bb admin_label=\u00a0\u00bbTitre de la page\u00a0\u00bb _builder_version=\u00a0\u00bb3.19.11&Prime;]<br \/>\n[\/et_pb_post_title][\/et_pb_column][\/et_pb_row][et_pb_row _builder_version=\u00a0\u00bb3.22&Prime; background_size=\u00a0\u00bbinitial\u00a0\u00bb background_position=\u00a0\u00bbtop_left\u00a0\u00bb background_repeat=\u00a0\u00bbrepeat\u00a0\u00bb][et_pb_column type=\u00a0\u00bb3_4&Prime; _builder_version=\u00a0\u00bb3.0.47&Prime;][et_pb_text admin_label=\u00a0\u00bbIntro\u00a0\u00bb module_id=\u00a0\u00bbintro\u00a0\u00bb _builder_version=\u00a0\u00bb3.22.1&Prime; custom_padding=\u00a0\u00bb1px|4px||1px||\u00a0\u00bb z_index_tablet=\u00a0\u00bb500&Prime;]<\/p>\n<div class=\"page\" title=\"Page 1\">\n<div class=\"layoutArea\">\n<div class=\"column\">\n<h3><span style=\"font-size: x-large\">On ne na\u00eet pas g\u00e9ographe\u00a0: on le devient\u2026<\/span><\/h3>\n<h4><\/h4>\n<p><span style=\"font-size: medium\"><strong>D\u00e9crire<\/strong> <strong>et<\/strong> <strong>comprendre<\/strong> <strong>le<\/strong> <strong>monde<\/strong> : voil\u00e0 qui pr\u00e9occupe l\u2019esprit humain depuis longtemps. Toutefois vaste est la Terre, complexes sont les relations qui la composent. Quelles relations\u00a0? Sociales, biologiques, physiques. Celles des humains \u00e0 leur environnement, \u00e0 leurs espaces\u00a0; celles du climat, de l\u2019hydrologie, du relief et de leurs interactions avec les soci\u00e9t\u00e9s humaines, v\u00e9g\u00e9tales ou animales. Autant de th\u00e8mes que la g\u00e9ographie a pour objet d\u2019\u00e9tude. Mais oubliez l\u2019inventaire encyclop\u00e9dique fait de descriptions patientes des lieux\u00a0; si c\u2019est ce que vous connaissez de la g\u00e9ographie, <strong>red\u00e9couvrez-l\u00e0\u00a0!<\/strong><\/span><\/p>\n<p><span style=\"font-size: medium\">\u00catre g\u00e9ographe aujourd\u2019hui ce n\u2019est pas r\u00e9pondre seulement \u00e0 \u00ab\u00a0o\u00f9\u00a0?\u00a0\u00bb mais aussi tel que le faisait le g\u00e9ographe Fran\u00e7ois Durand-Dast\u00e8s \u00e0 \u00ab\u00a0pourquoi l\u00e0\u00a0?\u00a0\u00bb et \u00ab\u00a0pourquoi pas ailleurs\u00a0\u00bb. C\u2019est d\u00e9velopper une vision syst\u00e9mique d\u2019un ph\u00e9nom\u00e8ne en interrogeant les interactions entre un milieu et une soci\u00e9t\u00e9 \u00e0 une \u00e9poque et dans un lieu donn\u00e9 tout en consid\u00e9rant l\u2019embo\u00eetement des \u00e9chelles spatiotemporelles.<\/span><\/p>\n<p><span style=\"font-size: medium\">\u00catre g\u00e9ographe c\u2019est aussi se tourner vers d\u2019autres disciplines des sciences sociales et humaines, naturelles ou bien formelles, pour articuler les savoirs et les visions afin de faire avancer les connaissances sur des objets communs.<\/span><\/p>\n<p><span style=\"font-size: medium\"><strong>Devenir g\u00e9ographe, c\u2019est donc tenter d\u2019expliquer les faits sociaux et les dynamiques environnementales qui conditionnent la vie sur Terre en se tournant, souvent, vers d\u2019autres disciplines tout en gardant pour prisme int\u00e9grateur l\u2019espace. <\/strong><\/span><\/p>\n<\/div>\n<\/div>\n<\/div>\n<p>[\/et_pb_text][\/et_pb_column][et_pb_column type=\u00a0\u00bb1_4&Prime; _builder_version=\u00a0\u00bb3.0.47&Prime;][\/et_pb_column][\/et_pb_row][et_pb_row disabled_on=\u00a0\u00bboff|off|off\u00a0\u00bb module_id=\u00a0\u00bbimage-page-type\u00a0\u00bb _builder_version=\u00a0\u00bb3.22.1&Prime; width_phone=\u00a0\u00bb50px\u00a0\u00bb max_width_phone=\u00a0\u00bb1280px\u00a0\u00bb z_index_tablet=\u00a0\u00bb500&Prime;][et_pb_column type=\u00a0\u00bb3_4&Prime; _builder_version=\u00a0\u00bb3.0.47&Prime;][et_pb_image src=\u00a0\u00bbhttps:\/\/wordpress-test.app.u-pariscite.fr\/ghes\/wp-content\/uploads\/sites\/46\/2023\/07\/Stage-M1-environnement-Aude-octobre-2022-2.jpg\u00a0\u00bb admin_label=\u00a0\u00bbImage 1920 x 1080&Prime; module_id=\u00a0\u00bbimage-page\u00a0\u00bb _builder_version=\u00a0\u00bb3.22.1&Prime; z_index_tablet=\u00a0\u00bb500&Prime;]<br \/>\n[\/et_pb_image][\/et_pb_column][et_pb_column type=\u00a0\u00bb1_4&Prime; _builder_version=\u00a0\u00bb3.0.47&Prime;][et_pb_text admin_label=\u00a0\u00bbL\u00e9gende image\u00a0\u00bb module_id=\u00a0\u00bbtexte-image\u00a0\u00bb _builder_version=\u00a0\u00bb3.22.1&Prime; custom_margin=\u00a0\u00bb|-15px||\u00a0\u00bb z_index_tablet=\u00a0\u00bb500&Prime;]<\/p>\n<p>Stage de Master 1 Environnement dans l&rsquo;Aude<br \/>2022<\/p>\n<p>[\/et_pb_text][\/et_pb_column][\/et_pb_row][et_pb_row disabled_on=\u00a0\u00bboff|off|off\u00a0\u00bb _builder_version=\u00a0\u00bb3.22.1&Prime; z_index_tablet=\u00a0\u00bb500&Prime;][et_pb_column type=\u00a0\u00bb4_4&Prime; _builder_version=\u00a0\u00bb3.0.47&Prime;][et_pb_text admin_label=\u00a0\u00bbCopyright\u00a0\u00bb module_id=\u00a0\u00bblegende\u00a0\u00bb _builder_version=\u00a0\u00bb3.22.1&Prime; z_index_tablet=\u00a0\u00bb500&Prime;]<\/p>\n<div class=\"page\" title=\"Page 1\">\n<div class=\"layoutArea\">\n<div class=\"column\">\n<p>\u00a9 Tous droits r\u00e9serv\u00e9s<\/p>\n<\/div>\n<\/div>\n<\/div>\n<p>[\/et_pb_text][\/et_pb_column][\/et_pb_row][et_pb_row _builder_version=\u00a0\u00bb3.22.1&Prime;][et_pb_column type=\u00a0\u00bb4_4&Prime; _builder_version=\u00a0\u00bb3.0.47&Prime;][et_pb_text _builder_version=\u00a0\u00bb3.22.1&Prime; width=\u00a0\u00bb94.4%\u00a0\u00bb]<\/p>\n<h3><span style=\"font-size: x-large\">\u2026 le devenir \u00e0 universit\u00e9 Paris Cit\u00e9<\/span><\/h3>\n<p>La g\u00e9ographie \u00e0 universit\u00e9 Paris Cit\u00e9 est ancr\u00e9e dans l\u2019<strong>interdisciplinarit\u00e9<\/strong>. Le d\u00e9partement de G\u00e9ographie est en effet d\u2019une part rattach\u00e9 \u00e0 l\u2019Unit\u00e9 de Formation et de Recherche pluridisciplinaire <strong>\u00ab\u00a0G\u00e9ographie, Histoire, \u00c9conomie et Soci\u00e9t\u00e9\u00a0\u00bb<\/strong> ouvrant sur\u00a0:<\/p>\n<ul>\n<li>la <a href=\"https:\/\/lsh.wordpress-test.app.u-pariscite.fr\/formations-lsh\/l1-l2-geographie-et-amenagement\"><strong>Licence<\/strong><\/a> (L1-L2) de g\u00e9ographie et am\u00e9nagement, avec diff\u00e9rentes possibilit\u00e9s de sp\u00e9cialisation d\u00e8s la 3<sup>\u00e8me<\/sup> ann\u00e9e (L3) ;<\/li>\n<li>la possibilit\u00e9 de pr\u00e9parer une <a href=\"https:\/\/lsh.wordpress-test.app.u-pariscite.fr\/formations-lsh\/double-licence-l1-l2-economie-geographie\"><strong>double licence<\/strong> <strong>\u00e9conomie-g\u00e9ographie<\/strong><\/a> ;<\/li>\n<li>la possibilit\u00e9 de se former dans une <a href=\"https:\/\/lsh.wordpress-test.app.u-pariscite.fr\/formations-lsh\/licences-bi-disciplinaires\"><strong>bi-licence<\/strong> <strong>histoire-g\u00e9ographie<\/strong><\/a> ;<\/li>\n<li>une offre d\u2019<a href=\"https:\/\/lsh.wordpress-test.app.u-pariscite.fr\/formations-lsh\/ue-libres\"><strong>Unit\u00e9s d\u2019Enseignement libres<\/strong><\/a>.<\/li>\n<li>une diversit\u00e9 de <a href=\"https:\/\/wordpress-test.app.u-pariscite.fr\/ghes\/masters-geographie\/\"><strong>Masters en g\u00e9ographie<\/strong><\/a> (M1 GAED, M2 GAED sp\u00e9cialis\u00e9 en 7 parcours\u00a0: <a href=\"http:\/\/masteredmr.free.fr\/presentation.html\">Dynamiques des milieux et risques<\/a> (DYNARISK), <a href=\"https:\/\/espace-milieux.fr\/\">Espace et Milieu : Territoires \u00c9cologiques<\/a> (EMTE), <a href=\"https:\/\/odf.wordpress-test.app.u-pariscite.fr\/fr\/offre-de-formation\/master-XB\/sciences-humaines-et-sociales-SHS\/geographie-amenagement-environnement-et-developpement-K2VO0KVP\/master-gaed-parcours-teledetection-et-geomatique-appliquees-a-l-environnement-tgae-m2-JRWBKY4F.html\">T\u00e9l\u00e9d\u00e9tection et G\u00e9omatique Appliqu\u00e9es \u00e0 l&rsquo;Environnement<\/a> (TGAE), <a href=\"https:\/\/odf.wordpress-test.app.u-pariscite.fr\/fr\/offre-de-formation\/master-XB\/sciences-humaines-et-sociales-SHS\/geographie-amenagement-environnement-et-developpement-K2VO0KVP\/master-gaed-parcours-carthageo-conception-et-construction-de-realisations-geomatiques-carthageo-m2-JRS269HP\/m2-gaed-carthageo-conception-et-construction-de-realisations-geomatiques-fi-campus-gm-MAGA15_790.html\">Conception et construction de r\u00e9alisations g\u00e9omatiques<\/a> (Carthag\u00e9o), <a href=\"https:\/\/odf.wordpress-test.app.u-pariscite.fr\/fr\/offre-de-formation\/master-XB\/sciences-humaines-et-sociales-SHS\/geographie-amenagement-environnement-et-developpement-K2VO0KVP\/master-gaed-parcours-dynamiques-des-pays-emergents-et-en-developpement-dynped-m2-JRS2LGOD.html\">Dynamiques des pays \u00e9mergents et en d\u00e9veloppement<\/a> (DYNPED), <a href=\"https:\/\/odf.wordpress-test.app.u-pariscite.fr\/fr\/offre-de-formation\/master-XB\/sciences-humaines-et-sociales-SHS\/geographie-amenagement-environnement-et-developpement-K2VO0KVP\/master-gaed-parcours-geoprisme-analyse-spatiale-et-modelisation-dynamiques-spatiales-en-europe-construction-des-savoirs-en-geographie-m2-JRWBB63J.html\">G\u00e9oprisme : analyse spatiale et mod\u00e9lisation<\/a>) ou <strong>pluridisciplinaires<\/strong> (parcours <a href=\"http:\/\/m2-adl.info\/\">Am\u00e9nagement et d\u00e9veloppement local<\/a> du Master M\u00c9CI et Master <a href=\"https:\/\/odf.wordpress-test.app.u-pariscite.fr\/fr\/offre-de-formation\/master-XB\/sciences-humaines-et-sociales-SHS\/energie-K2VO6LRQ\/master-energie-m1-parcours-approches-sociales-des-enjeux-energetiques-JRXKXVHF.html\">ENERGIE<\/a>), dont <strong>certains en alternance<\/strong>.<\/li>\n<\/ul>\n<p>D\u2019autre part, d<span style=\"text-decoration: line-through\">e<\/span>s liens forts avec des d\u00e9partements et <strong><a href=\"https:\/\/wordpress-test.app.u-pariscite.fr\/ghes\/laboratoires-du-departement-de-geographie\/\">laboratoires de recherche<\/a><\/strong> pr\u00e9sents \u00e0 universit\u00e9 de Paris Cit\u00e9, et d\u2019autres universit\u00e9s, dans des disciplines connexes \u00e0 la g\u00e9ographie telles que les sciences sociales, les sciences de la Terre, permettent de <strong>renforcer le parcours des \u00e9tudiants de g\u00e9ographie par l\u2019enseignement et la recherche<\/strong>.<\/p>\n<p>Le d\u00e9partement de G\u00e9ographie compte un grand nombre d\u2019<a href=\"https:\/\/wordpress-test.app.u-pariscite.fr\/ghes\/membres-departement-geographie\/\"><strong>enseignants-chercheurs <\/strong><\/a>rattach\u00e9s \u00e0 plusieurs Unit\u00e9s Mixtes de Recherche et sp\u00e9cialis\u00e9s dans diverses composantes de la g\u00e9ographie et de l&rsquo;am\u00e9nagement. <strong>Les \u00e9tudiants ont ainsi l\u2019opportunit\u00e9 de b\u00e9n\u00e9ficier de connaissances sur un large \u00e9ventail de th\u00e9matiques, d\u2019aires culturelles et d\u2019approches<\/strong>.\u00a0<\/p>\n<p>&nbsp;<\/p>\n<p>[\/et_pb_text][\/et_pb_column][\/et_pb_row][et_pb_row disabled_on=\u00a0\u00bboff|off|off\u00a0\u00bb module_id=\u00a0\u00bbimage-page-type\u00a0\u00bb _builder_version=\u00a0\u00bb3.22.1&Prime; width_phone=\u00a0\u00bb50px\u00a0\u00bb max_width_phone=\u00a0\u00bb1280px\u00a0\u00bb z_index_tablet=\u00a0\u00bb500&Prime;][et_pb_column type=\u00a0\u00bb3_4&Prime; _builder_version=\u00a0\u00bb3.0.47&Prime;][et_pb_image src=\u00a0\u00bbhttps:\/\/wordpress-test.app.u-pariscite.fr\/ghes\/wp-content\/uploads\/sites\/46\/2023\/07\/URBAINE-RURALE-2c.jpg\u00a0\u00bb admin_label=\u00a0\u00bbImage 1920 x 1080&Prime; module_id=\u00a0\u00bbimage-page\u00a0\u00bb _builder_version=\u00a0\u00bb3.22.1&Prime; z_index_tablet=\u00a0\u00bb500&Prime;]<br \/>\n[\/et_pb_image][\/et_pb_column][et_pb_column type=\u00a0\u00bb1_4&Prime; _builder_version=\u00a0\u00bb3.0.47&Prime;][et_pb_text admin_label=\u00a0\u00bbL\u00e9gende image\u00a0\u00bb module_id=\u00a0\u00bbtexte-image\u00a0\u00bb _builder_version=\u00a0\u00bb3.22.1&Prime; custom_margin=\u00a0\u00bb|-15px||\u00a0\u00bb z_index_tablet=\u00a0\u00bb500&Prime;]<\/p>\n<p>Sortie de terrain L1 G\u00e9ographie urbaine et rurale<br \/>Vall\u00e9e de l&rsquo;Yvette<br \/>2021<\/p>\n<p>[\/et_pb_text][\/et_pb_column][\/et_pb_row][et_pb_row disabled_on=\u00a0\u00bboff|off|off\u00a0\u00bb _builder_version=\u00a0\u00bb3.22.1&Prime; z_index_tablet=\u00a0\u00bb500&Prime;][et_pb_column type=\u00a0\u00bb4_4&Prime; _builder_version=\u00a0\u00bb3.0.47&Prime;][et_pb_text admin_label=\u00a0\u00bbCopyright\u00a0\u00bb module_id=\u00a0\u00bblegende\u00a0\u00bb _builder_version=\u00a0\u00bb3.22.1&Prime; z_index_tablet=\u00a0\u00bb500&Prime;]<\/p>\n<div class=\"page\" title=\"Page 1\">\n<div class=\"layoutArea\">\n<div class=\"column\">\n<p>\u00a9 Tous droits r\u00e9serv\u00e9s<\/p>\n<\/div>\n<\/div>\n<\/div>\n<p>[\/et_pb_text][\/et_pb_column][\/et_pb_row][et_pb_row _builder_version=\u00a0\u00bb3.22.1&Prime;][et_pb_column type=\u00a0\u00bb4_4&Prime; _builder_version=\u00a0\u00bb3.0.47&Prime;][et_pb_text _builder_version=\u00a0\u00bb3.22.1&Prime; width=\u00a0\u00bb94.4%\u00a0\u00bb]<\/p>\n<p>Il en d\u00e9coule naturellement une<strong> pluralit\u00e9 des champs<\/strong> <strong>de la g\u00e9ographie<\/strong> \u00e0 l\u2019Universit\u00e9 Paris Cit\u00e9, qui sont abord\u00e9s tel que l\u2019entend la discipline, c\u2019est-\u00e0-dire de fa\u00e7on multiscalaire, tant dans les espaces urbains que ruraux.<\/p>\n<p>Ainsi, pour comprendre les m\u00e9canismes de notre <strong>environnement<\/strong> et des changements auxquels nous devrons faire face nous \u00e9tudions :<\/p>\n<ul>\n<li>la climatologie pour comprendre les processus atmosph\u00e9riques, les d\u00e9fis du changement climatique et les interactions d\u2019\u00e9chelle ;<\/li>\n<li>l\u2019hydrologie ;<\/li>\n<li>la g\u00e9omorphologie ;<\/li>\n<li>la biog\u00e9ographie pour croiser de fa\u00e7on in\u00e9dite les enjeux soci\u00e9taux, spatiaux et \u00e9cologiques.<\/li>\n<\/ul>\n<p>Les <strong>interactions sociales et territoriales<\/strong> sont pens\u00e9es gr\u00e2ce\u00a0\u00e0 :<\/p>\n<ul>\n<li>l\u2019am\u00e9nagement des territoires ;<\/li>\n<li>le d\u00e9veloppement local\u00a0par l\u2019analyse des jeux d&rsquo;acteurs territoriaux, les in\u00e9galit\u00e9s et la justice spatiale ;<\/li>\n<li>l\u2019urbanisme ;<\/li>\n<li>les \u00e9nergies et la transition \u00e9nerg\u00e9tique ;<\/li>\n<li>l&rsquo;\u00e9conomie, la d\u00e9mographie et les sciences politiques.<\/li>\n<\/ul>\n<p>L\u2019<strong>usage des donn\u00e9es g\u00e9ographiques <\/strong>environnementales et sociales, de leur collecte, leur analyse \u00e0 leur repr\u00e9sentation sont prises en main par des outils d\u2019actualit\u00e9 au travers\u00a0:<\/p>\n<ul>\n<li>des m\u00e9thodologies d&rsquo;acquisition d&rsquo;informations et de donn\u00e9es sur le terrain: observations, mesures, inventaires, enqu\u00eates (entretiens et questionnaires) ;<\/li>\n<li>de la t\u00e9l\u00e9d\u00e9tection, c\u2019est-\u00e0-dire l\u2019analyse de donn\u00e9es acquises \u00e0 distance: images satellites optiques ou radar, photographies a\u00e9riennes, donn\u00e9es Lidar ;<\/li>\n<li>de la g\u00e9omatique (Syst\u00e8mes d\u2019Information G\u00e9ographiques) ;<\/li>\n<li>des statistiques appliqu\u00e9s \u00e0 la g\u00e9ographie ;<\/li>\n<li>de la cartographie (s\u00e9miologie graphique, cartographie d&rsquo;\u00e9dition)\u00a0indispensable au g\u00e9ographe pour comprendre des ph\u00e9nom\u00e8nes spatiaux et pour en offrir une visualisation adapt\u00e9e et efficace ;<\/li>\n<li>du diagnostic territorial (pour comprendre les dynamiques d\u2019un territoire et ses \u00e9volutions). <\/li>\n<\/ul>\n<p>[\/et_pb_text][\/et_pb_column][\/et_pb_row][et_pb_row disabled_on=\u00a0\u00bboff|off|off\u00a0\u00bb module_id=\u00a0\u00bbimage-page-type\u00a0\u00bb _builder_version=\u00a0\u00bb3.22.1&Prime; width_phone=\u00a0\u00bb50px\u00a0\u00bb max_width_phone=\u00a0\u00bb1280px\u00a0\u00bb z_index_tablet=\u00a0\u00bb500&Prime;][et_pb_column type=\u00a0\u00bb3_4&Prime; _builder_version=\u00a0\u00bb3.0.47&Prime;][et_pb_image src=\u00a0\u00bbhttps:\/\/wordpress-test.app.u-pariscite.fr\/ghes\/wp-content\/uploads\/sites\/46\/2023\/07\/Stage-M2-Espaces-et-Milieux-Ouaouizerth-Maroc-Fevrier-2018-2.jpg\u00a0\u00bb admin_label=\u00a0\u00bbImage 1920 x 1080&Prime; module_id=\u00a0\u00bbimage-page\u00a0\u00bb _builder_version=\u00a0\u00bb3.22.1&Prime; z_index_tablet=\u00a0\u00bb500&Prime;]<br \/>\n[\/et_pb_image][\/et_pb_column][et_pb_column type=\u00a0\u00bb1_4&Prime; _builder_version=\u00a0\u00bb3.0.47&Prime;][et_pb_text admin_label=\u00a0\u00bbL\u00e9gende image\u00a0\u00bb module_id=\u00a0\u00bbtexte-image\u00a0\u00bb _builder_version=\u00a0\u00bb3.22.1&Prime; custom_margin=\u00a0\u00bb|-15px||\u00a0\u00bb z_index_tablet=\u00a0\u00bb500&Prime;]<\/p>\n<p>Stage de Master 2 Espaces &amp; Milieux<br \/>Maroc<br \/>2018<\/p>\n<p>[\/et_pb_text][\/et_pb_column][\/et_pb_row][et_pb_row disabled_on=\u00a0\u00bboff|off|off\u00a0\u00bb _builder_version=\u00a0\u00bb3.22.1&Prime; z_index_tablet=\u00a0\u00bb500&Prime;][et_pb_column type=\u00a0\u00bb4_4&Prime; _builder_version=\u00a0\u00bb3.0.47&Prime;][et_pb_text admin_label=\u00a0\u00bbCopyright\u00a0\u00bb module_id=\u00a0\u00bblegende\u00a0\u00bb _builder_version=\u00a0\u00bb3.22.1&Prime; z_index_tablet=\u00a0\u00bb500&Prime;]<\/p>\n<div class=\"page\" title=\"Page 1\">\n<div class=\"layoutArea\">\n<div class=\"column\">\n<p>\u00a9 Tous droits r\u00e9serv\u00e9s<\/p>\n<\/div>\n<\/div>\n<\/div>\n<p>[\/et_pb_text][\/et_pb_column][\/et_pb_row][et_pb_row _builder_version=\u00a0\u00bb3.22.1&Prime;][et_pb_column type=\u00a0\u00bb4_4&Prime; _builder_version=\u00a0\u00bb3.0.47&Prime;][et_pb_text _builder_version=\u00a0\u00bb3.22.1&Prime; width=\u00a0\u00bb94.4%\u00a0\u00bb]<\/p>\n<p>&nbsp;<\/p>\n<p><strong>Diverses formes d\u2019apprentissages<\/strong> sont dispens\u00e9es pour acqu\u00e9rir les connaissances et comp\u00e9tences th\u00e9oriques et techniques de ces diff\u00e9rents champs. Les enseignants du d\u00e9partement forment les \u00e9tudiants en g\u00e9ographie gr\u00e2ce \u00e0 des <strong>approches comparatives<\/strong>, des <strong>m\u00e9thodes mixtes<\/strong>, des <strong>ateliers<\/strong>, des <strong>cours par projets<\/strong> ou encore des <strong>mises en situation professionnelle<\/strong>.<\/p>\n<p>La formation \u00e9claire aussi les mati\u00e8res \u00e9tudi\u00e9es en classe par un <strong>travail hors les murs<\/strong>, qui prend diff\u00e9rentes formes (sorties sur le temps des cours, stages de terrain sur des th\u00e9matiques vari\u00e9es, d\u00e9placements p\u00e9dagogiques&#8230;) et est souvent l&rsquo;occasion de rencontres avec des acteurs territoriaux. De plus, universit\u00e9 Paris Cit\u00e9 offre \u00e0 tous les niveaux de formation les meilleurs <strong>outils d\u2019analyse statistique<\/strong> et montre la compl\u00e9mentarit\u00e9 des approches qualitatives et quantitatives dans l&rsquo;\u00e9lucidation des questions sociales et environnementales.<\/p>\n<p>&nbsp;<\/p>\n<p>La<strong> qualit\u00e9 des formations g\u00e9ographiques <\/strong>propos\u00e9es par le d\u00e9partement, est au centre des pr\u00e9occupations de tout son personnel afin de garantir \u00e0 chaque \u00e9tudiant un bon d\u00e9roulement de ses \u00e9tudes sup\u00e9rieures. C\u2019est pourquoi, nous veillons \u00e0\u00a0:<\/p>\n<ul>\n<li>maintenir des promotions de taille raisonnable ;<\/li>\n<li>suivre de pr\u00e8s les \u00e9tudiants par une forte implication des enseignants ;<\/li>\n<li>proposer un tutorat et un soutien \u00e9tudiant en Licence ;<em><br \/><\/em><\/li>\n<li>offrir des voies de professionnalisation ;<\/li>\n<li>diversifier les productions et les comp\u00e9tences en formant par exemple, par des projets construits individuellement ou en \u00e9quipe.<\/li>\n<\/ul>\n<p>Nous avons le plaisir d\u2019accueillir les \u00e9tudiants de g\u00e9ographie sur un campus agr\u00e9able, les <a href=\"https:\/\/wordpress-test.app.u-pariscite.fr\/wp-content\/uploads\/2022\/09\/PlanB5_PRG_0922.pdf\"><strong>Grands Moulins<\/strong><\/a>, dans Paris <em>intramuros<\/em> \u00e0 proximit\u00e9 de la Biblioth\u00e8que Nationale de France. Nous soutenons \u00e9galement l\u2019aspiration l\u00e9gitime \u00e0 d\u00e9couvrir d\u2019autres lieux, soci\u00e9t\u00e9s, langues et mani\u00e8res de penser la g\u00e9ographie en proposant des <a href=\"https:\/\/wordpress-test.app.u-pariscite.fr\/ghes\/mobilite-a-letranger-departement-geographie\/\"><strong>mobilit\u00e9s internationales<\/strong> <strong>en Europe et hors Europe<\/strong><\/a> d\u00e8s la Licence.<\/p>\n<p>&nbsp;<\/p>\n<blockquote>\n<p><strong>Le d\u00e9partement de G\u00e9ographie d\u2019universit\u00e9 Paris Cit\u00e9 vous invite \u00e0 d\u00e9couvrir le monde \u00e0 travers le regard du g\u00e9ographe pour contribuer \u00e0 enrichir la compr\u00e9hension des ph\u00e9nom\u00e8nes environnementaux et soci\u00e9taux, apporter des solutions aux d\u00e9fis que traversent ces derniers et participer \u00e0 faire le lien entre le milieu acad\u00e9mique et les territoires.<\/strong> <\/p>\n<\/blockquote>\n<p>[\/et_pb_text][\/et_pb_column][\/et_pb_row][et_pb_row _builder_version=\u00a0\u00bb3.22&Prime; background_size=\u00a0\u00bbinitial\u00a0\u00bb background_position=\u00a0\u00bbtop_left\u00a0\u00bb background_repeat=\u00a0\u00bbrepeat\u00a0\u00bb][\/et_pb_row][\/et_pb_section][et_pb_section fb_built=\u00a0\u00bb1&Prime; _builder_version=\u00a0\u00bb3.22&Prime; custom_padding=\u00a0\u00bb0px||0px|\u00a0\u00bb][et_pb_row _builder_version=\u00a0\u00bb3.22&Prime;][et_pb_column type=\u00a0\u00bb4_4&Prime; _builder_version=\u00a0\u00bb3.0.47&Prime;][et_pb_text admin_label=\u00a0\u00bb\u00c0 lire aussi\u00a0\u00bb _builder_version=\u00a0\u00bb3.21&Prime;]<\/p>\n<h2><span class=\"st\">\u00c0<\/span> lire aussi<\/h2>\n<p>[\/et_pb_text][et_pb_blog posts_number=\u00a0\u00bb4&Prime; include_categories=\u00a0\u00bb13&Prime; show_author=\u00a0\u00bboff\u00a0\u00bb show_date=\u00a0\u00bboff\u00a0\u00bb show_pagination=\u00a0\u00bboff\u00a0\u00bb module_id=\u00a0\u00bbpage_type_blog\u00a0\u00bb _builder_version=\u00a0\u00bb3.21&Prime; header_level=\u00a0\u00bbh4&Prime; border_width_bottom_fullwidth=\u00a0\u00bb1px\u00a0\u00bb border_color_bottom_fullwidth=\u00a0\u00bbrgba(51,51,51,0.18)\u00a0\u00bb custom_padding=\u00a0\u00bb||50px|\u00a0\u00bb]<br \/>\n[\/et_pb_blog][\/et_pb_column][\/et_pb_row][\/et_pb_section]<\/p>\n","protected":false},"excerpt":{"rendered":"<p>On ne na\u00eet pas g\u00e9ographe\u00a0: on le devient\u2026 D\u00e9crire et comprendre le monde : voil\u00e0 qui pr\u00e9occupe l\u2019esprit humain depuis longtemps. Toutefois vaste est la Terre, complexes sont les relations qui la composent. Quelles relations\u00a0? Sociales, biologiques, physiques. Celles des humains \u00e0 leur environnement, \u00e0 leurs espaces\u00a0; celles du climat, de l\u2019hydrologie, du relief et&hellip; <a class=\"continue\" href=\"https:\/\/wordpress-test.app.u-pariscite.fr\/ghes\/presentation-departement-geographie\/\">Lire la suite<span> Pr\u00e9sentation du d\u00e9partement de g\u00e9ographie<\/span><\/a><\/p>\n","protected":false},"author":248,"featured_media":0,"parent":0,"menu_order":0,"comment_status":"closed","ping_status":"closed","template":"","meta":{"_et_pb_use_builder":"on","_et_pb_old_content":"","_et_gb_content_width":"","footnotes":""},"class_list":["post-534","page","type-page","status-publish","hentry"],"_links":{"self":[{"href":"https:\/\/wordpress-test.app.u-pariscite.fr\/ghes\/wp-json\/wp\/v2\/pages\/534","targetHints":{"allow":["GET"]}}],"collection":[{"href":"https:\/\/wordpress-test.app.u-pariscite.fr\/ghes\/wp-json\/wp\/v2\/pages"}],"about":[{"href":"https:\/\/wordpress-test.app.u-pariscite.fr\/ghes\/wp-json\/wp\/v2\/types\/page"}],"author":[{"embeddable":true,"href":"https:\/\/wordpress-test.app.u-pariscite.fr\/ghes\/wp-json\/wp\/v2\/users\/248"}],"replies":[{"embeddable":true,"href":"https:\/\/wordpress-test.app.u-pariscite.fr\/ghes\/wp-json\/wp\/v2\/comments?post=534"}],"version-history":[{"count":26,"href":"https:\/\/wordpress-test.app.u-pariscite.fr\/ghes\/wp-json\/wp\/v2\/pages\/534\/revisions"}],"predecessor-version":[{"id":2151,"href":"https:\/\/wordpress-test.app.u-pariscite.fr\/ghes\/wp-json\/wp\/v2\/pages\/534\/revisions\/2151"}],"wp:attachment":[{"href":"https:\/\/wordpress-test.app.u-pariscite.fr\/ghes\/wp-json\/wp\/v2\/media?parent=534"}],"curies":[{"name":"wp","href":"https:\/\/api.w.org\/{rel}","templated":true}]}}