{"id":529,"date":"2021-10-14T08:53:30","date_gmt":"2021-10-14T06:53:30","guid":{"rendered":"https:\/\/wordpress-test.app.u-pariscite.fr\/ghes\/?page_id=529"},"modified":"2024-02-02T13:57:40","modified_gmt":"2024-02-02T12:57:40","slug":"masters-histoire","status":"publish","type":"page","link":"https:\/\/wordpress-test.app.u-pariscite.fr\/ghes\/masters-histoire\/","title":{"rendered":"Masters histoire"},"content":{"rendered":"<p>[et_pb_section bb_built=\u00a0\u00bb1&Prime; next_background_color=\u00a0\u00bb#000000&Prime; inner_width=\u00a0\u00bbauto\u00a0\u00bb inner_max_width=\u00a0\u00bbnone\u00a0\u00bb][et_pb_row][et_pb_column type=\u00a0\u00bb4_4&Prime;][et_pb_post_title admin_label=\u00a0\u00bbTitre de la page\u00a0\u00bb _builder_version=\u00a0\u00bb3.19.11&Prime; meta=\u00a0\u00bboff\u00a0\u00bb featured_image=\u00a0\u00bboff\u00a0\u00bb \/][\/et_pb_column][\/et_pb_row][et_pb_row][et_pb_column type=\u00a0\u00bb3_4&Prime;][et_pb_text _builder_version=\u00a0\u00bb3.22.1&Prime; module_id=\u00a0\u00bbcontenu\u00a0\u00bb text_text_shadow_horizontal_length=\u00a0\u00bbtext_text_shadow_style,%91object Object%93&Prime; text_text_shadow_vertical_length=\u00a0\u00bbtext_text_shadow_style,%91object Object%93&Prime; text_text_shadow_blur_strength=\u00a0\u00bbtext_text_shadow_style,%91object Object%93&Prime; link_text_shadow_horizontal_length=\u00a0\u00bblink_text_shadow_style,%91object Object%93&Prime; link_text_shadow_vertical_length=\u00a0\u00bblink_text_shadow_style,%91object Object%93&Prime; link_text_shadow_blur_strength=\u00a0\u00bblink_text_shadow_style,%91object Object%93&Prime; ul_text_shadow_horizontal_length=\u00a0\u00bbul_text_shadow_style,%91object Object%93&Prime; ul_text_shadow_vertical_length=\u00a0\u00bbul_text_shadow_style,%91object Object%93&Prime; ul_text_shadow_blur_strength=\u00a0\u00bbul_text_shadow_style,%91object Object%93&Prime; ol_text_shadow_horizontal_length=\u00a0\u00bbol_text_shadow_style,%91object Object%93&Prime; ol_text_shadow_vertical_length=\u00a0\u00bbol_text_shadow_style,%91object Object%93&Prime; ol_text_shadow_blur_strength=\u00a0\u00bbol_text_shadow_style,%91object Object%93&Prime; quote_text_shadow_horizontal_length=\u00a0\u00bbquote_text_shadow_style,%91object Object%93&Prime; quote_text_shadow_vertical_length=\u00a0\u00bbquote_text_shadow_style,%91object Object%93&Prime; quote_text_shadow_blur_strength=\u00a0\u00bbquote_text_shadow_style,%91object Object%93&Prime; header_text_shadow_horizontal_length=\u00a0\u00bbheader_text_shadow_style,%91object Object%93&Prime; header_text_shadow_vertical_length=\u00a0\u00bbheader_text_shadow_style,%91object Object%93&Prime; header_text_shadow_blur_strength=\u00a0\u00bbheader_text_shadow_style,%91object Object%93&Prime; header_2_text_shadow_horizontal_length=\u00a0\u00bbheader_2_text_shadow_style,%91object Object%93&Prime; header_2_text_shadow_vertical_length=\u00a0\u00bbheader_2_text_shadow_style,%91object Object%93&Prime; header_2_text_shadow_blur_strength=\u00a0\u00bbheader_2_text_shadow_style,%91object Object%93&Prime; header_3_text_shadow_horizontal_length=\u00a0\u00bbheader_3_text_shadow_style,%91object Object%93&Prime; header_3_text_shadow_vertical_length=\u00a0\u00bbheader_3_text_shadow_style,%91object Object%93&Prime; header_3_text_shadow_blur_strength=\u00a0\u00bbheader_3_text_shadow_style,%91object Object%93&Prime; header_4_text_shadow_horizontal_length=\u00a0\u00bbheader_4_text_shadow_style,%91object Object%93&Prime; header_4_text_shadow_vertical_length=\u00a0\u00bbheader_4_text_shadow_style,%91object Object%93&Prime; header_4_text_shadow_blur_strength=\u00a0\u00bbheader_4_text_shadow_style,%91object Object%93&Prime; header_5_text_shadow_horizontal_length=\u00a0\u00bbheader_5_text_shadow_style,%91object Object%93&Prime; header_5_text_shadow_vertical_length=\u00a0\u00bbheader_5_text_shadow_style,%91object Object%93&Prime; header_5_text_shadow_blur_strength=\u00a0\u00bbheader_5_text_shadow_style,%91object Object%93&Prime; header_6_text_shadow_horizontal_length=\u00a0\u00bbheader_6_text_shadow_style,%91object Object%93&Prime; header_6_text_shadow_vertical_length=\u00a0\u00bbheader_6_text_shadow_style,%91object Object%93&Prime; header_6_text_shadow_blur_strength=\u00a0\u00bbheader_6_text_shadow_style,%91object Object%93&Prime; z_index_tablet=\u00a0\u00bb500&Prime;]<\/p>\n<ul>\n<li>Directeur du d\u00e9partement : Anne-Sophie BENTZ (<a href=\"anne-sophie.bentz@wordpress-test.app.u-pariscite.fr\">anne-sophie.bentz@wordpress-test.app.u-pariscite.fr<\/a>)<\/li>\n<\/ul>\n<p>\u00a0<\/p>\n<h2>Master Histoire, Civilisations, Patrimoine &#8211; HCP<\/h2>\n<ul>\n<li>Directeur du Master Histoire, civilisations, patrimoine : Jean-Pierre GUILHEMBET (<a href=\"mailto:didier.lett@wanadoo.fr\">jean-pierre.guilhembet@<\/a><a href=\"mailto:gilles.pidard@wordpress-test.app.u-pariscite.fr\">wordpress-test.app.u-pariscite.fr<\/a>)<\/li>\n<li>Secr\u00e9tariat p\u00e9dagogique du Master Histoire, civilisations, patrimoine : Gilles PIDARD (<a href=\"mailto:gilles.pidard@wordpress-test.app.u-pariscite.fr\">gilles.pidard@wordpress-test.app.u-pariscite.fr<\/a>)<\/li>\n<\/ul>\n<p>&gt; <a href=\"https:\/\/odf.wordpress-test.app.u-pariscite.fr\/fr\/offre-de-formation\/master-XB\/sciences-humaines-et-sociales-SHS\/histoire-civilisations-patrimoine-K2VNW9AR\/\/master-histoire-civilisations-patrimoine-m1-IJU29TW0.html\" target=\"_blank\" rel=\"noopener noreferrer\">Master 1 HCP &#8211; Histoire, civilisations, patrimoine<\/a><\/p>\n<p>&gt; <a href=\"https:\/\/odf.wordpress-test.app.u-pariscite.fr\/fr\/offre-de-formation\/master-XB\/sciences-humaines-et-sociales-SHS\/histoire-civilisations-patrimoine-K2VNW9AR\/\/master-histoire-civilisations-patrimoine-m2-parcours-histoire-et-civilisations-comparees-identites-alterites-circulations-europe-mediterranee-ameriques-JRWD2ZE3.html\" target=\"_blank\" rel=\"noopener noreferrer\">Master 2 HCP Parcours Identit\u00e9s, alt\u00e9rit\u00e9s, circulations (Europe, M\u00e9diterran\u00e9e, Am\u00e9riques)<\/a><\/p>\n<p>&gt; <a href=\"https:\/\/odf.wordpress-test.app.u-pariscite.fr\/fr\/offre-de-formation\/master-XB\/sciences-humaines-et-sociales-SHS\/histoire-civilisations-patrimoine-K2VNW9AR\/\/master-histoire-civilisations-patrimoine-m2-parcours-mondes-africains-americains-asiatiques-et-moyen-orientaux-sources-societes-enjeux-JRWDVU42.html\" target=\"_blank\" rel=\"noopener noreferrer\">Master 2 HCP Parcours Mondes africains, am\u00e9ricains, asiatiques et moyen-orientaux : sources, soci\u00e9t\u00e9s, enjeux<\/a><\/p>\n<p>&gt; <a href=\"https:\/\/odf.wordpress-test.app.u-pariscite.fr\/fr\/offre-de-formation\/master-XB\/sciences-humaines-et-sociales-SHS\/histoire-civilisations-patrimoine-K2VNW9AR\/\/master-histoire-civilisations-patrimoine-m2-parcours-ville-architecture-patrimoine-recherche-JRWDKW45.html\" target=\"_blank\" rel=\"noopener noreferrer\">Master 2 HCP Parcours Ville, Architecture, Patrimoine (VAP) recherche<\/a><\/p>\n<p>&gt; <a href=\"https:\/\/odf.wordpress-test.app.u-pariscite.fr\/fr\/offre-de-formation\/master-XB\/sciences-humaines-et-sociales-SHS\/histoire-civilisations-patrimoine-K2VNW9AR\/\/master-histoire-civilisations-patrimoine-m2-parcours-ville-architecture-patrimoine-professionnel-preparation-aux-concours-du-patrimoine-JRWDD2NE.html\" target=\"_blank\" rel=\"noopener noreferrer\">Master 2 HCP Parcours Patrimoine Scientifique, Technique, Naturel et Architectural (PSTN-A)<\/a><\/p>\n<p>\u00a0<\/p>\n<h2>Master M\u00e9tiers de l&rsquo;Enseignement, de l&rsquo;\u00c9ducation et de la Formation &#8211; MEEF<\/h2>\n<p>&gt; <a href=\"https:\/\/odf.wordpress-test.app.u-pariscite.fr\/fr\/offre-de-formation\/master-XB\/sciences-humaines-et-sociales-SHS\/metiers-de-l-enseignement-de-l-education-et-de-la-formation-meef-2e-degre-sciences-humaines-et-sociales-KF41LILP\/\/master-metiers-de-l-enseignement-de-l-education-et-de-la-formation-2nd-degre-parcours-histoire-geographie-KFF872IX.html\" target=\"_blank\" rel=\"noopener noreferrer\">Master 1 MEEF\u00a0 &#8211; second degr\u00e9 &#8211; Histoire-G\u00e9ographie<\/a><\/p>\n<p>&gt; <a href=\"https:\/\/odf.wordpress-test.app.u-pariscite.fr\/fr\/offre-de-formation\/master-XB\/sciences-humaines-et-sociales-SHS\/metiers-de-l-enseignement-de-l-education-et-de-la-formation-meef-2e-degre-sciences-humaines-et-sociales-KF41LILP\/\/master-metiers-de-l-enseignement-de-l-education-et-de-la-formation-2nd-degre-parcours-histoire-geographie-KFF872IX.html\" target=\"_blank\" rel=\"noopener noreferrer\">Master 2 MEEF\u00a0 &#8211; second degr\u00e9 &#8211; Histoire-G\u00e9ographie<\/a><\/p>\n<p>\u00a0<\/p>\n<p>\u00a0<\/p>\n<p>[\/et_pb_text][\/et_pb_column][et_pb_column type=\u00a0\u00bb1_4&Prime;][\/et_pb_column][\/et_pb_row][\/et_pb_section][et_pb_section bb_built=\u00a0\u00bb1&Prime; specialty=\u00a0\u00bboff\u00a0\u00bb _builder_version=\u00a0\u00bb3.21&Prime; custom_padding=\u00a0\u00bb0px||0px|\u00a0\u00bb prev_background_color=\u00a0\u00bb#000000&Prime; inner_width=\u00a0\u00bbauto\u00a0\u00bb inner_max_width=\u00a0\u00bbnone\u00a0\u00bb][et_pb_row _builder_version=\u00a0\u00bb3.19.11&Prime; width=\u00a0\u00bb80%\u00a0\u00bb max_width=\u00a0\u00bb1080px\u00a0\u00bb][et_pb_column type=\u00a0\u00bb4_4&Prime;][et_pb_text admin_label=\u00a0\u00bb\u00c0 lire aussi\u00a0\u00bb _builder_version=\u00a0\u00bb3.21&Prime;]<\/p>\n<h2><span class=\"st\">\u00c0<\/span> lire aussi<\/h2>\n<p>[\/et_pb_text][et_pb_blog _builder_version=\u00a0\u00bb3.21&Prime; posts_number=\u00a0\u00bb4&Prime; include_categories=\u00a0\u00bb13&Prime; show_author=\u00a0\u00bboff\u00a0\u00bb show_date=\u00a0\u00bboff\u00a0\u00bb show_pagination=\u00a0\u00bboff\u00a0\u00bb border_width_bottom_fullwidth=\u00a0\u00bb1px\u00a0\u00bb border_color_bottom_fullwidth=\u00a0\u00bbrgba(51,51,51,0.18)\u00a0\u00bb custom_padding=\u00a0\u00bb||50px|\u00a0\u00bb module_id=\u00a0\u00bbpage_type_blog\u00a0\u00bb header_level=\u00a0\u00bbh4&Prime; \/][\/et_pb_column][\/et_pb_row][\/et_pb_section]<\/p>\n","protected":false},"excerpt":{"rendered":"<div class=\"et_pb_row et_pb_row_0 et_pb_row_empty\"><\/div>\n<div class=\"et_pb_row et_pb_row_1 et_pb_row_empty\"><\/div>\n<p> Directeur du d\u00e9partement : Anne-Sophie BENTZ (anne-sophie.bentz@wordpress-test.app.u-pariscite.fr)\u00a0Master Histoire, Civilisations, Patrimoine &#8211; HCPDirecteur du Master Histoire, civilisations, patrimoine : Jean-Pierre GUILHEMBET (jean-pierre.guilhembet@wordpress-test.app.u-pariscite.fr)Secr\u00e9tariat p\u00e9dagogique du Master Histoire, civilisations, patrimoine : Gilles PIDARD (gilles.pidard@wordpress-test.app.u-pariscite.fr)&gt; Master 1 HCP &#8211; Histoire, civilisations, patrimoine&gt; Master 2 HCP Parcours Identit\u00e9s, alt\u00e9rit\u00e9s, circulations (Europe, M\u00e9diterran\u00e9e, Am\u00e9riques)&gt; Master 2 HCP Parcours Mondes africains,&hellip; <a class=\"continue\" href=\"https:\/\/wordpress-test.app.u-pariscite.fr\/ghes\/masters-histoire\/\">Lire la suite<span> Masters histoire<\/span><\/a><\/p>\n","protected":false},"author":248,"featured_media":0,"parent":0,"menu_order":0,"comment_status":"closed","ping_status":"closed","template":"","meta":{"_et_pb_use_builder":"on","_et_pb_old_content":"","_et_gb_content_width":"","footnotes":""},"class_list":["post-529","page","type-page","status-publish","hentry"],"_links":{"self":[{"href":"https:\/\/wordpress-test.app.u-pariscite.fr\/ghes\/wp-json\/wp\/v2\/pages\/529","targetHints":{"allow":["GET"]}}],"collection":[{"href":"https:\/\/wordpress-test.app.u-pariscite.fr\/ghes\/wp-json\/wp\/v2\/pages"}],"about":[{"href":"https:\/\/wordpress-test.app.u-pariscite.fr\/ghes\/wp-json\/wp\/v2\/types\/page"}],"author":[{"embeddable":true,"href":"https:\/\/wordpress-test.app.u-pariscite.fr\/ghes\/wp-json\/wp\/v2\/users\/248"}],"replies":[{"embeddable":true,"href":"https:\/\/wordpress-test.app.u-pariscite.fr\/ghes\/wp-json\/wp\/v2\/comments?post=529"}],"version-history":[{"count":16,"href":"https:\/\/wordpress-test.app.u-pariscite.fr\/ghes\/wp-json\/wp\/v2\/pages\/529\/revisions"}],"predecessor-version":[{"id":2278,"href":"https:\/\/wordpress-test.app.u-pariscite.fr\/ghes\/wp-json\/wp\/v2\/pages\/529\/revisions\/2278"}],"wp:attachment":[{"href":"https:\/\/wordpress-test.app.u-pariscite.fr\/ghes\/wp-json\/wp\/v2\/media?parent=529"}],"curies":[{"name":"wp","href":"https:\/\/api.w.org\/{rel}","templated":true}]}}