{"id":522,"date":"2021-10-14T08:46:10","date_gmt":"2021-10-14T06:46:10","guid":{"rendered":"https:\/\/wordpress-test.app.u-pariscite.fr\/ghes\/?page_id=522"},"modified":"2024-09-23T10:39:51","modified_gmt":"2024-09-23T08:39:51","slug":"licence-economie","status":"publish","type":"page","link":"https:\/\/wordpress-test.app.u-pariscite.fr\/ghes\/licence-economie\/","title":{"rendered":"Licence Economie"},"content":{"rendered":"<p>[et_pb_section bb_built=\u00a0\u00bb1&Prime; next_background_color=\u00a0\u00bb#000000&Prime; inner_width=\u00a0\u00bbauto\u00a0\u00bb inner_max_width=\u00a0\u00bbnone\u00a0\u00bb][et_pb_row][et_pb_column type=\u00a0\u00bb4_4&Prime;][et_pb_post_title admin_label=\u00a0\u00bbTitre de la page\u00a0\u00bb _builder_version=\u00a0\u00bb3.19.11&Prime; meta=\u00a0\u00bboff\u00a0\u00bb featured_image=\u00a0\u00bboff\u00a0\u00bb \/][\/et_pb_column][\/et_pb_row][et_pb_row][et_pb_column type=\u00a0\u00bb3_4&Prime;][et_pb_text _builder_version=\u00a0\u00bb3.22.1&Prime; module_id=\u00a0\u00bbcontenu\u00a0\u00bb text_text_shadow_horizontal_length=\u00a0\u00bbtext_text_shadow_style,%91object Object%93&Prime; text_text_shadow_vertical_length=\u00a0\u00bbtext_text_shadow_style,%91object Object%93&Prime; text_text_shadow_blur_strength=\u00a0\u00bbtext_text_shadow_style,%91object Object%93&Prime; link_text_shadow_horizontal_length=\u00a0\u00bblink_text_shadow_style,%91object Object%93&Prime; link_text_shadow_vertical_length=\u00a0\u00bblink_text_shadow_style,%91object Object%93&Prime; link_text_shadow_blur_strength=\u00a0\u00bblink_text_shadow_style,%91object Object%93&Prime; ul_text_shadow_horizontal_length=\u00a0\u00bbul_text_shadow_style,%91object Object%93&Prime; ul_text_shadow_vertical_length=\u00a0\u00bbul_text_shadow_style,%91object Object%93&Prime; ul_text_shadow_blur_strength=\u00a0\u00bbul_text_shadow_style,%91object Object%93&Prime; ol_text_shadow_horizontal_length=\u00a0\u00bbol_text_shadow_style,%91object Object%93&Prime; ol_text_shadow_vertical_length=\u00a0\u00bbol_text_shadow_style,%91object Object%93&Prime; ol_text_shadow_blur_strength=\u00a0\u00bbol_text_shadow_style,%91object Object%93&Prime; quote_text_shadow_horizontal_length=\u00a0\u00bbquote_text_shadow_style,%91object Object%93&Prime; quote_text_shadow_vertical_length=\u00a0\u00bbquote_text_shadow_style,%91object Object%93&Prime; quote_text_shadow_blur_strength=\u00a0\u00bbquote_text_shadow_style,%91object Object%93&Prime; header_text_shadow_horizontal_length=\u00a0\u00bbheader_text_shadow_style,%91object Object%93&Prime; header_text_shadow_vertical_length=\u00a0\u00bbheader_text_shadow_style,%91object Object%93&Prime; header_text_shadow_blur_strength=\u00a0\u00bbheader_text_shadow_style,%91object Object%93&Prime; header_2_text_shadow_horizontal_length=\u00a0\u00bbheader_2_text_shadow_style,%91object Object%93&Prime; header_2_text_shadow_vertical_length=\u00a0\u00bbheader_2_text_shadow_style,%91object Object%93&Prime; header_2_text_shadow_blur_strength=\u00a0\u00bbheader_2_text_shadow_style,%91object Object%93&Prime; header_3_text_shadow_horizontal_length=\u00a0\u00bbheader_3_text_shadow_style,%91object Object%93&Prime; header_3_text_shadow_vertical_length=\u00a0\u00bbheader_3_text_shadow_style,%91object Object%93&Prime; header_3_text_shadow_blur_strength=\u00a0\u00bbheader_3_text_shadow_style,%91object Object%93&Prime; header_4_text_shadow_horizontal_length=\u00a0\u00bbheader_4_text_shadow_style,%91object Object%93&Prime; header_4_text_shadow_vertical_length=\u00a0\u00bbheader_4_text_shadow_style,%91object Object%93&Prime; header_4_text_shadow_blur_strength=\u00a0\u00bbheader_4_text_shadow_style,%91object Object%93&Prime; header_5_text_shadow_horizontal_length=\u00a0\u00bbheader_5_text_shadow_style,%91object Object%93&Prime; header_5_text_shadow_vertical_length=\u00a0\u00bbheader_5_text_shadow_style,%91object Object%93&Prime; header_5_text_shadow_blur_strength=\u00a0\u00bbheader_5_text_shadow_style,%91object Object%93&Prime; header_6_text_shadow_horizontal_length=\u00a0\u00bbheader_6_text_shadow_style,%91object Object%93&Prime; header_6_text_shadow_vertical_length=\u00a0\u00bbheader_6_text_shadow_style,%91object Object%93&Prime; header_6_text_shadow_blur_strength=\u00a0\u00bbheader_6_text_shadow_style,%91object Object%93&Prime; z_index_tablet=\u00a0\u00bb500&Prime;]<\/p>\n<ul>\n<li>Directeur du d\u00e9partement : Pascal GROUIEZ (<a href=\"mailto:pascal.grouiez@wordpress-test.app.u-pariscite.fr\">pascal.grouiez@wordpress-test.app.u-pariscite.fr<\/a>)<\/li>\n<li>Directrice des \u00e9tudes de Licence : Marie-Jos\u00e9 VOISIN (<a href=\"mailto:mjvoisin@wordpress-test.app.u-pariscite.fr\">mjvoisin@wordpress-test.app.u-pariscite.fr<\/a>)<\/li>\n<\/ul>\n<p>\u00a0<\/p>\n<ul>\n<li>Responsable de la L1 : Rudy BOUGUELLI (<a href=\"mailto:rudy.bouguelli@wordpress-test.app.u-pariscite.fr\">rudy.bouguelli@wordpress-test.app.u-pariscite.fr<\/a>)<\/li>\n<li>Responsable de la L2 : Camille SIGNORETTO (<a href=\"mailto:camille.signoretto@wordpress-test.app.u-pariscite.fr\">camille.signoretto@wordpress-test.app.u-pariscite.fr<\/a>)<\/li>\n<li>Secr\u00e9tariat p\u00e9dagogique de la L1-L2 : Nadia LOKMANE (<a href=\"mailto:lokmane@wordpress-test.app.u-pariscite.fr\">lokmane@wordpress-test.app.u-pariscite.fr<\/a>)<\/li>\n<\/ul>\n<p>\u00a0<\/p>\n<ul>\n<li>Responsable de la L3 : Marie-Jos\u00e9 VOISIN (<a href=\"mailto:mjvoisin@wordpress-test.app.u-pariscite.fr\">mjvoisin@wordpress-test.app.u-pariscite.fr<\/a>)<\/li>\n<li>Responsable de la double-licence Economie\/G\u00e9ographie : Renaud METEREAU (<a href=\"mailto:renaud.Metereau@wordpress-test.app.u-pariscite.fr\">renaud.metereau@wordpress-test.app.u-pariscite.fr<\/a>)<\/li>\n<li>Secr\u00e9tariat p\u00e9dagogique de la L3 : Aur\u00e9lia DELABROUSSE (<a href=\"mailto:aurelia.delabrousse@wordpress-test.app.u-pariscite.fr\">aurelia.delabrousse@wordpress-test.app.u-pariscite.fr<\/a>)\u00a0<\/li>\n<\/ul>\n<p>\u00a0<\/p>\n<h2>Licence<\/h2>\n<p>&gt; <a href=\"https:\/\/odf.wordpress-test.app.u-pariscite.fr\/fr\/offre-de-formation\/licence-XA\/droit-economie-gestion-DEG\/economie-K2VO50X5\/\/licence-economie-parcours-sciences-economiques-et-sociales-IGXS286S.html\" target=\"_blank\" rel=\"noopener noreferrer\">Licence \u00c9conomie &#8211; Parcours Sciences <\/a><a href=\"https:\/\/odf.wordpress-test.app.u-pariscite.fr\/fr\/offre-de-formation\/licence-XA\/droit-economie-gestion-DEG\/economie-K2VO50X5\/\/licence-economie-parcours-sciences-economiques-et-sociales-IGXS286S.html\" target=\"_blank\" rel=\"noopener noreferrer\">\u00c9<\/a><a href=\"https:\/\/odf.wordpress-test.app.u-pariscite.fr\/fr\/offre-de-formation\/licence-XA\/droit-economie-gestion-DEG\/economie-K2VO50X5\/\/licence-economie-parcours-sciences-economiques-et-sociales-IGXS286S.html\" target=\"_blank\" rel=\"noopener noreferrer\">conomiques et Sociales<\/a><\/p>\n<h2>\u00a0<\/h2>\n<h2>Double Licence<\/h2>\n<p>&gt; <a href=\"https:\/\/odf.wordpress-test.app.u-pariscite.fr\/fr\/offre-de-formation\/double-licence-XAA\/droit-economie-gestion-DEG\/economie-K4E6ASDI\/\/double-licence-economie-geographie-IWNNN9D2.html\" target=\"_blank\" rel=\"noopener noreferrer\">Licence 3 \u00c9conomie &#8211; \u00c9conomie\/G\u00e9ographie<\/a><\/p>\n<p>\u00a0<\/p>\n<p>\u00a0<\/p>\n<p>[\/et_pb_text][\/et_pb_column][et_pb_column type=\u00a0\u00bb1_4&Prime;][\/et_pb_column][\/et_pb_row][\/et_pb_section][et_pb_section bb_built=\u00a0\u00bb1&Prime; specialty=\u00a0\u00bboff\u00a0\u00bb _builder_version=\u00a0\u00bb3.21&Prime; custom_padding=\u00a0\u00bb0px||0px|\u00a0\u00bb prev_background_color=\u00a0\u00bb#000000&Prime; inner_width=\u00a0\u00bbauto\u00a0\u00bb inner_max_width=\u00a0\u00bbnone\u00a0\u00bb][et_pb_row _builder_version=\u00a0\u00bb3.19.11&Prime; width=\u00a0\u00bb80%\u00a0\u00bb max_width=\u00a0\u00bb1080px\u00a0\u00bb][et_pb_column type=\u00a0\u00bb4_4&Prime;][et_pb_text admin_label=\u00a0\u00bb\u00c0 lire aussi\u00a0\u00bb _builder_version=\u00a0\u00bb3.21&Prime;]<\/p>\n<h2><span class=\"st\">\u00c0<\/span> lire aussi<\/h2>\n<p>[\/et_pb_text][et_pb_blog _builder_version=\u00a0\u00bb3.21&Prime; posts_number=\u00a0\u00bb4&Prime; include_categories=\u00a0\u00bb13&Prime; show_author=\u00a0\u00bboff\u00a0\u00bb show_date=\u00a0\u00bboff\u00a0\u00bb show_pagination=\u00a0\u00bboff\u00a0\u00bb border_width_bottom_fullwidth=\u00a0\u00bb1px\u00a0\u00bb border_color_bottom_fullwidth=\u00a0\u00bbrgba(51,51,51,0.18)\u00a0\u00bb custom_padding=\u00a0\u00bb||50px|\u00a0\u00bb module_id=\u00a0\u00bbpage_type_blog\u00a0\u00bb header_level=\u00a0\u00bbh4&Prime; \/][\/et_pb_column][\/et_pb_row][\/et_pb_section]<\/p>\n","protected":false},"excerpt":{"rendered":"<div class=\"et_pb_row et_pb_row_0 et_pb_row_empty\"><\/div>\n<div class=\"et_pb_row et_pb_row_1 et_pb_row_empty\"><\/div>\n<p> Directeur du d\u00e9partement : Pascal GROUIEZ (pascal.grouiez@wordpress-test.app.u-pariscite.fr)Directrice des \u00e9tudes de Licence : Marie-Jos\u00e9 VOISIN (mjvoisin@wordpress-test.app.u-pariscite.fr)\u00a0Responsable de la L1 : Rudy BOUGUELLI (rudy.bouguelli@wordpress-test.app.u-pariscite.fr)Responsable de la L2 : Camille SIGNORETTO (camille.signoretto@wordpress-test.app.u-pariscite.fr)Secr\u00e9tariat p\u00e9dagogique de la L1-L2 : Nadia LOKMANE (lokmane@wordpress-test.app.u-pariscite.fr)\u00a0Responsable de la L3 : Marie-Jos\u00e9 VOISIN (mjvoisin@wordpress-test.app.u-pariscite.fr)Responsable de la double-licence Economie\/G\u00e9ographie : Renaud METEREAU (renaud.metereau@wordpress-test.app.u-pariscite.fr)Secr\u00e9tariat p\u00e9dagogique de&hellip; <a class=\"continue\" href=\"https:\/\/wordpress-test.app.u-pariscite.fr\/ghes\/licence-economie\/\">Lire la suite<span> Licence Economie<\/span><\/a><\/p>\n","protected":false},"author":248,"featured_media":0,"parent":0,"menu_order":0,"comment_status":"closed","ping_status":"closed","template":"","meta":{"_et_pb_use_builder":"on","_et_pb_old_content":"","_et_gb_content_width":"","footnotes":""},"class_list":["post-522","page","type-page","status-publish","hentry"],"_links":{"self":[{"href":"https:\/\/wordpress-test.app.u-pariscite.fr\/ghes\/wp-json\/wp\/v2\/pages\/522","targetHints":{"allow":["GET"]}}],"collection":[{"href":"https:\/\/wordpress-test.app.u-pariscite.fr\/ghes\/wp-json\/wp\/v2\/pages"}],"about":[{"href":"https:\/\/wordpress-test.app.u-pariscite.fr\/ghes\/wp-json\/wp\/v2\/types\/page"}],"author":[{"embeddable":true,"href":"https:\/\/wordpress-test.app.u-pariscite.fr\/ghes\/wp-json\/wp\/v2\/users\/248"}],"replies":[{"embeddable":true,"href":"https:\/\/wordpress-test.app.u-pariscite.fr\/ghes\/wp-json\/wp\/v2\/comments?post=522"}],"version-history":[{"count":13,"href":"https:\/\/wordpress-test.app.u-pariscite.fr\/ghes\/wp-json\/wp\/v2\/pages\/522\/revisions"}],"predecessor-version":[{"id":2612,"href":"https:\/\/wordpress-test.app.u-pariscite.fr\/ghes\/wp-json\/wp\/v2\/pages\/522\/revisions\/2612"}],"wp:attachment":[{"href":"https:\/\/wordpress-test.app.u-pariscite.fr\/ghes\/wp-json\/wp\/v2\/media?parent=522"}],"curies":[{"name":"wp","href":"https:\/\/api.w.org\/{rel}","templated":true}]}}