{"id":9467,"date":"2021-11-23T14:29:09","date_gmt":"2021-11-23T13:29:09","guid":{"rendered":"https:\/\/wordpress-test.app.u-pariscite.fr\/etudes-anglophones\/?page_id=9467"},"modified":"2024-09-20T14:17:17","modified_gmt":"2024-09-20T12:17:17","slug":"parcours-civilisations-anglophones","status":"publish","type":"page","link":"https:\/\/wordpress-test.app.u-pariscite.fr\/etudes-anglophones\/parcours-civilisations-anglophones\/","title":{"rendered":"Master LLCER &#8211; Parcours Histoire et civilisation des mondes anglophones"},"content":{"rendered":"<p>[et_pb_section bb_built=\u00a0\u00bb1&Prime; next_background_color=\u00a0\u00bb#000000&Prime; inner_width=\u00a0\u00bbauto\u00a0\u00bb inner_max_width=\u00a0\u00bbnone\u00a0\u00bb][et_pb_row][et_pb_column type=\u00a0\u00bb4_4&Prime;][et_pb_post_title admin_label=\u00a0\u00bbTitre de la page\u00a0\u00bb _builder_version=\u00a0\u00bb3.19.11&Prime; meta=\u00a0\u00bboff\u00a0\u00bb featured_image=\u00a0\u00bboff\u00a0\u00bb \/][\/et_pb_column][\/et_pb_row][et_pb_row][et_pb_column type=\u00a0\u00bb3_4&Prime;][et_pb_text admin_label=\u00a0\u00bbIntro\u00a0\u00bb _builder_version=\u00a0\u00bb3.22.1&Prime; module_id=\u00a0\u00bbintro\u00a0\u00bb text_text_shadow_horizontal_length=\u00a0\u00bbtext_text_shadow_style,%91object Object%93&Prime; text_text_shadow_vertical_length=\u00a0\u00bbtext_text_shadow_style,%91object Object%93&Prime; text_text_shadow_blur_strength=\u00a0\u00bbtext_text_shadow_style,%91object Object%93&Prime; link_text_shadow_horizontal_length=\u00a0\u00bblink_text_shadow_style,%91object Object%93&Prime; link_text_shadow_vertical_length=\u00a0\u00bblink_text_shadow_style,%91object Object%93&Prime; link_text_shadow_blur_strength=\u00a0\u00bblink_text_shadow_style,%91object Object%93&Prime; ul_text_shadow_horizontal_length=\u00a0\u00bbul_text_shadow_style,%91object Object%93&Prime; ul_text_shadow_vertical_length=\u00a0\u00bbul_text_shadow_style,%91object Object%93&Prime; ul_text_shadow_blur_strength=\u00a0\u00bbul_text_shadow_style,%91object Object%93&Prime; ol_text_shadow_horizontal_length=\u00a0\u00bbol_text_shadow_style,%91object Object%93&Prime; ol_text_shadow_vertical_length=\u00a0\u00bbol_text_shadow_style,%91object Object%93&Prime; ol_text_shadow_blur_strength=\u00a0\u00bbol_text_shadow_style,%91object Object%93&Prime; quote_text_shadow_horizontal_length=\u00a0\u00bbquote_text_shadow_style,%91object Object%93&Prime; quote_text_shadow_vertical_length=\u00a0\u00bbquote_text_shadow_style,%91object Object%93&Prime; quote_text_shadow_blur_strength=\u00a0\u00bbquote_text_shadow_style,%91object Object%93&Prime; header_text_shadow_horizontal_length=\u00a0\u00bbheader_text_shadow_style,%91object Object%93&Prime; header_text_shadow_vertical_length=\u00a0\u00bbheader_text_shadow_style,%91object Object%93&Prime; header_text_shadow_blur_strength=\u00a0\u00bbheader_text_shadow_style,%91object Object%93&Prime; header_2_text_shadow_horizontal_length=\u00a0\u00bbheader_2_text_shadow_style,%91object Object%93&Prime; header_2_text_shadow_vertical_length=\u00a0\u00bbheader_2_text_shadow_style,%91object Object%93&Prime; header_2_text_shadow_blur_strength=\u00a0\u00bbheader_2_text_shadow_style,%91object Object%93&Prime; header_3_text_shadow_horizontal_length=\u00a0\u00bbheader_3_text_shadow_style,%91object Object%93&Prime; header_3_text_shadow_vertical_length=\u00a0\u00bbheader_3_text_shadow_style,%91object Object%93&Prime; header_3_text_shadow_blur_strength=\u00a0\u00bbheader_3_text_shadow_style,%91object Object%93&Prime; header_4_text_shadow_horizontal_length=\u00a0\u00bbheader_4_text_shadow_style,%91object Object%93&Prime; header_4_text_shadow_vertical_length=\u00a0\u00bbheader_4_text_shadow_style,%91object Object%93&Prime; header_4_text_shadow_blur_strength=\u00a0\u00bbheader_4_text_shadow_style,%91object Object%93&Prime; header_5_text_shadow_horizontal_length=\u00a0\u00bbheader_5_text_shadow_style,%91object Object%93&Prime; header_5_text_shadow_vertical_length=\u00a0\u00bbheader_5_text_shadow_style,%91object Object%93&Prime; header_5_text_shadow_blur_strength=\u00a0\u00bbheader_5_text_shadow_style,%91object Object%93&Prime; header_6_text_shadow_horizontal_length=\u00a0\u00bbheader_6_text_shadow_style,%91object Object%93&Prime; header_6_text_shadow_vertical_length=\u00a0\u00bbheader_6_text_shadow_style,%91object Object%93&Prime; header_6_text_shadow_blur_strength=\u00a0\u00bbheader_6_text_shadow_style,%91object Object%93&Prime; z_index_tablet=\u00a0\u00bb500&Prime;]<\/p>\n<div class=\"page\" title=\"Page 1\">\n<div class=\"layoutArea\">\n<div class=\"column\">\n<div class=\"et_pb_row et_pb_row_0\">\n<div class=\"et_pb_column et_pb_column_4_4 et_pb_column_0 et_pb_css_mix_blend_mode_passthrough et-last-child\">\n<div class=\"et_pb_module et_pb_post_title et_pb_post_title_0 et_pb_bg_layout_light et_pb_text_align_left\">\n<div class=\"et_pb_title_container\">\n<p>Histoire et civilisation des mondes anglophones (Recherche : \u00e9quipe LARCA, UMR 8225)<\/p>\n<\/div>\n<\/div>\n<\/div>\n<\/div>\n<\/div>\n<\/div>\n<\/div>\n<p>[\/et_pb_text][\/et_pb_column][et_pb_column type=\u00a0\u00bb1_4&Prime;][\/et_pb_column][\/et_pb_row][et_pb_row][et_pb_column type=\u00a0\u00bb3_4&Prime;][et_pb_text _builder_version=\u00a0\u00bb3.22.1&Prime; module_id=\u00a0\u00bbcontenu\u00a0\u00bb text_text_shadow_horizontal_length=\u00a0\u00bbtext_text_shadow_style,%91object Object%93&Prime; text_text_shadow_vertical_length=\u00a0\u00bbtext_text_shadow_style,%91object Object%93&Prime; text_text_shadow_blur_strength=\u00a0\u00bbtext_text_shadow_style,%91object Object%93&Prime; link_text_shadow_horizontal_length=\u00a0\u00bblink_text_shadow_style,%91object Object%93&Prime; link_text_shadow_vertical_length=\u00a0\u00bblink_text_shadow_style,%91object Object%93&Prime; link_text_shadow_blur_strength=\u00a0\u00bblink_text_shadow_style,%91object Object%93&Prime; ul_text_shadow_horizontal_length=\u00a0\u00bbul_text_shadow_style,%91object Object%93&Prime; ul_text_shadow_vertical_length=\u00a0\u00bbul_text_shadow_style,%91object Object%93&Prime; ul_text_shadow_blur_strength=\u00a0\u00bbul_text_shadow_style,%91object Object%93&Prime; ol_text_shadow_horizontal_length=\u00a0\u00bbol_text_shadow_style,%91object Object%93&Prime; ol_text_shadow_vertical_length=\u00a0\u00bbol_text_shadow_style,%91object Object%93&Prime; ol_text_shadow_blur_strength=\u00a0\u00bbol_text_shadow_style,%91object Object%93&Prime; quote_text_shadow_horizontal_length=\u00a0\u00bbquote_text_shadow_style,%91object Object%93&Prime; quote_text_shadow_vertical_length=\u00a0\u00bbquote_text_shadow_style,%91object Object%93&Prime; quote_text_shadow_blur_strength=\u00a0\u00bbquote_text_shadow_style,%91object Object%93&Prime; header_text_shadow_horizontal_length=\u00a0\u00bbheader_text_shadow_style,%91object Object%93&Prime; header_text_shadow_vertical_length=\u00a0\u00bbheader_text_shadow_style,%91object Object%93&Prime; header_text_shadow_blur_strength=\u00a0\u00bbheader_text_shadow_style,%91object Object%93&Prime; header_2_text_shadow_horizontal_length=\u00a0\u00bbheader_2_text_shadow_style,%91object Object%93&Prime; header_2_text_shadow_vertical_length=\u00a0\u00bbheader_2_text_shadow_style,%91object Object%93&Prime; header_2_text_shadow_blur_strength=\u00a0\u00bbheader_2_text_shadow_style,%91object Object%93&Prime; header_3_text_shadow_horizontal_length=\u00a0\u00bbheader_3_text_shadow_style,%91object Object%93&Prime; header_3_text_shadow_vertical_length=\u00a0\u00bbheader_3_text_shadow_style,%91object Object%93&Prime; header_3_text_shadow_blur_strength=\u00a0\u00bbheader_3_text_shadow_style,%91object Object%93&Prime; header_4_text_shadow_horizontal_length=\u00a0\u00bbheader_4_text_shadow_style,%91object Object%93&Prime; header_4_text_shadow_vertical_length=\u00a0\u00bbheader_4_text_shadow_style,%91object Object%93&Prime; header_4_text_shadow_blur_strength=\u00a0\u00bbheader_4_text_shadow_style,%91object Object%93&Prime; header_5_text_shadow_horizontal_length=\u00a0\u00bbheader_5_text_shadow_style,%91object Object%93&Prime; header_5_text_shadow_vertical_length=\u00a0\u00bbheader_5_text_shadow_style,%91object Object%93&Prime; header_5_text_shadow_blur_strength=\u00a0\u00bbheader_5_text_shadow_style,%91object Object%93&Prime; header_6_text_shadow_horizontal_length=\u00a0\u00bbheader_6_text_shadow_style,%91object Object%93&Prime; header_6_text_shadow_vertical_length=\u00a0\u00bbheader_6_text_shadow_style,%91object Object%93&Prime; header_6_text_shadow_blur_strength=\u00a0\u00bbheader_6_text_shadow_style,%91object Object%93&Prime; z_index_tablet=\u00a0\u00bb500&Prime;]<\/p>\n<p>Le parcours Histoire et civilisation des mondes anglophones offre aux \u00e9tudiants un acc\u00e8s \u00e0 la recherche en histoire et civilisation anglo-am\u00e9ricaine, gr\u00e2ce \u00e0 une approche pluridisciplinaire et comparatiste permettant d\u2019appr\u00e9hender en premier lieu les soci\u00e9t\u00e9s britanniques et am\u00e9ricaines dans leur diversit\u00e9, et par extension de p\u00e9n\u00e9trer d\u2019autres sph\u00e8res du monde anglophone.<\/p>\n<p>La vari\u00e9t\u00e9 des approches :<\/p>\n<ul>\n<li>histoire politique et sociale,<\/li>\n<li>histoire des id\u00e9es,<\/li>\n<li>sciences politiques,<\/li>\n<li>sociologie,<\/li>\n<\/ul>\n<p>atteste de la richesse des \u00e9tudes d&rsquo;histoire et civilisation des mondes anglophones .<\/p>\n<blockquote>\n<p>Le Master 1 initie \u00e0 la m\u00e9thodologie de la recherche en lettres et sciences humaines et vise \u00e0 renforcer les connaissances de l\u2019arri\u00e8re-plan historique, social, politique, culturel et artistique des aires culturelles concern\u00e9es pour permettre, en Master 2, l\u2019aboutissement d\u2019une recherche personnelle originale sur des sources primaires.<\/p>\n<\/blockquote>\n<p>En accord avec le directeur de recherche, le choix des s\u00e9minaires privil\u00e9giera l&rsquo;histoire ou la civilisation am\u00e9ricaine ou britannique selon le projet de recherche.<\/p>\n<p><strong>Responsable de parcours :<\/strong><\/p>\n<ul>\n<li><strong>Semestre 1 :<\/strong> Micha\u00ebl Roy, <a href=\"mailto:michael.roy@wordpress-test.app.u-pariscite.fr\">michael.roy@wordpress-test.app.u-pariscite.fr<\/a><\/li>\n<li><span class=\"mailto\"><span class=\"element-invisible\"><strong>Semestre 2 :<\/strong> Laura Carter, <a href=\"mailto:laura.carter@wordpress-test.app.u-pariscite.fr\">laura.carter@wordpress-test.app.u-pariscite.fr<\/a><\/span><\/span><\/li>\n<\/ul>\n<blockquote>\n<p>T\u00e9l\u00e9charger la <a href=\"https:\/\/cloud.parisdescartes.fr\/index.php\/s\/S3PTNQD6RyGP93H\">brochure 2024-25<\/a><\/p>\n<\/blockquote>\n<p><strong>PRE-REQUIS <\/strong><\/p>\n<p>\u00a0<\/p>\n<p><strong>Pr\u00e9-requis obligatoire <\/strong><\/p>\n<p>Licence d&rsquo;\u00e9tudes anglophones (ou \u00e9quivalent,\u00a0soumis \u00e0 appr\u00e9ciation de la commission d\u2019admission)<\/p>\n<p><strong>Attendus de la formation<\/strong><\/p>\n<p>Excellente ma\u00eetrise de l\u2019expression \u00e9crite et orale en anglais\u00a0: Le niveau exig\u00e9 en anglais est C1. Pour les candidatures hors-Europe et pas issues d\u2019un pays anglophone, ce niveau doit \u00eatre attest\u00e9 par un r\u00e9sultat de test de langue internationalement reconnu (ex\u00a0: score minimum 7 \u00e0 IELTS, 100 au TOEFL, 130 au test Duolingo, ou le Cambridge Proficiency).<\/p>\n<p>Capacit\u00e9s argumentatives en anglais ; solide culture g\u00e9n\u00e9rale sur l&rsquo;histoire et la culture des mondes anglophones. Capacit\u00e9 \u00e0 travailler seul pour mener un projet de recherche en autonomie.\u00a0<\/p>\n<p><strong>Niveau de fran\u00e7ais<\/strong><\/p>\n<p>Aucun niveau de fran\u00e7ais n\u2019est exig\u00e9 pour le parcours Recherche, mais il est recommand\u00e9 d\u2019avoir des comp\u00e9tences suffisantes pour communiquer au quotidien.\u00a0<\/p>\n<p><strong>Crit\u00e8res g\u00e9n\u00e9raux d\u2019examen des dossiers<\/strong><\/p>\n<p>La commission d\u2019admission pr\u00eate une attention toute particuli\u00e8re aux r\u00e9sultats en Licence (en particulier le premier semestre de la L3),\u00a0\u00e0 la coh\u00e9rence du parcours ant\u00e9rieur de l\u2019\u00e9tudiant avec la formation envisag\u00e9e, et \u00e0 la lettre de motivation r\u00e9dig\u00e9e en anglais.\u00a0Les \u00e9ventuelles activit\u00e9s extra-universitaires sont \u00e9galement prises en compte quand elles sont en lien avec la formation (projets, stages, volontariat, service civique).\u00a0<\/p>\n<p>\u00a0<\/p>\n<p><strong>Consignes pour r\u00e9diger la <u>lettre de motivation en anglais \u00e0 joindre \u00e0 votre dossier de candidature<\/u><\/strong><\/p>\n<p>Veillez \u00e0 ne pas \u00e9crire une lettre de motivation standard telle que trouv\u00e9e sur internet, \u00e9vitez les clich\u00e9s d\u2019usage, mais essayez de donner une id\u00e9e de vos int\u00e9r\u00eats et de votre personnalit\u00e9 en r\u00e9pondant \u00e0 ce type de questions\u00a0:<\/p>\n<ul>\n<li>pourquoi souhaitez-vous int\u00e9grer ce master \/ ce parcours\u00a0? Quels sont les aspects de la formation qui vous attirent le plus\u00a0?<\/li>\n<li>\u00e0 quelle(s) p\u00e9riode(s)\u00a0de l\u2019histoire vous int\u00e9ressez-vous le plus ? Concernant quel(s) pays ou r\u00e9gion(s)\u00a0?<\/li>\n<li>quelles sont vos pratiques culturelles li\u00e9es \u00e0 l\u2019histoire ou aux sciences sociales (s\u00e9ries, films, romans, essais, mus\u00e9es, etc.) ? Choisissez un de ces contenuset expliquez-nous pourquoi vous l&rsquo;avez aim\u00e9 et comment il vous a fait r\u00e9fl\u00e9chir et affiner votre int\u00e9r\u00eat pour ces disciplines.<\/li>\n<li>R\u00e9fl\u00e9chissez \u00e0 des sujets de m\u00e9moire de recherche potentiels : choisissez-en deux et d\u00e9crivez-les en quelques lignes chacun (quel pays, quelle p\u00e9riode), en esquissant des pistes d&rsquo;approche m\u00e9thodologique (= quel type de sources pourrait \u00eatre pertinent ?) NB : les sujets de m\u00e9moire sont \u00e9labor\u00e9s en collaboration avec l\u2019\u00e9quipe p\u00e9dagogique au cours du 1<sup>er<\/sup>\u00a0semestre. Le m\u00e9moire est r\u00e9dig\u00e9 en 2 ans (M1 et M2).<\/li>\n<\/ul>\n<ul>\n<li>avez-vous d\u00e9j\u00e0 fait des s\u00e9jours dans des pays anglophones, dans quel contexte (s\u00e9jour linguistique, job d\u2019\u00e9t\u00e9, etc.), combien de temps\u00a0?<\/li>\n<\/ul>\n<p>[\/et_pb_text][\/et_pb_column][et_pb_column type=\u00a0\u00bb1_4&Prime;][\/et_pb_column][\/et_pb_row][\/et_pb_section][et_pb_section bb_built=\u00a0\u00bb1&Prime; specialty=\u00a0\u00bboff\u00a0\u00bb _builder_version=\u00a0\u00bb3.21&Prime; custom_padding=\u00a0\u00bb0px||0px|\u00a0\u00bb prev_background_color=\u00a0\u00bb#000000&Prime; inner_width=\u00a0\u00bbauto\u00a0\u00bb inner_max_width=\u00a0\u00bbnone\u00a0\u00bb][et_pb_row _builder_version=\u00a0\u00bb3.19.11&Prime; width=\u00a0\u00bb80%\u00a0\u00bb max_width=\u00a0\u00bb1080px\u00a0\u00bb][et_pb_column type=\u00a0\u00bb4_4&Prime;][et_pb_text admin_label=\u00a0\u00bb\u00c0 lire aussi\u00a0\u00bb _builder_version=\u00a0\u00bb3.21&Prime;]<\/p>\n<h2><span class=\"st\">\u00c0<\/span> lire aussi<\/h2>\n<p>[\/et_pb_text][et_pb_blog _builder_version=\u00a0\u00bb3.21&Prime; posts_number=\u00a0\u00bb4&Prime; include_categories=\u00a0\u00bb13&Prime; show_author=\u00a0\u00bboff\u00a0\u00bb show_date=\u00a0\u00bboff\u00a0\u00bb show_pagination=\u00a0\u00bboff\u00a0\u00bb border_width_bottom_fullwidth=\u00a0\u00bb1px\u00a0\u00bb border_color_bottom_fullwidth=\u00a0\u00bbrgba(51,51,51,0.18)\u00a0\u00bb custom_padding=\u00a0\u00bb||50px|\u00a0\u00bb module_id=\u00a0\u00bbpage_type_blog\u00a0\u00bb header_level=\u00a0\u00bbh4&Prime; \/][\/et_pb_column][\/et_pb_row][\/et_pb_section]<\/p>\n","protected":false},"excerpt":{"rendered":"<div class=\"et_pb_row et_pb_row_0 et_pb_row_empty\"><\/div>\n<div class=\"et_pb_row et_pb_row_1 et_pb_row_empty\"><\/div>\n<p> Histoire et civilisation des mondes anglophones (Recherche : \u00e9quipe LARCA, UMR 8225) <\/p>\n<div class=\"et_pb_row et_pb_row_2 et_pb_row_empty\"><\/div>\n<p> Le parcours Histoire et civilisation des mondes anglophones offre aux \u00e9tudiants un acc\u00e8s \u00e0 la recherche en histoire et civilisation anglo-am\u00e9ricaine, gr\u00e2ce \u00e0 une approche pluridisciplinaire et comparatiste permettant d\u2019appr\u00e9hender en premier lieu les soci\u00e9t\u00e9s britanniques et am\u00e9ricaines dans leur diversit\u00e9,&hellip; <a class=\"continue\" href=\"https:\/\/wordpress-test.app.u-pariscite.fr\/etudes-anglophones\/parcours-civilisations-anglophones\/\">Lire la suite<span> Master LLCER &#8211; Parcours Histoire et civilisation des mondes anglophones<\/span><\/a><\/p>\n","protected":false},"author":36,"featured_media":0,"parent":0,"menu_order":0,"comment_status":"closed","ping_status":"closed","template":"","meta":{"_et_pb_use_builder":"on","_et_pb_old_content":"","_et_gb_content_width":"","footnotes":""},"class_list":["post-9467","page","type-page","status-publish","hentry"],"_links":{"self":[{"href":"https:\/\/wordpress-test.app.u-pariscite.fr\/etudes-anglophones\/wp-json\/wp\/v2\/pages\/9467","targetHints":{"allow":["GET"]}}],"collection":[{"href":"https:\/\/wordpress-test.app.u-pariscite.fr\/etudes-anglophones\/wp-json\/wp\/v2\/pages"}],"about":[{"href":"https:\/\/wordpress-test.app.u-pariscite.fr\/etudes-anglophones\/wp-json\/wp\/v2\/types\/page"}],"author":[{"embeddable":true,"href":"https:\/\/wordpress-test.app.u-pariscite.fr\/etudes-anglophones\/wp-json\/wp\/v2\/users\/36"}],"replies":[{"embeddable":true,"href":"https:\/\/wordpress-test.app.u-pariscite.fr\/etudes-anglophones\/wp-json\/wp\/v2\/comments?post=9467"}],"version-history":[{"count":29,"href":"https:\/\/wordpress-test.app.u-pariscite.fr\/etudes-anglophones\/wp-json\/wp\/v2\/pages\/9467\/revisions"}],"predecessor-version":[{"id":12249,"href":"https:\/\/wordpress-test.app.u-pariscite.fr\/etudes-anglophones\/wp-json\/wp\/v2\/pages\/9467\/revisions\/12249"}],"wp:attachment":[{"href":"https:\/\/wordpress-test.app.u-pariscite.fr\/etudes-anglophones\/wp-json\/wp\/v2\/media?parent=9467"}],"curies":[{"name":"wp","href":"https:\/\/api.w.org\/{rel}","templated":true}]}}