{"id":8950,"date":"2021-07-08T14:49:17","date_gmt":"2021-07-08T12:49:17","guid":{"rendered":"https:\/\/wordpress-test.app.u-pariscite.fr\/etudes-anglophones\/?page_id=8950"},"modified":"2022-09-25T15:06:47","modified_gmt":"2022-09-25T13:06:47","slug":"contrat-etudes-erasmus","status":"publish","type":"page","link":"https:\/\/wordpress-test.app.u-pariscite.fr\/etudes-anglophones\/contrat-etudes-erasmus\/","title":{"rendered":"Contrat d&rsquo;\u00e9tudes Erasmus pour les \u00e9tudiants de l&rsquo;UFR Etudes Anglophones"},"content":{"rendered":"<p>[et_pb_section bb_built=\u00a0\u00bb1&Prime; inner_width=\u00a0\u00bbauto\u00a0\u00bb inner_max_width=\u00a0\u00bbnone\u00a0\u00bb next_background_color=\u00a0\u00bb#000000&Prime;][et_pb_row _builder_version=\u00a0\u00bb3.22.1&Prime;][et_pb_column type=\u00a0\u00bb4_4&Prime;][et_pb_text admin_label=\u00a0\u00bbContrat d&rsquo;\u00e9tudes Erasmus\u00a0\u00bb _builder_version=\u00a0\u00bb3.22.1&Prime; text_text_shadow_horizontal_length=\u00a0\u00bbtext_text_shadow_style,%91object Object%93&Prime; text_text_shadow_vertical_length=\u00a0\u00bbtext_text_shadow_style,%91object Object%93&Prime; text_text_shadow_blur_strength=\u00a0\u00bbtext_text_shadow_style,%91object Object%93&Prime; link_text_shadow_horizontal_length=\u00a0\u00bblink_text_shadow_style,%91object Object%93&Prime; link_text_shadow_vertical_length=\u00a0\u00bblink_text_shadow_style,%91object Object%93&Prime; link_text_shadow_blur_strength=\u00a0\u00bblink_text_shadow_style,%91object Object%93&Prime; ul_text_shadow_horizontal_length=\u00a0\u00bbul_text_shadow_style,%91object Object%93&Prime; ul_text_shadow_vertical_length=\u00a0\u00bbul_text_shadow_style,%91object Object%93&Prime; ul_text_shadow_blur_strength=\u00a0\u00bbul_text_shadow_style,%91object Object%93&Prime; ol_text_shadow_horizontal_length=\u00a0\u00bbol_text_shadow_style,%91object Object%93&Prime; ol_text_shadow_vertical_length=\u00a0\u00bbol_text_shadow_style,%91object Object%93&Prime; ol_text_shadow_blur_strength=\u00a0\u00bbol_text_shadow_style,%91object Object%93&Prime; quote_text_shadow_horizontal_length=\u00a0\u00bbquote_text_shadow_style,%91object Object%93&Prime; quote_text_shadow_vertical_length=\u00a0\u00bbquote_text_shadow_style,%91object Object%93&Prime; quote_text_shadow_blur_strength=\u00a0\u00bbquote_text_shadow_style,%91object Object%93&Prime; header_text_shadow_horizontal_length=\u00a0\u00bbheader_text_shadow_style,%91object Object%93&Prime; header_text_shadow_vertical_length=\u00a0\u00bbheader_text_shadow_style,%91object Object%93&Prime; header_text_shadow_blur_strength=\u00a0\u00bbheader_text_shadow_style,%91object Object%93&Prime; header_2_text_shadow_horizontal_length=\u00a0\u00bbheader_2_text_shadow_style,%91object Object%93&Prime; header_2_text_shadow_vertical_length=\u00a0\u00bbheader_2_text_shadow_style,%91object Object%93&Prime; header_2_text_shadow_blur_strength=\u00a0\u00bbheader_2_text_shadow_style,%91object Object%93&Prime; header_3_text_shadow_horizontal_length=\u00a0\u00bbheader_3_text_shadow_style,%91object Object%93&Prime; header_3_text_shadow_vertical_length=\u00a0\u00bbheader_3_text_shadow_style,%91object Object%93&Prime; header_3_text_shadow_blur_strength=\u00a0\u00bbheader_3_text_shadow_style,%91object Object%93&Prime; header_4_text_shadow_horizontal_length=\u00a0\u00bbheader_4_text_shadow_style,%91object Object%93&Prime; header_4_text_shadow_vertical_length=\u00a0\u00bbheader_4_text_shadow_style,%91object Object%93&Prime; header_4_text_shadow_blur_strength=\u00a0\u00bbheader_4_text_shadow_style,%91object Object%93&Prime; header_5_text_shadow_horizontal_length=\u00a0\u00bbheader_5_text_shadow_style,%91object Object%93&Prime; header_5_text_shadow_vertical_length=\u00a0\u00bbheader_5_text_shadow_style,%91object Object%93&Prime; header_5_text_shadow_blur_strength=\u00a0\u00bbheader_5_text_shadow_style,%91object Object%93&Prime; header_6_text_shadow_horizontal_length=\u00a0\u00bbheader_6_text_shadow_style,%91object Object%93&Prime; header_6_text_shadow_vertical_length=\u00a0\u00bbheader_6_text_shadow_style,%91object Object%93&Prime; header_6_text_shadow_blur_strength=\u00a0\u00bbheader_6_text_shadow_style,%91object Object%93&Prime; z_index_tablet=\u00a0\u00bb500&Prime; text_orientation=\u00a0\u00bbjustified\u00a0\u00bb]<\/p>\n<div class=\"boxton-content-container col-md-24 bpl-content bpl-spacer\">\n<div class=\"panel-pane pane-entity-field pane-node-body\">\n<div class=\"pane-content\">\n<div class=\"field field-name-body field-type-text-with-summary field-label-hidden\">\n<div class=\"field-items\">\n<div class=\"field-item even\">\n<h2 class=\"paragraphe\">Le contrat d&rsquo;\u00e9tudes Erasmus et Royaume-Uni pour les \u00e9tudiants de l&rsquo;UFR Etudes Anglophones<\/h2>\n<p class=\"paragraphe\">Le contrat d\u2019\u00e9tudes est la liste des cours que vous suivrez dans votre universit\u00e9 d&rsquo;accueil. Il doit \u00eatre sign\u00e9 par le <a class=\"ext extlink\" href=\"https:\/\/wordpress-test.app.u-pariscite.fr\/etudes-anglophones\/ri_coordination\/\" target=\"_blank\" rel=\"noopener noreferrer\">coordinateur p\u00e9dagogique de l\u2019UFR.<\/a><\/p>\n<blockquote>\n<p class=\"paragraphe\"><a href=\"https:\/\/cloud.parisdescartes.fr\/index.php\/s\/deCSATeXqGS33Fs\" target=\"_blank\" rel=\"noopener noreferrer\">Acc\u00e9der aux mod\u00e8les de contrats d&rsquo;\u00e9tudes Erasmus pr\u00e9-remplis<\/a> (PDF interactif \u00e0 enregistrer et adapter)<\/p>\n<\/blockquote>\n<p><strong>Attention : <\/strong>Les consignes ci-dessous indiquent le nombre de cours n\u00e9cessaires pour la validation de votre dipl\u00f4me fran\u00e7ais. N\u00e9anmoins, conform\u00e9ment aux recommandations de l&rsquo;Agence Erasmus, il est possible que l&rsquo;universit\u00e9 d&rsquo;accueil exige que vous arriviez \u00e0 un total de 30 ECTS (ou au moins de 20 ECTS) par semestre. Il sera donc peut-\u00eatre n\u00e9cessaire de compl\u00e9ter les cours \u00ab\u00a0validants\u00a0\u00bb (dont la note sera prise en compte pour la validation de votre dipl\u00f4me) par des cours \u00ab\u00a0non validants\u00a0\u00bb (dont la note ne sera pas prise en compte pour la validation de votre dipl\u00f4me). Ces cours suppl\u00e9mentaires \u00ab\u00a0non validants\u00a0\u00bb pourront \u00eatre dans le domaine qui vous plait et\/ou de niveau moins avanc\u00e9\u00a0; il sera aussi possible, pour les \u00e9tudiants de Master, de prendre des cours \u00ab\u00a0Independent Study\u00a0\u00bb, qui permettent de travailler sur votre sujet de m\u00e9moire.<\/p>\n<ul>\n<li>Un \u00e9tudiant de <strong>L3<\/strong> doit suivre 30 ECTS par semestre. Les cours suivis doivent \u00eatre dans les domaines du cursus LLCE Anglais (civilisation, litt\u00e9rature, arts visuels des pays anglophones, linguistique et langue anglaises).<\/li>\n<li>Un \u00e9tudiant de <strong>M1<\/strong>, en plus de son m\u00e9moire (14 ECTS), doit suivre dans son universit\u00e9 d&rsquo;accueil des cours pour un minimum de 46 ECTS par an. Les cours suivis doivent \u00eatre dans le domaine de sp\u00e9cialit\u00e9 de l\u2019\u00e9tudiant et \u00eatre approuv\u00e9s par son directeur de recherche. Les cours sont normalement de niveau postgraduate. N\u00e9anmoins, certains de nos accords d\u2019\u00e9change avec le Royaume-Uni donnent acc\u00e8s uniquement \u00e0 des cours undergraduate. Pour ces universit\u00e9s, nous validerons des cours undergraduate de 3e ann\u00e9e pour le M1.<\/li>\n<li>Un \u00e9tudiant de <strong>M1 A.Sp\u00e9 <\/strong>devra suivre au 1er semestre trois cours undergraduate avanc\u00e9s (3e ann\u00e9e) ou postgraduate dans le domaine des \u00e9tudes anglophones. Au 2e semestre, il faudra suivre un cours.\u00a0 Ces cours serviront \u00e0 valider les UE de Cultures et civilisations de l\u2019aire anglophone. Toutes les autres UE seront valid\u00e9es par\u00a0correspondance.<\/li>\n<li>Un \u00e9tudiant de <strong>M2<\/strong>, en plus de son m\u00e9moire (24 ECTS) doit suivre 36 ECTS par an. Les cours suivis doivent \u00eatre de niveau postgraduate, dans le domaine de sp\u00e9cialit\u00e9 de l\u2019\u00e9tudiant et \u00eatre approuv\u00e9s par le directeur de recherche.<\/li>\n<\/ul>\n<p><strong>Attention:<\/strong><br \/>1) <strong><em>Les universit\u00e9s britanniques ont leur propre syst\u00e8me de cr\u00e9dits. 2 cr\u00e9dits britanniques = 1 cr\u00e9dit ECTS<\/em><\/strong><br \/>2) Un accord Erasmus se fait avec un d\u00e9partement pr\u00e9cis d&rsquo;une universit\u00e9 partenaire et les possibilit\u00e9s de suivre des cours en dehors de ce d\u00e9partement peuvent donc \u00eatre limit\u00e9es. Vous trouverez dans le <a href=\"https:\/\/cloud.parisdescartes.fr\/index.php\/s\/7fKZHEFM7KaJNCW\" target=\"_blank\" rel=\"noopener noreferrer\">descriptif d\u00e9taill\u00e9 des accords Erasmus et Royaume-Uni<\/a> les information sur les restrictions pour chaque accord.<br \/>3) G\u00e9n\u00e9ralement, vous trouverez les cours n\u00e9cessaires pour votre cursus dans les d\u00e9partements suivants :<br \/>&#8211;\u00a0\u00a0 \u00a0Department (School) of English (litt\u00e9rature, linguistique)<br \/>&#8211;\u00a0\u00a0 \u00a0Department (School) of Linguistics<br \/>&#8211;\u00a0\u00a0 \u00a0Department (School) of History (civilisation)<br \/>&#8211;\u00a0\u00a0 \u00a0Department (School) of Political Sciences (civilisation)<br \/>&#8211;\u00a0\u00a0 \u00a0Department (School) of American Studies (literature et civilisation am\u00e9ricaine)<br \/>&#8211;\u00a0\u00a0 \u00a0Department of Arts \/ Film Studies (arts visuals)<br \/>&#8211;\u00a0\u00a0 \u00a0Department of Women\u2019s Studies \/ gender Studies<\/p>\n<\/div>\n<\/div>\n<\/div>\n<\/div>\n<\/div>\n<\/div>\n<p>[\/et_pb_text][\/et_pb_column][\/et_pb_row][\/et_pb_section][et_pb_section bb_built=\u00a0\u00bb1&Prime; specialty=\u00a0\u00bboff\u00a0\u00bb _builder_version=\u00a0\u00bb3.21&Prime; custom_padding=\u00a0\u00bb0px||0px|\u00a0\u00bb prev_background_color=\u00a0\u00bb#000000&Prime; inner_width=\u00a0\u00bbauto\u00a0\u00bb inner_max_width=\u00a0\u00bbnone\u00a0\u00bb][et_pb_row _builder_version=\u00a0\u00bb3.19.11&Prime; width=\u00a0\u00bb80%\u00a0\u00bb max_width=\u00a0\u00bb1080px\u00a0\u00bb][et_pb_column type=\u00a0\u00bb4_4&Prime;][et_pb_text admin_label=\u00a0\u00bb\u00c0 lire aussi\u00a0\u00bb _builder_version=\u00a0\u00bb3.21&Prime;]<\/p>\n<h2><span class=\"st\">\u00c0<\/span> lire aussi<\/h2>\n<p>[\/et_pb_text][et_pb_blog _builder_version=\u00a0\u00bb3.21&Prime; posts_number=\u00a0\u00bb4&Prime; include_categories=\u00a0\u00bb13&Prime; show_author=\u00a0\u00bboff\u00a0\u00bb show_date=\u00a0\u00bboff\u00a0\u00bb show_pagination=\u00a0\u00bboff\u00a0\u00bb border_width_bottom_fullwidth=\u00a0\u00bb1px\u00a0\u00bb border_color_bottom_fullwidth=\u00a0\u00bbrgba(51,51,51,0.18)\u00a0\u00bb custom_padding=\u00a0\u00bb||50px|\u00a0\u00bb module_id=\u00a0\u00bbpage_type_blog\u00a0\u00bb header_level=\u00a0\u00bbh4&Prime; \/][\/et_pb_column][\/et_pb_row][\/et_pb_section]<\/p>\n","protected":false},"excerpt":{"rendered":"<p>Le contrat d&rsquo;\u00e9tudes Erasmus et Royaume-Uni pour les \u00e9tudiants de l&rsquo;UFR Etudes AnglophonesLe contrat d\u2019\u00e9tudes est la liste des cours que vous suivrez dans votre universit\u00e9 d&rsquo;accueil. Il doit \u00eatre sign\u00e9 par le coordinateur p\u00e9dagogique de l\u2019UFR.Acc\u00e9der aux mod\u00e8les de contrats d&rsquo;\u00e9tudes Erasmus pr\u00e9-remplis (PDF interactif \u00e0 enregistrer et adapter)Attention : Les consignes ci-dessous indiquent&hellip; <a class=\"continue\" href=\"https:\/\/wordpress-test.app.u-pariscite.fr\/etudes-anglophones\/contrat-etudes-erasmus\/\">Lire la suite<span> Contrat d&rsquo;\u00e9tudes Erasmus pour les \u00e9tudiants de l&rsquo;UFR Etudes Anglophones<\/span><\/a><\/p>\n","protected":false},"author":41,"featured_media":0,"parent":0,"menu_order":0,"comment_status":"closed","ping_status":"closed","template":"","meta":{"_et_pb_use_builder":"on","_et_pb_old_content":"","_et_gb_content_width":"","footnotes":""},"class_list":["post-8950","page","type-page","status-publish","hentry"],"_links":{"self":[{"href":"https:\/\/wordpress-test.app.u-pariscite.fr\/etudes-anglophones\/wp-json\/wp\/v2\/pages\/8950","targetHints":{"allow":["GET"]}}],"collection":[{"href":"https:\/\/wordpress-test.app.u-pariscite.fr\/etudes-anglophones\/wp-json\/wp\/v2\/pages"}],"about":[{"href":"https:\/\/wordpress-test.app.u-pariscite.fr\/etudes-anglophones\/wp-json\/wp\/v2\/types\/page"}],"author":[{"embeddable":true,"href":"https:\/\/wordpress-test.app.u-pariscite.fr\/etudes-anglophones\/wp-json\/wp\/v2\/users\/41"}],"replies":[{"embeddable":true,"href":"https:\/\/wordpress-test.app.u-pariscite.fr\/etudes-anglophones\/wp-json\/wp\/v2\/comments?post=8950"}],"version-history":[{"count":9,"href":"https:\/\/wordpress-test.app.u-pariscite.fr\/etudes-anglophones\/wp-json\/wp\/v2\/pages\/8950\/revisions"}],"predecessor-version":[{"id":10664,"href":"https:\/\/wordpress-test.app.u-pariscite.fr\/etudes-anglophones\/wp-json\/wp\/v2\/pages\/8950\/revisions\/10664"}],"wp:attachment":[{"href":"https:\/\/wordpress-test.app.u-pariscite.fr\/etudes-anglophones\/wp-json\/wp\/v2\/media?parent=8950"}],"curies":[{"name":"wp","href":"https:\/\/api.w.org\/{rel}","templated":true}]}}