{"id":8567,"date":"2021-06-21T18:14:19","date_gmt":"2021-06-21T16:14:19","guid":{"rendered":"https:\/\/wordpress-test.app.u-pariscite.fr\/etudes-anglophones\/?page_id=8567"},"modified":"2024-05-23T11:56:12","modified_gmt":"2024-05-23T09:56:12","slug":"modules-in-french","status":"publish","type":"page","link":"https:\/\/wordpress-test.app.u-pariscite.fr\/etudes-anglophones\/modules-in-french\/","title":{"rendered":"Modules in French as a Foreign Language (FLE) and other languages"},"content":{"rendered":"<p>[et_pb_section bb_built=\u00a0\u00bb1&Prime; inner_width=\u00a0\u00bbauto\u00a0\u00bb inner_max_width=\u00a0\u00bbnone\u00a0\u00bb next_background_color=\u00a0\u00bb#000000&Prime;][et_pb_row][et_pb_column type=\u00a0\u00bb4_4&Prime;][et_pb_post_title admin_label=\u00a0\u00bbTitre de la page\u00a0\u00bb _builder_version=\u00a0\u00bb3.19.11&Prime; meta=\u00a0\u00bboff\u00a0\u00bb featured_image=\u00a0\u00bboff\u00a0\u00bb \/][\/et_pb_column][\/et_pb_row][et_pb_row][et_pb_column type=\u00a0\u00bb3_4&Prime;][et_pb_text _builder_version=\u00a0\u00bb3.22.1&Prime; module_id=\u00a0\u00bbcontenu\u00a0\u00bb text_text_shadow_horizontal_length=\u00a0\u00bbtext_text_shadow_style,%91object Object%93&Prime; text_text_shadow_vertical_length=\u00a0\u00bbtext_text_shadow_style,%91object Object%93&Prime; text_text_shadow_blur_strength=\u00a0\u00bbtext_text_shadow_style,%91object Object%93&Prime; link_text_shadow_horizontal_length=\u00a0\u00bblink_text_shadow_style,%91object Object%93&Prime; link_text_shadow_vertical_length=\u00a0\u00bblink_text_shadow_style,%91object Object%93&Prime; link_text_shadow_blur_strength=\u00a0\u00bblink_text_shadow_style,%91object Object%93&Prime; ul_text_shadow_horizontal_length=\u00a0\u00bbul_text_shadow_style,%91object Object%93&Prime; ul_text_shadow_vertical_length=\u00a0\u00bbul_text_shadow_style,%91object Object%93&Prime; ul_text_shadow_blur_strength=\u00a0\u00bbul_text_shadow_style,%91object Object%93&Prime; ol_text_shadow_horizontal_length=\u00a0\u00bbol_text_shadow_style,%91object Object%93&Prime; ol_text_shadow_vertical_length=\u00a0\u00bbol_text_shadow_style,%91object Object%93&Prime; ol_text_shadow_blur_strength=\u00a0\u00bbol_text_shadow_style,%91object Object%93&Prime; quote_text_shadow_horizontal_length=\u00a0\u00bbquote_text_shadow_style,%91object Object%93&Prime; quote_text_shadow_vertical_length=\u00a0\u00bbquote_text_shadow_style,%91object Object%93&Prime; quote_text_shadow_blur_strength=\u00a0\u00bbquote_text_shadow_style,%91object Object%93&Prime; header_text_shadow_horizontal_length=\u00a0\u00bbheader_text_shadow_style,%91object Object%93&Prime; header_text_shadow_vertical_length=\u00a0\u00bbheader_text_shadow_style,%91object Object%93&Prime; header_text_shadow_blur_strength=\u00a0\u00bbheader_text_shadow_style,%91object Object%93&Prime; header_2_text_shadow_horizontal_length=\u00a0\u00bbheader_2_text_shadow_style,%91object Object%93&Prime; header_2_text_shadow_vertical_length=\u00a0\u00bbheader_2_text_shadow_style,%91object Object%93&Prime; header_2_text_shadow_blur_strength=\u00a0\u00bbheader_2_text_shadow_style,%91object Object%93&Prime; header_3_text_shadow_horizontal_length=\u00a0\u00bbheader_3_text_shadow_style,%91object Object%93&Prime; header_3_text_shadow_vertical_length=\u00a0\u00bbheader_3_text_shadow_style,%91object Object%93&Prime; header_3_text_shadow_blur_strength=\u00a0\u00bbheader_3_text_shadow_style,%91object Object%93&Prime; header_4_text_shadow_horizontal_length=\u00a0\u00bbheader_4_text_shadow_style,%91object Object%93&Prime; header_4_text_shadow_vertical_length=\u00a0\u00bbheader_4_text_shadow_style,%91object Object%93&Prime; header_4_text_shadow_blur_strength=\u00a0\u00bbheader_4_text_shadow_style,%91object Object%93&Prime; header_5_text_shadow_horizontal_length=\u00a0\u00bbheader_5_text_shadow_style,%91object Object%93&Prime; header_5_text_shadow_vertical_length=\u00a0\u00bbheader_5_text_shadow_style,%91object Object%93&Prime; header_5_text_shadow_blur_strength=\u00a0\u00bbheader_5_text_shadow_style,%91object Object%93&Prime; header_6_text_shadow_horizontal_length=\u00a0\u00bbheader_6_text_shadow_style,%91object Object%93&Prime; header_6_text_shadow_vertical_length=\u00a0\u00bbheader_6_text_shadow_style,%91object Object%93&Prime; header_6_text_shadow_blur_strength=\u00a0\u00bbheader_6_text_shadow_style,%91object Object%93&Prime; z_index_tablet=\u00a0\u00bb500&Prime;]<\/p>\n<p>The LANSAD program of the EILA Department offers <strong>French as a Foreign Language<\/strong> (\u201cFLE\u201d) courses, as well as courses in <strong>other languages.<\/strong><\/p>\n<p>&nbsp;<\/p>\n<p>[\/et_pb_text][et_pb_toggle admin_label=\u00a0\u00bbFLE courses before your mobiity\u00a0\u00bb _builder_version=\u00a0\u00bb3.22.1&Prime; title=\u00a0\u00bbFLE courses before your mobiity\u00a0\u00bb text_shadow_horizontal_length=\u00a0\u00bbtext_shadow_style,%91object Object%93&Prime; text_shadow_vertical_length=\u00a0\u00bbtext_shadow_style,%91object Object%93&Prime; text_shadow_blur_strength=\u00a0\u00bbtext_shadow_style,%91object Object%93&Prime; title_text_shadow_horizontal_length=\u00a0\u00bbtitle_text_shadow_style,%91object Object%93&Prime; title_text_shadow_vertical_length=\u00a0\u00bbtitle_text_shadow_style,%91object Object%93&Prime; title_text_shadow_blur_strength=\u00a0\u00bbtitle_text_shadow_style,%91object Object%93&Prime; body_text_shadow_horizontal_length=\u00a0\u00bbbody_text_shadow_style,%91object Object%93&Prime; body_text_shadow_vertical_length=\u00a0\u00bbbody_text_shadow_style,%91object Object%93&Prime; body_text_shadow_blur_strength=\u00a0\u00bbbody_text_shadow_style,%91object Object%93&Prime; z_index_tablet=\u00a0\u00bb500&Prime;]<\/p>\n<p>To prepare yourself for your mobility at Universit\u00e9 Paris Cit\u00e9, you can take a<a href=\"https:\/\/wordpress-test.app.u-pariscite.fr\/eila\/silc\/\" target=\"_blank\" rel=\"noopener noreferrer\"><strong> two-week intensive class in French (SILC)<\/strong><\/a> before the beginning of classes in September (first semester) and January (second semester). The SILC course is worth 2 ECTS.<\/p>\n<p>[\/et_pb_toggle][et_pb_toggle admin_label=\u00a0\u00bbFLE courses during your mobility\u00a0\u00bb _builder_version=\u00a0\u00bb3.22.1&Prime; title=\u00a0\u00bbFLE courses during your mobility\u00a0\u00bb text_shadow_horizontal_length=\u00a0\u00bbtext_shadow_style,%91object Object%93&Prime; text_shadow_vertical_length=\u00a0\u00bbtext_shadow_style,%91object Object%93&Prime; text_shadow_blur_strength=\u00a0\u00bbtext_shadow_style,%91object Object%93&Prime; title_text_shadow_horizontal_length=\u00a0\u00bbtitle_text_shadow_style,%91object Object%93&Prime; title_text_shadow_vertical_length=\u00a0\u00bbtitle_text_shadow_style,%91object Object%93&Prime; title_text_shadow_blur_strength=\u00a0\u00bbtitle_text_shadow_style,%91object Object%93&Prime; body_text_shadow_horizontal_length=\u00a0\u00bbbody_text_shadow_style,%91object Object%93&Prime; body_text_shadow_vertical_length=\u00a0\u00bbbody_text_shadow_style,%91object Object%93&Prime; body_text_shadow_blur_strength=\u00a0\u00bbbody_text_shadow_style,%91object Object%93&Prime; z_index_tablet=\u00a0\u00bb500&Prime;]<\/p>\n<p>During terms, modules in French as a Foreign Language (Fran\u00e7ais langue \u00e9trang\u00e8re, or FLE) are offered by the <strong>LANSAD program<\/strong>, which is <strong>managed by the Department of Applied Languages (UFR EILA)<\/strong>.<\/p>\n<p>To find out about the list of FLE modules, the registration process, and the LANSAD program&rsquo;s academic calendar, visit the <a href=\"https:\/\/wordpress-test.app.u-pariscite.fr\/eila\/fle\/\" target=\"_blank\" rel=\"noopener noreferrer\"><strong>FLE information page <\/strong><\/a>(select the tab \u201ccours semestriels pour les \u00e9tudiants d&rsquo;Universit\u00e9 Paris Cit\u00e9\u201d). All LANSAD modules are worth<strong> 3 ECTS<\/strong>.<\/p>\n<blockquote>\n<p>Contact for LANSAD: <a class=\"mailto\" href=\"mailto:lansad.eila@wordpress-test.app.u-pariscite.fr\">lansad.eila@wordpress-test.app.u-pariscite.fr<\/a><br \/>+33 1 57 27 56 70<br \/>offices 440 and 442 in the <a href=\"https:\/\/cloud.parisdescartes.fr\/index.php\/s\/zgofBA4YiWL8yE7\">Olympe de Gouges building<\/a> (4th floor). See office hours <a href=\"https:\/\/wordpress-test.app.u-pariscite.fr\/eila\/contacts\/\" target=\"_blank\" rel=\"noopener noreferrer\">here<\/a> under the \u201cLANSAD\u201d tab.<\/p>\n<\/blockquote>\n<p>As explained on LANSAD&rsquo;s FLE information page, <strong>registration is based on an online test to determine your level.<\/strong><\/p>\n<h3>Online tests for FLE and other foreign languages<\/h3>\n<p>To register for FLE and other foreign language classes, you will be required to take an online test. This will <strong>determine which FLE courses you register for<\/strong> (based on your level). Placement tests usually <strong>open at the beginning of term<\/strong>, early in September or January. Please keep an eye on the LANSAD webpage to find out when the tests open (and be patient \u2013 the tests always appear on the page when they eventually open).<\/p>\n<h3 class=\"paragraphe\">Procedure<\/h3>\n<ol>\n<li>Connect to <a href=\"https:\/\/wordpress-test.app.u-pariscite.fr\/eila\/lansad\/\" target=\"_blank\" rel=\"noopener noreferrer\">Lansad departement<\/a> and find the pathway to their \u00ab\u00a0test de niveau en ligne\u00a0\u00bb<\/li>\n<li>Follow the instructions to take the test and sign up for classes<\/li>\n<\/ol>\n<p>Check the LANSAD website regularly to find out when the test and registration process begins (usually around 10th September).<\/p>\n<p>Please note that, in order to access FLE tests and the LANSAD Moodle page, <strong>you need to <a href=\"https:\/\/wordpress-test.app.u-pariscite.fr\/activation-de-votre-compte-universite-de-paris\/\" target=\"_blank\" rel=\"noopener noreferrer\">activate your student account<\/a> <\/strong>(which can be done once you have received your Universit\u00e9 Paris Cit\u00e9 student number).<\/p>\n<h3>Possible timetable clashes<\/h3>\n<p>Once students have completed the online test, they will be contacted by the LANSAD department and assigned to a FLE module. Unfortunately, <strong>if the test opens only <em>after<\/em> the students were registrated for Anglophone Studies modules<\/strong>, this may result in a timetable clash.<\/p>\n<p>If this happens, please <strong>email your academic contact in the UFR Etudes Anglophones<\/strong> (clemence.follea@wordpress-test.app.u-pariscite.fr), indicating which Anglophone Studies module needs to be removed from your list of choices because of the timetable clash, and which module you would like to be registered for instead.<\/p>\n<p>Please note that these are the only changes we will be able to make to your registration once it is confirmed.<\/p>\n<blockquote>\n<p><strong>FLE classes will start on the week of 25th September 2023<\/strong>.<\/p>\n<\/blockquote>\n<p>[\/et_pb_toggle][et_pb_toggle admin_label=\u00a0\u00bbmodules in other languages\u00a0\u00bb _builder_version=\u00a0\u00bb3.22.1&Prime; title=\u00a0\u00bbmodules in other languages\u00a0\u00bb text_shadow_horizontal_length=\u00a0\u00bbtext_shadow_style,%91object Object%93&Prime; text_shadow_vertical_length=\u00a0\u00bbtext_shadow_style,%91object Object%93&Prime; text_shadow_blur_strength=\u00a0\u00bbtext_shadow_style,%91object Object%93&Prime; title_text_shadow_horizontal_length=\u00a0\u00bbtitle_text_shadow_style,%91object Object%93&Prime; title_text_shadow_vertical_length=\u00a0\u00bbtitle_text_shadow_style,%91object Object%93&Prime; title_text_shadow_blur_strength=\u00a0\u00bbtitle_text_shadow_style,%91object Object%93&Prime; body_text_shadow_horizontal_length=\u00a0\u00bbbody_text_shadow_style,%91object Object%93&Prime; body_text_shadow_vertical_length=\u00a0\u00bbbody_text_shadow_style,%91object Object%93&Prime; body_text_shadow_blur_strength=\u00a0\u00bbbody_text_shadow_style,%91object Object%93&Prime; z_index_tablet=\u00a0\u00bb500&Prime;]<\/p>\n<h3>Language modules in the LANSAD program<\/h3>\n<p>Besides FLE courses, the LANSAD program also features <strong><a href=\"https:\/\/wordpress-test.app.u-pariscite.fr\/eila\/lansad\/\" target=\"_blank\" rel=\"noopener noreferrer\">classes to learn other foreign languages<\/a><\/strong> (German, Arabic, Chinese, Spanish, Esperanto, Italian and Japanese). Please note that you may take only <strong>a maximum of 2 modules per term from the LANSAD program<\/strong> (either 2 modules in FLE, or 1 module in FLE and 1 module in another foreign language). All LANSAD modules are worth <strong>3 ECTS.<\/strong><\/p>\n<p>Just like FLE classes, all of LANSAD&rsquo;s language modules are subject to a <strong>placement test<\/strong>. Visit the <a href=\"https:\/\/wordpress-test.app.u-pariscite.fr\/eila\/lansad\/\" target=\"_blank\" rel=\"noopener noreferrer\">LANSAD information page<\/a>, choose \u201ctests et inscriptions\u201d, find the pathway to their \u00ab\u00a0test de niveau en ligne\u00a0\u00bb, and choose the language you want. Placement tests usually <strong>open at the beginning of term<\/strong>, early in September or January. Please keep an eye on the LANSAD webpage to find out when the tests open (and be patient \u2013 the tests always appear on the page when they eventually open).<\/p>\n<blockquote>\n<p>Contact for LANSAD: <a class=\"mailto\" href=\"mailto:lansad.eila@wordpress-test.app.u-pariscite.fr\">lansad.eila@wordpress-test.app.u-pariscite.fr<\/a><br \/>+33 1 57 27 56 70<br \/>offices 440 and 442 in the <a href=\"https:\/\/cloud.parisdescartes.fr\/index.php\/s\/zgofBA4YiWL8yE7\">Olympe de Gouges building<\/a> (4th floor). See office hours <a href=\"https:\/\/wordpress-test.app.u-pariscite.fr\/eila\/contacts\/\" target=\"_blank\" rel=\"noopener noreferrer\">here<\/a> under the \u201cLANSAD\u201d tab.<\/p>\n<\/blockquote>\n<h3>Language modules in the rest of the Applied Languages Department<\/h3>\n<p>The Department of Applied Languages (UFR EILA), where the LANSAD program is hosted, also has a wide offer of <a href=\"https:\/\/wordpress-test.app.u-pariscite.fr\/eila\/licences-et-masters\/\" target=\"_blank\" rel=\"noopener noreferrer\"><strong>language and culture courses <\/strong><\/a>(German, Spanish, Chinese, Japanse, but also English).<\/p>\n<p><strong>To find out more about EILA&rsquo;s language and culture courses<\/strong>, check EILA&rsquo;s <a href=\"https:\/\/wordpress-test.app.u-pariscite.fr\/eila\/brochures-licences-et-masters\/\" target=\"_blank\" rel=\"noopener noreferrer\">\u201csynth\u00e8se des enseignements et brochures\u201d<\/a>. Choose \u201csynth\u00e8se des enseignements\u201d for a broad overview of the modules offered, and go to \u201cbrochures\u201d for more precise descriptions of the modules.<\/p>\n<p>You can also consult the <a href=\"https:\/\/wordpress-test.app.u-pariscite.fr\/eila\/plannings-licences-et-masters\/\" target=\"_blank\" rel=\"noopener noreferrer\">teaching timetables of the EILA department<\/a> (but please note that these are often uploaded quite late). If you decide to enroll in EILA modules, please also make sure you check the <a href=\"https:\/\/wordpress-test.app.u-pariscite.fr\/eila\/calendriers-licences-et-masters\/\">academic calendar of the EILA department<\/a>.<\/p>\n<p><strong>To register for modules in the EILA department<\/strong>, you will have to <a href=\"https:\/\/cloud.parisdescartes.fr\/index.php\/s\/AKrLBxAjeebaWdq\" target=\"_blank\" rel=\"noopener noreferrer\">fill in a special form<\/a> and send it to the EILA student&rsquo;s office. If you have any questions, please contact the EILA department directly.<\/p>\n<blockquote>\n<p>EILA undergraduate students&rsquo; office: <a href=\"mailto:licence.eila@wordpress-test.app.u-pariscite.fr\" target=\"_blank\" rel=\"noopener noreferrer\">licence.eila@wordpress-test.app.u-pariscite.fr<\/a><br \/>+33 1 57 27 56 83<br \/>office 444 in the <a href=\"https:\/\/cloud.parisdescartes.fr\/index.php\/s\/zgofBA4YiWL8yE7\">Olympe de Gouges building<\/a> (4th floor). See <a href=\"https:\/\/wordpress-test.app.u-pariscite.fr\/eila\/contacts\/\" target=\"_blank\" rel=\"noopener noreferrer\">office hours here<\/a> under the \u201cScolarit\u00e9\u201d tab.<\/p>\n<\/blockquote>\n<h3>Language modules in the East Asian Languages and Culture Department<\/h3>\n<div id=\"contenu\" class=\"et_pb_module et_pb_text et_pb_text_0 et_pb_bg_layout_light  et_pb_text_align_left\">\n<div class=\"et_pb_text_inner\">\n<p>You can take modules in <strong>Chinese, Korean, Japanese or Vietnamese<\/strong> from the UFR LCAO (Langues et Cultures d\u2019Asie Orientale).<\/p>\n<blockquote>\n<p><strong>UFR LCAO<\/strong><br \/>B\u00e2timent des Grands Moulins<br \/>Aile C, 4e \u00e9tage \u2013 office 488C<br \/>16, rue Marguerite Duras<br \/>75013 Paris<br \/><a href=\"https:\/\/wordpress-test.app.u-pariscite.fr\/lcao\/\" target=\"_blank\" rel=\"noopener noreferrer\">https:\/\/wordpress-test.app.u-pariscite.fr\/lcao\/<\/a><\/p>\n<\/blockquote>\n<p>You can browse the <strong>catalogues of modules<\/strong> of the LCAO Department here:<br \/><a href=\"https:\/\/wordpress-test.app.u-pariscite.fr\/lcao\/brochures-lcao\/\" target=\"_blank\" rel=\"noopener noreferrer\">https:\/\/wordpress-test.app.u-pariscite.fr\/lcao\/brochures-lcao\/<\/a><\/p>\n<p>You can access there <strong>timetables<\/strong> there:<br \/><a href=\"https:\/\/wordpress-test.app.u-pariscite.fr\/lcao\/plannings\/\" target=\"_blank\" rel=\"noopener noreferrer\">https:\/\/wordpress-test.app.u-pariscite.fr\/lcao\/plannings\/<\/a><\/p>\n<p>To find out more about <strong>registration<\/strong> you can write to <br \/>\u2013 <a href=\"mailto:licences.lcao@wordpress-test.app.u-pariscite.fr\" target=\"_blank\" rel=\"noopener noreferrer\">licences.lcao@wordpress-test.app.u-pariscite.fr<\/a> for undergraduate courses<br \/>\u2013 <a href=\"mailto:masters.lcao@wordpress-test.app.u-pariscite.fr\" target=\"_blank\" rel=\"noopener noreferrer\">masters.lcao@wordpress-test.app.u-pariscite.fr<\/a> for postgraduate courses.<\/p>\n<\/div>\n<\/div>\n<p>[\/et_pb_toggle][\/et_pb_column][et_pb_column type=\u00a0\u00bb1_4&Prime;][\/et_pb_column][\/et_pb_row][\/et_pb_section][et_pb_section bb_built=\u00a0\u00bb1&Prime; specialty=\u00a0\u00bboff\u00a0\u00bb prev_background_color=\u00a0\u00bb#000000&Prime; _builder_version=\u00a0\u00bb3.19.11&Prime; custom_padding=\u00a0\u00bb0px||0px|\u00a0\u00bb inner_width=\u00a0\u00bbauto\u00a0\u00bb inner_max_width=\u00a0\u00bbnone\u00a0\u00bb][et_pb_row _builder_version=\u00a0\u00bb3.19.11&Prime; width=\u00a0\u00bb80%\u00a0\u00bb max_width=\u00a0\u00bb1080px\u00a0\u00bb][et_pb_column type=\u00a0\u00bb4_4&Prime;][et_pb_text admin_label=\u00a0\u00bbArticles similaires\u00a0\u00bb _builder_version=\u00a0\u00bb3.16.1&Prime;]<\/p>\n<h2><span class=\"st\">\u00c0<\/span> lire aussi<\/h2>\n<p>[\/et_pb_text][et_pb_blog _builder_version=\u00a0\u00bb3.21&Prime; posts_number=\u00a0\u00bb4&Prime; include_categories=\u00a0\u00bb38,45,14,12,11,15,1,13&Prime; show_author=\u00a0\u00bboff\u00a0\u00bb show_date=\u00a0\u00bboff\u00a0\u00bb show_pagination=\u00a0\u00bboff\u00a0\u00bb border_width_bottom_fullwidth=\u00a0\u00bb1px\u00a0\u00bb border_color_bottom_fullwidth=\u00a0\u00bbrgba(51,51,51,0.18)\u00a0\u00bb custom_padding=\u00a0\u00bb||50px|\u00a0\u00bb module_id=\u00a0\u00bbpage_type_blog\u00a0\u00bb header_level=\u00a0\u00bbh4&Prime; \/][\/et_pb_column][\/et_pb_row][\/et_pb_section]<\/p>\n","protected":false},"excerpt":{"rendered":"<div class=\"et_pb_row et_pb_row_0 et_pb_row_empty\"><\/div>\n<div class=\"et_pb_row et_pb_row_1 et_pb_row_empty\"><\/div>\n<p> The LANSAD program of the EILA Department offers French as a Foreign Language (\u201cFLE\u201d) courses, as well as courses in other languages. &nbsp; To prepare yourself for your mobility at Universit\u00e9 Paris Cit\u00e9, you can take a two-week intensive class in French (SILC) before the beginning of classes in September (first semester) and January&hellip; <a class=\"continue\" href=\"https:\/\/wordpress-test.app.u-pariscite.fr\/etudes-anglophones\/modules-in-french\/\">Lire la suite<span> Modules in French as a Foreign Language (FLE) and other languages<\/span><\/a><\/p>\n","protected":false},"author":248,"featured_media":0,"parent":0,"menu_order":0,"comment_status":"closed","ping_status":"closed","template":"","meta":{"_et_pb_use_builder":"on","_et_pb_old_content":"","_et_gb_content_width":"","footnotes":""},"class_list":["post-8567","page","type-page","status-publish","hentry"],"_links":{"self":[{"href":"https:\/\/wordpress-test.app.u-pariscite.fr\/etudes-anglophones\/wp-json\/wp\/v2\/pages\/8567","targetHints":{"allow":["GET"]}}],"collection":[{"href":"https:\/\/wordpress-test.app.u-pariscite.fr\/etudes-anglophones\/wp-json\/wp\/v2\/pages"}],"about":[{"href":"https:\/\/wordpress-test.app.u-pariscite.fr\/etudes-anglophones\/wp-json\/wp\/v2\/types\/page"}],"author":[{"embeddable":true,"href":"https:\/\/wordpress-test.app.u-pariscite.fr\/etudes-anglophones\/wp-json\/wp\/v2\/users\/248"}],"replies":[{"embeddable":true,"href":"https:\/\/wordpress-test.app.u-pariscite.fr\/etudes-anglophones\/wp-json\/wp\/v2\/comments?post=8567"}],"version-history":[{"count":37,"href":"https:\/\/wordpress-test.app.u-pariscite.fr\/etudes-anglophones\/wp-json\/wp\/v2\/pages\/8567\/revisions"}],"predecessor-version":[{"id":11887,"href":"https:\/\/wordpress-test.app.u-pariscite.fr\/etudes-anglophones\/wp-json\/wp\/v2\/pages\/8567\/revisions\/11887"}],"wp:attachment":[{"href":"https:\/\/wordpress-test.app.u-pariscite.fr\/etudes-anglophones\/wp-json\/wp\/v2\/media?parent=8567"}],"curies":[{"name":"wp","href":"https:\/\/api.w.org\/{rel}","templated":true}]}}