{"id":16,"date":"2019-10-10T11:04:42","date_gmt":"2019-10-10T09:04:42","guid":{"rendered":"https:\/\/wordpress-test.app.u-pariscite.fr\/etudes-anglophones\/?page_id=16"},"modified":"2022-04-08T16:01:07","modified_gmt":"2022-04-08T14:01:07","slug":"accueil","status":"publish","type":"page","link":"https:\/\/wordpress-test.app.u-pariscite.fr\/etudes-anglophones\/","title":{"rendered":"Accueil"},"content":{"rendered":"<p>[et_pb_section bb_built=\u00a0\u00bb1&Prime; fullwidth=\u00a0\u00bbon\u00a0\u00bb custom_padding_last_edited=\u00a0\u00bbon|phone\u00a0\u00bb _builder_version=\u00a0\u00bb3.22.1&Prime; inner_width_tablet=\u00a0\u00bb50px\u00a0\u00bb inner_max_width_tablet=\u00a0\u00bb50px\u00a0\u00bb custom_padding=\u00a0\u00bb85px|||\u00a0\u00bb custom_padding_tablet=\u00a0\u00bb65px|||\u00a0\u00bb z_index_tablet=\u00a0\u00bb500&Prime; next_background_color=\u00a0\u00bb#000000&Prime;][et_pb_fullwidth_image src=\u00a0\u00bbhttps:\/\/wordpress-test.app.u-pariscite.fr\/etudes-anglophones\/wp-content\/uploads\/sites\/2\/2022\/01\/GM-etudesanglophones.jpg\u00a0\u00bb _builder_version=\u00a0\u00bb3.22.1&Prime; z_index_tablet=\u00a0\u00bb500&Prime;]<\/p>\n<p><\/p>\n<p>[\/et_pb_fullwidth_image][et_pb_fullwidth_header admin_label=\u00a0\u00bbPr\u00e9sentation\u00a0\u00bb title=\u00a0\u00bb\u00c9TUDES ANGLOPHONES\u00a0\u00bb _builder_version=\u00a0\u00bb3.22.1&Prime; title_level=\u00a0\u00bbh3&Prime; custom_padding=\u00a0\u00bb50px||50px|\u00a0\u00bb z_index_tablet=\u00a0\u00bb500&Prime; custom_css_main_element=\u00a0\u00bbpadding-top: 50px!important;||padding-bottom: 50px!important;\u00a0\u00bb custom_css_title=\u00a0\u00bbfont-size: 2.5em !important;||font-weight: 500 !important;||margin-bottom: 10px;||margin-top: 0!important;||margin-right: 0!important;||\u00a0\u00bb custom_css_content=\u00a0\u00bbfont-size: 1.3em !important;||line-height: 1.6em !important;\u00a0\u00bb]<\/p>\n<p>L&rsquo;UFR \u00c9tudes anglophones assure la formation des \u00e9tudiants depuis la licence jusqu&rsquo;au doctorat, en passant par le master et la pr\u00e9paration aux concours de l&rsquo;enseignement.<\/p>\n<p>Elle constitue l\u2019une des plus importantes Unit\u00e9s de Formation et de Recherche fran\u00e7aises \u00e0 travailler sur le monde anglophone. Ses domaines d\u2019expertise sont vastes : l\u2019analyse de la soci\u00e9t\u00e9 et de la vie politique (Grande-Bretagne, Etats-Unis), l\u2019analyse de la culture visuelle mondialis\u00e9e, la traduction, la linguistique et la litt\u00e9rature.<\/p>\n<p>Pour compl\u00e9ter la formation des \u00e9tudiants, diverses activit\u00e9s culturelles ayant trait \u00e0 la culture anglophone sont organis\u00e9es en dehors de cours: atelier th\u00e9\u00e2tre, sorties culturelles (th\u00e9\u00e2tre, danse, expositions\u2026) ayant rapport au domaine anglophone.<\/p>\n<p>S&rsquo;inscrire \u00e0 l&rsquo;UFR d&rsquo;\u00e9tudes Anglophones c&rsquo;est profiter d&rsquo;un enseignement de qualit\u00e9, dispens\u00e9 dans des classes \u00e0 effectifs limit\u00e9s. Les nombreux outils p\u00e9dagogiques mis \u00e0 la disposition des \u00e9tudiants leurs permettent d&rsquo;\u00e9tudier dans des conditions privil\u00e9gi\u00e9es favorisant leur r\u00e9ussite.<\/p>\n<p>[\/et_pb_fullwidth_header][\/et_pb_section][et_pb_section bb_built=\u00a0\u00bb1&Prime; _builder_version=\u00a0\u00bb3.22&Prime; prev_background_color=\u00a0\u00bb#000000&Prime; next_background_color=\u00a0\u00bb#000000&Prime;][et_pb_row module_id=\u00a0\u00bbcarousel_accueil1&Prime; _builder_version=\u00a0\u00bb3.22&Prime;][et_pb_column type=\u00a0\u00bb4_4&Prime;][et_pb_text admin_label=\u00a0\u00bbTitre actualit\u00e9s\u00a0\u00bb _builder_version=\u00a0\u00bb3.22.1&Prime;]<\/p>\n<h1>Actualit\u00e9s<\/h1>\n<p>[\/et_pb_text][et_pb_nextend_smart_slider_3 admin_label=\u00a0\u00bbActualit\u00e9s\u00a0\u00bb _builder_version=\u00a0\u00bb3.22.1&Prime;]<\/p>\n<p><\/p>\n<p>[\/et_pb_nextend_smart_slider_3][et_pb_button admin_label=\u00a0\u00bbBouton Toute l\u2019actualit\u00e9\u00a0\u00bb button_url=\u00a0\u00bbhttps:\/\/wordpress-test.app.u-pariscite.fr\/etudes-anglophones\/toute-lactualite\/\u00a0\u00bb button_text=\u00a0\u00bbToute l\u2019actualit\u00e9 de l&rsquo;UFR\u00a0\u00bb button_alignment=\u00a0\u00bbleft\u00a0\u00bb _builder_version=\u00a0\u00bb3.22.1&Prime; custom_button=\u00a0\u00bbon\u00a0\u00bb button_text_color=\u00a0\u00bb#ffffff\u00a0\u00bb button_bg_color=\u00a0\u00bb#8a1538&Prime; button_border_width=\u00a0\u00bb2px\u00a0\u00bb button_border_color=\u00a0\u00bb#8a1538&Prime; button_border_radius=\u00a0\u00bb26&Prime; button_icon=\u00a0\u00bb%%20%%\u00a0\u00bb button_icon_color=\u00a0\u00bb#ffffff\u00a0\u00bb button_on_hover=\u00a0\u00bboff\u00a0\u00bb background_layout=\u00a0\u00bbdark\u00a0\u00bb custom_margin=\u00a0\u00bb60px|||\u00a0\u00bb z_index_tablet=\u00a0\u00bb500&Prime; custom_css_after=\u00a0\u00bbmargin-left: 0!important;||\u00a0\u00bb saved_tabs=\u00a0\u00bball\u00a0\u00bb background_layout__hover_enabled=\u00a0\u00bbon\u00a0\u00bb background_layout__hover=\u00a0\u00bblight\u00a0\u00bb button_bg_color__hover_enabled=\u00a0\u00bbon\u00a0\u00bb button_bg_color__hover=\u00a0\u00bb#ffffff\u00a0\u00bb button_icon_color__hover_enabled=\u00a0\u00bbon\u00a0\u00bb button_icon_color__hover=\u00a0\u00bb#8a1538&Prime; button_text_color__hover_enabled=\u00a0\u00bbon\u00a0\u00bb button_text_color__hover=\u00a0\u00bb#8a1538&Prime; custom_css_after__hover_enabled=\u00a0\u00bbon\u00a0\u00bb custom_css_after__hover=\u00a0\u00bbmargin-left: 0!important;\u00a0\u00bb button_border_color__hover_enabled=\u00a0\u00bbon\u00a0\u00bb]<\/p>\n<p><\/p>\n<p>[\/et_pb_button][\/et_pb_column][\/et_pb_row][\/et_pb_section][et_pb_section bb_built=\u00a0\u00bb1&Prime; fullwidth=\u00a0\u00bbon\u00a0\u00bb module_id=\u00a0\u00bbaccueil_formation\u00a0\u00bb _builder_version=\u00a0\u00bb3.22.1&Prime; custom_margin=\u00a0\u00bb50px||-2px|||\u00a0\u00bb prev_background_color=\u00a0\u00bb#000000&Prime; next_background_color=\u00a0\u00bb#000000&Prime;][et_pb_fullwidth_header admin_label=\u00a0\u00bbL&rsquo;offre de Formation\u00a0\u00bb title=\u00a0\u00bbL&rsquo;offre de formation\u00a0\u00bb button_one_text=\u00a0\u00bbToute l&rsquo;offre de formation\u00a0\u00bb button_one_url=\u00a0\u00bbhttps:\/\/wordpress-test.app.u-pariscite.fr\/etudes-anglophones\/formations-en-etudes-anglophones\/\u00a0\u00bb background_overlay_color=\u00a0\u00bbrgba(170,0,79,0.47)\u00a0\u00bb _builder_version=\u00a0\u00bb3.22.1&Prime; title_font=\u00a0\u00bb|700|||||||\u00a0\u00bb title_font_size=\u00a0\u00bb60px\u00a0\u00bb title_line_height_last_edited=\u00a0\u00bboff|\u00a0\u00bb content_font_size=\u00a0\u00bb20px\u00a0\u00bb subhead_line_height=\u00a0\u00bb2em\u00a0\u00bb background_image=\u00a0\u00bbhttps:\/\/wordpress-test.app.u-pariscite.fr\/etudes-anglophones\/wp-content\/uploads\/sites\/2\/2019\/10\/CeremonieDiplome01.jpg\u00a0\u00bb border_radii=\u00a0\u00bbon|0px|0px|0px|0px\u00a0\u00bb custom_button_one=\u00a0\u00bbon\u00a0\u00bb button_one_text_color=\u00a0\u00bb#000000&Prime; button_one_bg_color=\u00a0\u00bb#ffffff\u00a0\u00bb button_one_border_width=\u00a0\u00bb2px\u00a0\u00bb button_one_border_color=\u00a0\u00bb#ffffff\u00a0\u00bb button_one_border_radius=\u00a0\u00bb26&Prime; button_one_icon=\u00a0\u00bb%%20%%\u00a0\u00bb button_one_icon_color=\u00a0\u00bb#000000&Prime; button_one_on_hover=\u00a0\u00bboff\u00a0\u00bb custom_padding=\u00a0\u00bb35%|||\u00a0\u00bb z_index_tablet=\u00a0\u00bb500&Prime; custom_css_main_element=\u00a0\u00bbmin-height:100vh;||padding-top: 0;\u00a0\u00bb custom_css_content=\u00a0\u00bbwidth:57%;\u00a0\u00bb button_one_border_color__hover_enabled=\u00a0\u00bbon\u00a0\u00bb button_one_border_color__hover=\u00a0\u00bb#ffffff\u00a0\u00bb button_one_icon_color__hover_enabled=\u00a0\u00bbon\u00a0\u00bb button_one_icon_color__hover=\u00a0\u00bb#ffffff\u00a0\u00bb button_one_text_color__hover_enabled=\u00a0\u00bbon\u00a0\u00bb button_one_bg_color__hover_enabled=\u00a0\u00bbon\u00a0\u00bb button_one_bg_color__hover=\u00a0\u00bbrgba(0,0,0,0)\u00a0\u00bb button_one_text_color__hover=\u00a0\u00bb#ffffff\u00a0\u00bb button_one_border_width__hover_enabled=\u00a0\u00bbon\u00a0\u00bb button_one_border_width__hover=\u00a0\u00bb2px\u00a0\u00bb]<\/p>\n<p>L\u2019UFR \u00c9tudes anglophones propose des formations sur l&rsquo;ensemble du cursus LMD ainsi que la pr\u00e9paration aux concours de l\u2019enseignement.<\/p>\n<p>[\/et_pb_fullwidth_header][\/et_pb_section][et_pb_section bb_built=\u00a0\u00bb1&Prime; module_id=\u00a0\u00bbaccueil_chiffres\u00a0\u00bb _builder_version=\u00a0\u00bb3.22.1&Prime; background_size=\u00a0\u00bbcontain\u00a0\u00bb background_blend=\u00a0\u00bbcolor-burn\u00a0\u00bb custom_margin=\u00a0\u00bb||-201px\u00a0\u00bb custom_padding=\u00a0\u00bb139px||139px||true\u00a0\u00bb z_index_tablet=\u00a0\u00bb500&Prime; prev_background_color=\u00a0\u00bb#000000&Prime;][et_pb_row _builder_version=\u00a0\u00bb3.22&Prime; background_size=\u00a0\u00bbinitial\u00a0\u00bb background_position=\u00a0\u00bbtop_left\u00a0\u00bb background_repeat=\u00a0\u00bbrepeat\u00a0\u00bb][et_pb_column type=\u00a0\u00bb4_4&Prime;][et_pb_text admin_label=\u00a0\u00bben chiffre\u00a0\u00bb _builder_version=\u00a0\u00bb3.22.1&Prime; z_index_tablet=\u00a0\u00bb500&Prime;]<\/p>\n<h1>L&rsquo;UFR \u00c9tudes anglophones en chiffres<\/h1>\n<p>[\/et_pb_text][\/et_pb_column][\/et_pb_row][et_pb_row _builder_version=\u00a0\u00bb3.22&Prime; background_size=\u00a0\u00bbinitial\u00a0\u00bb background_position=\u00a0\u00bbtop_left\u00a0\u00bb background_repeat=\u00a0\u00bbrepeat\u00a0\u00bb][et_pb_column type=\u00a0\u00bb1_4&Prime;][et_pb_number_counter admin_label=\u00a0\u00bbFormations\u00a0\u00bb title=\u00a0\u00bbFormations propos\u00e9es de la licence au doctorat\u00a0\u00bb number=\u00a0\u00bb17&Prime; percent_sign=\u00a0\u00bboff\u00a0\u00bb _builder_version=\u00a0\u00bb3.22.1&Prime; title_text_color=\u00a0\u00bb#000000&Prime; number_text_color=\u00a0\u00bb#000000&Prime; text_orientation=\u00a0\u00bbleft\u00a0\u00bb background_layout=\u00a0\u00bbdark\u00a0\u00bb z_index_tablet=\u00a0\u00bb500&Prime;]<\/p>\n<p><\/p>\n<p>[\/et_pb_number_counter][\/et_pb_column][et_pb_column type=\u00a0\u00bb1_4&Prime;][et_pb_number_counter admin_label=\u00a0\u00bbEtudiants\u00a0\u00bb title=\u00a0\u00bb\u00c9tudiants\u00a0\u00bb number=\u00a0\u00bb944&Prime; percent_sign=\u00a0\u00bboff\u00a0\u00bb _builder_version=\u00a0\u00bb3.22.1&Prime; title_text_color=\u00a0\u00bb#000000&Prime; number_text_color=\u00a0\u00bb#000000&Prime; text_orientation=\u00a0\u00bbleft\u00a0\u00bb background_layout=\u00a0\u00bbdark\u00a0\u00bb z_index_tablet=\u00a0\u00bb500&Prime;]<\/p>\n<p><\/p>\n<p>[\/et_pb_number_counter][\/et_pb_column][et_pb_column type=\u00a0\u00bb1_4&Prime;][et_pb_number_counter admin_label=\u00a0\u00bbEnseignants-Chercheurs\u00a0\u00bb title=\u00a0\u00bbEnseignants-Chercheurs\u00a0\u00bb number=\u00a0\u00bb60&Prime; percent_sign=\u00a0\u00bboff\u00a0\u00bb _builder_version=\u00a0\u00bb3.22.1&Prime; title_text_color=\u00a0\u00bb#000000&Prime; number_text_color=\u00a0\u00bb#000000&Prime; text_orientation=\u00a0\u00bbleft\u00a0\u00bb background_layout=\u00a0\u00bbdark\u00a0\u00bb z_index_tablet=\u00a0\u00bb500&Prime;]<\/p>\n<p><\/p>\n<p>[\/et_pb_number_counter][\/et_pb_column][et_pb_column type=\u00a0\u00bb1_4&Prime;][et_pb_number_counter admin_label=\u00a0\u00bbLaboratoires\u00a0\u00bb title=\u00a0\u00bbLaboratoires\u00a0\u00bb number=\u00a0\u00bb2&Prime; percent_sign=\u00a0\u00bboff\u00a0\u00bb _builder_version=\u00a0\u00bb3.22.1&Prime; title_text_color=\u00a0\u00bb#000000&Prime; number_text_color=\u00a0\u00bb#000000&Prime; text_orientation=\u00a0\u00bbleft\u00a0\u00bb background_layout=\u00a0\u00bbdark\u00a0\u00bb z_index_tablet=\u00a0\u00bb500&Prime;]<\/p>\n<p><\/p>\n<p>[\/et_pb_number_counter][\/et_pb_column][\/et_pb_row][\/et_pb_section]<\/p>\n","protected":false},"excerpt":{"rendered":"<p>L&rsquo;UFR \u00c9tudes anglophones assure la formation des \u00e9tudiants depuis la licence jusqu&rsquo;au doctorat, en passant par le master et la pr\u00e9paration aux concours de l&rsquo;enseignement. Elle constitue l\u2019une des plus importantes Unit\u00e9s de Formation et de Recherche fran\u00e7aises \u00e0 travailler sur le monde anglophone. Ses domaines d\u2019expertise sont vastes : l\u2019analyse de la soci\u00e9t\u00e9 et&hellip; <a class=\"continue\" href=\"https:\/\/wordpress-test.app.u-pariscite.fr\/etudes-anglophones\/\">Lire la suite<span> Accueil<\/span><\/a><\/p>\n","protected":false},"author":4,"featured_media":0,"parent":0,"menu_order":0,"comment_status":"closed","ping_status":"closed","template":"","meta":{"_et_pb_use_builder":"on","_et_pb_old_content":"<p>[et_pb_section bb_built=\"1\"][et_pb_row][\/et_pb_row][\/et_pb_section]<\/p>","_et_gb_content_width":"","footnotes":""},"class_list":["post-16","page","type-page","status-publish","hentry"],"_links":{"self":[{"href":"https:\/\/wordpress-test.app.u-pariscite.fr\/etudes-anglophones\/wp-json\/wp\/v2\/pages\/16","targetHints":{"allow":["GET"]}}],"collection":[{"href":"https:\/\/wordpress-test.app.u-pariscite.fr\/etudes-anglophones\/wp-json\/wp\/v2\/pages"}],"about":[{"href":"https:\/\/wordpress-test.app.u-pariscite.fr\/etudes-anglophones\/wp-json\/wp\/v2\/types\/page"}],"author":[{"embeddable":true,"href":"https:\/\/wordpress-test.app.u-pariscite.fr\/etudes-anglophones\/wp-json\/wp\/v2\/users\/4"}],"replies":[{"embeddable":true,"href":"https:\/\/wordpress-test.app.u-pariscite.fr\/etudes-anglophones\/wp-json\/wp\/v2\/comments?post=16"}],"version-history":[{"count":106,"href":"https:\/\/wordpress-test.app.u-pariscite.fr\/etudes-anglophones\/wp-json\/wp\/v2\/pages\/16\/revisions"}],"predecessor-version":[{"id":9841,"href":"https:\/\/wordpress-test.app.u-pariscite.fr\/etudes-anglophones\/wp-json\/wp\/v2\/pages\/16\/revisions\/9841"}],"wp:attachment":[{"href":"https:\/\/wordpress-test.app.u-pariscite.fr\/etudes-anglophones\/wp-json\/wp\/v2\/media?parent=16"}],"curies":[{"name":"wp","href":"https:\/\/api.w.org\/{rel}","templated":true}]}}