{"id":509,"date":"2021-06-10T15:57:52","date_gmt":"2021-06-10T13:57:52","guid":{"rendered":"https:\/\/wordpress-test.app.u-pariscite.fr\/eila\/?page_id=509"},"modified":"2021-10-28T10:23:56","modified_gmt":"2021-10-28T08:23:56","slug":"farges-patrick","status":"publish","type":"page","link":"https:\/\/wordpress-test.app.u-pariscite.fr\/eila\/farges-patrick\/","title":{"rendered":"Farges Patrick"},"content":{"rendered":"<p>[et_pb_section bb_built=\u00a0\u00bb1&Prime; next_background_color=\u00a0\u00bb#000000&Prime; inner_width=\u00a0\u00bbauto\u00a0\u00bb inner_max_width=\u00a0\u00bbnone\u00a0\u00bb][et_pb_row][et_pb_column type=\u00a0\u00bb4_4&Prime;][et_pb_post_title admin_label=\u00a0\u00bbTitre de la page\u00a0\u00bb _builder_version=\u00a0\u00bb3.22.1&Prime; meta=\u00a0\u00bboff\u00a0\u00bb featured_image=\u00a0\u00bboff\u00a0\u00bb \/][\/et_pb_column][\/et_pb_row][et_pb_row][et_pb_column type=\u00a0\u00bb1_4&Prime;][et_pb_image _builder_version=\u00a0\u00bb3.22.1&Prime; src=\u00a0\u00bbhttps:\/\/wordpress-test.app.u-pariscite.fr\/eila\/wp-content\/uploads\/sites\/42\/2021\/10\/Photo-Patrick-Farges.jpg\u00a0\u00bb z_index_tablet=\u00a0\u00bb500&Prime; \/][\/et_pb_column][et_pb_column type=\u00a0\u00bb3_4&Prime;][et_pb_text _builder_version=\u00a0\u00bb3.22.1&Prime; text_text_shadow_horizontal_length=\u00a0\u00bbtext_text_shadow_style,%91object Object%93&Prime; text_text_shadow_vertical_length=\u00a0\u00bbtext_text_shadow_style,%91object Object%93&Prime; text_text_shadow_blur_strength=\u00a0\u00bbtext_text_shadow_style,%91object Object%93&Prime; link_text_shadow_horizontal_length=\u00a0\u00bblink_text_shadow_style,%91object Object%93&Prime; link_text_shadow_vertical_length=\u00a0\u00bblink_text_shadow_style,%91object Object%93&Prime; link_text_shadow_blur_strength=\u00a0\u00bblink_text_shadow_style,%91object Object%93&Prime; ul_text_shadow_horizontal_length=\u00a0\u00bbul_text_shadow_style,%91object Object%93&Prime; ul_text_shadow_vertical_length=\u00a0\u00bbul_text_shadow_style,%91object Object%93&Prime; ul_text_shadow_blur_strength=\u00a0\u00bbul_text_shadow_style,%91object Object%93&Prime; ol_text_shadow_horizontal_length=\u00a0\u00bbol_text_shadow_style,%91object Object%93&Prime; ol_text_shadow_vertical_length=\u00a0\u00bbol_text_shadow_style,%91object Object%93&Prime; ol_text_shadow_blur_strength=\u00a0\u00bbol_text_shadow_style,%91object Object%93&Prime; quote_text_shadow_horizontal_length=\u00a0\u00bbquote_text_shadow_style,%91object Object%93&Prime; quote_text_shadow_vertical_length=\u00a0\u00bbquote_text_shadow_style,%91object Object%93&Prime; quote_text_shadow_blur_strength=\u00a0\u00bbquote_text_shadow_style,%91object Object%93&Prime; header_text_shadow_horizontal_length=\u00a0\u00bbheader_text_shadow_style,%91object Object%93&Prime; header_text_shadow_vertical_length=\u00a0\u00bbheader_text_shadow_style,%91object Object%93&Prime; header_text_shadow_blur_strength=\u00a0\u00bbheader_text_shadow_style,%91object Object%93&Prime; header_2_text_shadow_horizontal_length=\u00a0\u00bbheader_2_text_shadow_style,%91object Object%93&Prime; header_2_text_shadow_vertical_length=\u00a0\u00bbheader_2_text_shadow_style,%91object Object%93&Prime; header_2_text_shadow_blur_strength=\u00a0\u00bbheader_2_text_shadow_style,%91object Object%93&Prime; header_3_text_shadow_horizontal_length=\u00a0\u00bbheader_3_text_shadow_style,%91object Object%93&Prime; header_3_text_shadow_vertical_length=\u00a0\u00bbheader_3_text_shadow_style,%91object Object%93&Prime; header_3_text_shadow_blur_strength=\u00a0\u00bbheader_3_text_shadow_style,%91object Object%93&Prime; header_4_text_shadow_horizontal_length=\u00a0\u00bbheader_4_text_shadow_style,%91object Object%93&Prime; header_4_text_shadow_vertical_length=\u00a0\u00bbheader_4_text_shadow_style,%91object Object%93&Prime; header_4_text_shadow_blur_strength=\u00a0\u00bbheader_4_text_shadow_style,%91object Object%93&Prime; header_5_text_shadow_horizontal_length=\u00a0\u00bbheader_5_text_shadow_style,%91object Object%93&Prime; header_5_text_shadow_vertical_length=\u00a0\u00bbheader_5_text_shadow_style,%91object Object%93&Prime; header_5_text_shadow_blur_strength=\u00a0\u00bbheader_5_text_shadow_style,%91object Object%93&Prime; header_6_text_shadow_horizontal_length=\u00a0\u00bbheader_6_text_shadow_style,%91object Object%93&Prime; header_6_text_shadow_vertical_length=\u00a0\u00bbheader_6_text_shadow_style,%91object Object%93&Prime; header_6_text_shadow_blur_strength=\u00a0\u00bbheader_6_text_shadow_style,%91object Object%93&Prime; z_index_tablet=\u00a0\u00bb500&Prime; link_option_url=\u00a0\u00bbhttps:\/\/ict.wordpress-test.app.u-pariscite.fr\/patrick-farges\u00a0\u00bb]<\/p>\n<h3>Professeur des universit\u00e9s<\/h3>\n<p>01.57.27.56.63<\/p>\n<p>B\u00e2timent Olympe de Gouges, bureau 735<\/p>\n<p>patrick.farges@wordpress-test.app.u-pariscite.fr<\/p>\n<p>[\/et_pb_text][\/et_pb_column][\/et_pb_row][\/et_pb_section][et_pb_section bb_built=\u00a0\u00bb1&Prime; fullwidth=\u00a0\u00bboff\u00a0\u00bb specialty=\u00a0\u00bboff\u00a0\u00bb prev_background_color=\u00a0\u00bb#000000&Prime; inner_width=\u00a0\u00bbauto\u00a0\u00bb inner_max_width=\u00a0\u00bbnone\u00a0\u00bb][et_pb_row][et_pb_column type=\u00a0\u00bb4_4&Prime;][et_pb_text _builder_version=\u00a0\u00bb3.22.1&Prime; text_text_shadow_horizontal_length=\u00a0\u00bbtext_text_shadow_style,%91object Object%93&Prime; text_text_shadow_vertical_length=\u00a0\u00bbtext_text_shadow_style,%91object Object%93&Prime; text_text_shadow_blur_strength=\u00a0\u00bbtext_text_shadow_style,%91object Object%93&Prime; link_text_shadow_horizontal_length=\u00a0\u00bblink_text_shadow_style,%91object Object%93&Prime; link_text_shadow_vertical_length=\u00a0\u00bblink_text_shadow_style,%91object Object%93&Prime; link_text_shadow_blur_strength=\u00a0\u00bblink_text_shadow_style,%91object Object%93&Prime; ul_text_shadow_horizontal_length=\u00a0\u00bbul_text_shadow_style,%91object Object%93&Prime; ul_text_shadow_vertical_length=\u00a0\u00bbul_text_shadow_style,%91object Object%93&Prime; ul_text_shadow_blur_strength=\u00a0\u00bbul_text_shadow_style,%91object Object%93&Prime; ol_text_shadow_horizontal_length=\u00a0\u00bbol_text_shadow_style,%91object Object%93&Prime; ol_text_shadow_vertical_length=\u00a0\u00bbol_text_shadow_style,%91object Object%93&Prime; ol_text_shadow_blur_strength=\u00a0\u00bbol_text_shadow_style,%91object Object%93&Prime; quote_text_shadow_horizontal_length=\u00a0\u00bbquote_text_shadow_style,%91object Object%93&Prime; quote_text_shadow_vertical_length=\u00a0\u00bbquote_text_shadow_style,%91object Object%93&Prime; quote_text_shadow_blur_strength=\u00a0\u00bbquote_text_shadow_style,%91object Object%93&Prime; header_text_shadow_horizontal_length=\u00a0\u00bbheader_text_shadow_style,%91object Object%93&Prime; header_text_shadow_vertical_length=\u00a0\u00bbheader_text_shadow_style,%91object Object%93&Prime; header_text_shadow_blur_strength=\u00a0\u00bbheader_text_shadow_style,%91object Object%93&Prime; header_2_text_shadow_horizontal_length=\u00a0\u00bbheader_2_text_shadow_style,%91object Object%93&Prime; header_2_text_shadow_vertical_length=\u00a0\u00bbheader_2_text_shadow_style,%91object Object%93&Prime; header_2_text_shadow_blur_strength=\u00a0\u00bbheader_2_text_shadow_style,%91object Object%93&Prime; header_3_text_shadow_horizontal_length=\u00a0\u00bbheader_3_text_shadow_style,%91object Object%93&Prime; header_3_text_shadow_vertical_length=\u00a0\u00bbheader_3_text_shadow_style,%91object Object%93&Prime; header_3_text_shadow_blur_strength=\u00a0\u00bbheader_3_text_shadow_style,%91object Object%93&Prime; header_4_text_shadow_horizontal_length=\u00a0\u00bbheader_4_text_shadow_style,%91object Object%93&Prime; header_4_text_shadow_vertical_length=\u00a0\u00bbheader_4_text_shadow_style,%91object Object%93&Prime; header_4_text_shadow_blur_strength=\u00a0\u00bbheader_4_text_shadow_style,%91object Object%93&Prime; header_5_text_shadow_horizontal_length=\u00a0\u00bbheader_5_text_shadow_style,%91object Object%93&Prime; header_5_text_shadow_vertical_length=\u00a0\u00bbheader_5_text_shadow_style,%91object Object%93&Prime; header_5_text_shadow_blur_strength=\u00a0\u00bbheader_5_text_shadow_style,%91object Object%93&Prime; header_6_text_shadow_horizontal_length=\u00a0\u00bbheader_6_text_shadow_style,%91object Object%93&Prime; header_6_text_shadow_vertical_length=\u00a0\u00bbheader_6_text_shadow_style,%91object Object%93&Prime; header_6_text_shadow_blur_strength=\u00a0\u00bbheader_6_text_shadow_style,%91object Object%93&Prime; z_index_tablet=\u00a0\u00bb500&Prime; text_line_height=\u00a0\u00bb1em\u00a0\u00bb]<\/p>\n<h3 class=\"niveau3\">Fonctions universitaires<\/h3>\n<p>Professeur des universit\u00e9s (histoire de l\u2019Allemagne &amp; du genre)<\/p>\n<p>Membre des comit\u00e9s de r\u00e9daction des revues : <em>Genre &amp; Histoire <\/em>;<em> Genre, Sexualit\u00e9s, Soci\u00e9t\u00e9s <\/em>; <em>POLI. Politique des Cultural Studies<\/em> et <em>Symposium<\/em><\/p>\n<p>Directeur de l\u2019Ecole Doctorale n\u00b0 624 \u00ab\u00a0Sciences des Soci\u00e9t\u00e9s\u00a0\u00bb<\/p>\n<p>Responsable du cursus int\u00e9gr\u00e9 franco-allemand en histoire Paris\/Bielefeld<\/p>\n<h3 class=\"niveau3\">Parcours<\/h3>\n<p>Ancien \u00e9l\u00e8ve de l&rsquo;Ecole Normale Sup\u00e9rieure (rue d&rsquo;Ulm)<\/p>\n<p>Formation universitaire en \u00e9tudes germaniques, histoire &amp; sciences sociales (Paris, Berlin, Toronto, Berkeley)<\/p>\n<p>1998 : Agr\u00e9gation d&rsquo;allemand<\/p>\n<p>2006 : Th\u00e8se de doctorat en \u00e9tudes germaniques (Universit\u00e9 Paris 8 \/ EHESS)<\/p>\n<p>2006-2017 : Ma\u00eetre de conf\u00e9rences \u00e0 la Sorbonne Nouvelle<\/p>\n<p>2015-2017 : Vice-Pr\u00e9sident (partenariats, relations avec le monde socio-\u00e9conomique) de la Sorbonne Nouvelle<\/p>\n<p>2016 : HDR en \u00e9tudes germaniques (Universit\u00e9 Paris Sorbonne)<\/p>\n<p>Depuis 2017 : Professeur des universit\u00e9s \u00e0 l&rsquo;Universit\u00e9 Paris Cit\u00e9, Laboratoire Identit\u00e9s-Cultures-Territoires (UR 337)<\/p>\n<h3 class=\"niveau3\">Th\u00e9matiques de recherches<\/h3>\n<p class=\"paragraphe\">Socio-histoire des migrations et post-migrations<\/p>\n<p class=\"paragraphe\">Histoire du genre et des masculinit\u00e9s<\/p>\n<p class=\"paragraphe\">Histoire juive allemande<\/p>\n<p class=\"paragraphe\">Histoire et narrativit\u00e9<\/p>\n<h3 class=\"niveau3\">Enseignements<\/h3>\n<p>L3 : Histoire politique des deux Allemagnes apr\u00e8s 1945 (cours en allemand, UFR EILA)<\/p>\n<p>L3 : L\u2019Allemagne d\u2019aujourd\u2019hui : politique\/\u00e9conomie\/soci\u00e9t\u00e9 depuis 1990 (cours en allemand, UFR EILA)<\/p>\n<p>L3 : Biens culturels : aire culturelle germanophone avec L. Dedryv\u00e8re (cours en allemand, UFR EILA)<\/p>\n<p>M1 : L&rsquo;Allemagne dans l&rsquo;Europe (cours en allemand, UFR EILA)<\/p>\n<p>M1 : Circulations, connexions, internationalisations avec S. Coeur\u00e9 &amp; A. Rios-Bordes (s\u00e9minaire en fran\u00e7ais, UFR GHES)<\/p>\n<p>M1 : State, Societies, and Culture in the Shadows of War avec A. Rios-Bordes (s\u00e9minaire en anglais, UFR GHES)<\/p>\n<p>M2 : Genre\/sexualit\u00e9s\/cultures en conflits (XXe si\u00e8cle) (s\u00e9minaire en fran\u00e7ais, UFR EILA &amp; GHES)<\/p>\n<p>M2 : Communication culturelle &#8211; allemand (s\u00e9minaire en allemand UFR EILA)<\/p>\n<p>[\/et_pb_text][\/et_pb_column][\/et_pb_row][\/et_pb_section]<\/p>\n","protected":false},"excerpt":{"rendered":"<div class=\"et_pb_row et_pb_row_0 et_pb_row_empty\"><\/div>\n<div class=\"et_pb_row et_pb_row_1 et_pb_row_empty\"><\/div>\n<p> Professeur des universit\u00e9s01.57.27.56.63B\u00e2timent Olympe de Gouges, bureau 735patrick.farges@wordpress-test.app.u-pariscite.fr <\/p>\n<div class=\"et_pb_row et_pb_row_2 et_pb_row_empty\"><\/div>\n<p> Fonctions universitairesProfesseur des universit\u00e9s (histoire de l\u2019Allemagne &amp; du genre)Membre des comit\u00e9s de r\u00e9daction des revues : Genre &amp; Histoire ; Genre, Sexualit\u00e9s, Soci\u00e9t\u00e9s ; POLI. Politique des Cultural Studies et SymposiumDirecteur de l\u2019Ecole Doctorale n\u00b0 624 \u00ab\u00a0Sciences des Soci\u00e9t\u00e9s\u00a0\u00bbResponsable du cursus int\u00e9gr\u00e9 franco-allemand en&hellip; <a class=\"continue\" href=\"https:\/\/wordpress-test.app.u-pariscite.fr\/eila\/farges-patrick\/\">Lire la suite<span> Farges Patrick<\/span><\/a><\/p>\n","protected":false},"author":311,"featured_media":0,"parent":0,"menu_order":0,"comment_status":"closed","ping_status":"closed","template":"","meta":{"_et_pb_use_builder":"on","_et_pb_old_content":"","_et_gb_content_width":"","footnotes":""},"class_list":["post-509","page","type-page","status-publish","hentry"],"_links":{"self":[{"href":"https:\/\/wordpress-test.app.u-pariscite.fr\/eila\/wp-json\/wp\/v2\/pages\/509","targetHints":{"allow":["GET"]}}],"collection":[{"href":"https:\/\/wordpress-test.app.u-pariscite.fr\/eila\/wp-json\/wp\/v2\/pages"}],"about":[{"href":"https:\/\/wordpress-test.app.u-pariscite.fr\/eila\/wp-json\/wp\/v2\/types\/page"}],"author":[{"embeddable":true,"href":"https:\/\/wordpress-test.app.u-pariscite.fr\/eila\/wp-json\/wp\/v2\/users\/311"}],"replies":[{"embeddable":true,"href":"https:\/\/wordpress-test.app.u-pariscite.fr\/eila\/wp-json\/wp\/v2\/comments?post=509"}],"version-history":[{"count":3,"href":"https:\/\/wordpress-test.app.u-pariscite.fr\/eila\/wp-json\/wp\/v2\/pages\/509\/revisions"}],"predecessor-version":[{"id":2299,"href":"https:\/\/wordpress-test.app.u-pariscite.fr\/eila\/wp-json\/wp\/v2\/pages\/509\/revisions\/2299"}],"wp:attachment":[{"href":"https:\/\/wordpress-test.app.u-pariscite.fr\/eila\/wp-json\/wp\/v2\/media?parent=509"}],"curies":[{"name":"wp","href":"https:\/\/api.w.org\/{rel}","templated":true}]}}