{"id":3222,"date":"2022-07-11T08:44:08","date_gmt":"2022-07-11T06:44:08","guid":{"rendered":"https:\/\/wordpress-test.app.u-pariscite.fr\/eila\/?page_id=3222"},"modified":"2024-09-16T12:33:34","modified_gmt":"2024-09-16T10:33:34","slug":"zhu-lichao","status":"publish","type":"page","link":"https:\/\/wordpress-test.app.u-pariscite.fr\/eila\/zhu-lichao\/","title":{"rendered":"ZHU Lichao"},"content":{"rendered":"<div class=\"et_pb_module et_pb_text et_pb_text_0 et_pb_bg_layout_light et_pb_text_align_left\">\n<div class=\"et_pb_text_inner\">\n<h3><img loading=\"lazy\" decoding=\"async\" class=\"\" style=\"vertical-align: middle\" src=\"https:\/\/wordpress-test.app.u-pariscite.fr\/eila\/wp-content\/uploads\/sites\/42\/2023\/02\/lz-200-221.png\" alt=\"\" width=\"178\" height=\"197\" \/><span style=\"margin-left: 30px\">Ma\u00eetre de conf\u00e9rences en sciences du langage<\/span><\/h3>\n<p><a href=\"mailto:lichao.zhu@wordpress-test.app.u-pariscite.fr\">lichao.zhu@wordpress-test.app.u-pariscite.fr<\/a><br \/>\nBureau 729, B\u00e2timent Olympe de Gouges<br \/>\n8 place Paul Ric\u0153ur, 75013 Paris<br \/>\n<div class='et-learn-more clearfix'>\n\t\t\t\t\t<h3 class='heading-more'>Enseignement<span class='et_learnmore_arrow'><span><\/span><\/span><\/h3>\n\t\t\t\t\t<div class='learn-more-content'><h4>Master<\/h4>\n<ul>\n<li>\u00a0Linguistique de corpus appliqu\u00e9e \u00e0 la terminologie (TI1AY070), M1 ILTS LSCT CTM<\/li>\n<li>\u00a0Terminologie (LE3BE130), M1 LISI<\/li>\n<li>\u00a0Introduction \u00e0 la TAO (TI1BY020), M1 ILTS LSCT CTM<\/li>\n<li>\u00a0Outils d\u2019interrogation de corpus (TI2FE060), M2 LSCT<\/li>\n<li> Sp\u00e9cialisation des moteurs de traduction, M2 ILTS<\/li>\n<\/ul>\n<h4>Licence<\/h4>\n<ul>\n<li> Grammaire anglaise (LE33Y010 &amp; LE44Y010), L2 LEA<span style=\"font-size: 16px\">\u00a0<\/span><\/li>\n<\/ul><\/div>\n\t\t\t\t<\/div><br \/>\n<div class='et-learn-more clearfix'>\n\t\t\t\t\t<h3 class='heading-more'>Recherche<span class='et_learnmore_arrow'><span><\/span><\/span><\/h3>\n\t\t\t\t\t<div class='learn-more-content'><ul>\n<li>CV HAL : <a href=\"https:\/\/cv.hal.science\/lichao-zhu\" target=\"_blank\" rel=\"noopener noreferrer\">Lien<\/a><\/li>\n<\/ul><\/div>\n\t\t\t\t<\/div><\/p>\n<\/div>\n<\/div>\n","protected":false},"excerpt":{"rendered":"<p>Ma\u00eetre de conf\u00e9rences en sciences du langage lichao.zhu@wordpress-test.app.u-pariscite.fr Bureau 729, B\u00e2timent Olympe de Gouges 8 place Paul Ric\u0153ur, 75013 Paris<\/p>\n","protected":false},"author":248,"featured_media":0,"parent":0,"menu_order":0,"comment_status":"closed","ping_status":"closed","template":"","meta":{"_et_pb_use_builder":"off","_et_pb_old_content":"<div class=\"et_pb_text_inner\">\r\n\t\t\t\t\t<h4>Enseignements<span style=\"font-size: 16px;font-family: 'Open Sans', Arial, sans-serif;font-weight: 500\">\u00a0<\/span><span style=\"font-size: 16px;font-family: 'Open Sans', Arial, sans-serif;font-weight: 500\">\u00a0<\/span><span style=\"font-size: 16px;font-family: 'Open Sans', Arial, sans-serif;font-weight: 500\">\u00a0<\/span><\/h4>\r\n<p>Master<\/p>\r\n<ul>\r\n<li>\u00a0Linguistique de corpus appliqu\u00e9e \u00e0 la terminologie (TI1AY070), M1 ILTS LSCT CTM<\/li>\r\n<li>\u00a0Terminologie (LE3BE130), M1 LISI<\/li>\r\n<li>\u00a0Introduction \u00e0 la TAO (TI1BY020), M1 ILTS LSCT CTM<\/li>\r\n<li>\u00a0Outils d\u2019int\u00e9gration corpus (TI2FE060), M2 LSCT<\/li>\r\n<li>Sp\u00e9cialisation des moteurs de traduction, M2 ILTS<\/li>\r\n<\/ul>\r\n<p>Licence<span style=\"font-size: 16px\">\u00a0<\/span><span style=\"font-size: 16px\">\u00a0<\/span><\/p>\r\n<ul>\r\n<li>Grammaire anglaise (LE33Y010), L2 LEA<span style=\"font-size: 16px\">\u00a0<\/span><\/li>\r\n<\/ul>\r\n<h4>Recherche<span style=\"font-size: 16px;font-family: 'Open Sans', Arial, sans-serif;font-weight: 500\">\u00a0<\/span><\/h4>\r\n<p>Voir <a href=\"https:\/\/clillac-arp.wordpress-test.app.u-pariscite.fr\/annuaire\/zhu-lichao\/\">cette page<\/a><\/p>","_et_gb_content_width":"","footnotes":""},"class_list":["post-3222","page","type-page","status-publish","hentry"],"_links":{"self":[{"href":"https:\/\/wordpress-test.app.u-pariscite.fr\/eila\/wp-json\/wp\/v2\/pages\/3222","targetHints":{"allow":["GET"]}}],"collection":[{"href":"https:\/\/wordpress-test.app.u-pariscite.fr\/eila\/wp-json\/wp\/v2\/pages"}],"about":[{"href":"https:\/\/wordpress-test.app.u-pariscite.fr\/eila\/wp-json\/wp\/v2\/types\/page"}],"author":[{"embeddable":true,"href":"https:\/\/wordpress-test.app.u-pariscite.fr\/eila\/wp-json\/wp\/v2\/users\/248"}],"replies":[{"embeddable":true,"href":"https:\/\/wordpress-test.app.u-pariscite.fr\/eila\/wp-json\/wp\/v2\/comments?post=3222"}],"version-history":[{"count":41,"href":"https:\/\/wordpress-test.app.u-pariscite.fr\/eila\/wp-json\/wp\/v2\/pages\/3222\/revisions"}],"predecessor-version":[{"id":5279,"href":"https:\/\/wordpress-test.app.u-pariscite.fr\/eila\/wp-json\/wp\/v2\/pages\/3222\/revisions\/5279"}],"wp:attachment":[{"href":"https:\/\/wordpress-test.app.u-pariscite.fr\/eila\/wp-json\/wp\/v2\/media?parent=3222"}],"curies":[{"name":"wp","href":"https:\/\/api.w.org\/{rel}","templated":true}]}}