{"id":1508,"date":"2021-07-07T10:50:41","date_gmt":"2021-07-07T08:50:41","guid":{"rendered":"https:\/\/wordpress-test.app.u-pariscite.fr\/eila\/?page_id=1508"},"modified":"2023-10-03T20:49:04","modified_gmt":"2023-10-03T18:49:04","slug":"international","status":"publish","type":"page","link":"https:\/\/wordpress-test.app.u-pariscite.fr\/eila\/international\/","title":{"rendered":"International"},"content":{"rendered":"<p>[et_pb_section fb_built=\u00a0\u00bb1&Prime; _builder_version=\u00a0\u00bb3.22&Prime; custom_padding=\u00a0\u00bb||60px|||\u00a0\u00bb][et_pb_row _builder_version=\u00a0\u00bb3.22&Prime; background_size=\u00a0\u00bbinitial\u00a0\u00bb background_position=\u00a0\u00bbtop_left\u00a0\u00bb background_repeat=\u00a0\u00bbrepeat\u00a0\u00bb][et_pb_column type=\u00a0\u00bb4_4&Prime; _builder_version=\u00a0\u00bb3.0.47&Prime;][et_pb_post_title meta=\u00a0\u00bboff\u00a0\u00bb featured_image=\u00a0\u00bboff\u00a0\u00bb admin_label=\u00a0\u00bbTitre de la page\u00a0\u00bb _builder_version=\u00a0\u00bb3.19.11&Prime;][\/et_pb_post_title][\/et_pb_column][\/et_pb_row][et_pb_row _builder_version=\u00a0\u00bb3.22&Prime; background_size=\u00a0\u00bbinitial\u00a0\u00bb background_position=\u00a0\u00bbtop_left\u00a0\u00bb background_repeat=\u00a0\u00bbrepeat\u00a0\u00bb][et_pb_column type=\u00a0\u00bb4_4&Prime; _builder_version=\u00a0\u00bb3.0.47&Prime;][et_pb_text module_id=\u00a0\u00bbcontenu\u00a0\u00bb _builder_version=\u00a0\u00bb3.22.1&Prime; z_index_tablet=\u00a0\u00bb500&Prime;]<\/p>\n<p>R\u00e9f\u00e9rent International de l&rsquo;UFR EILA : <a href=\"mailto:lucrece.friess@wordpress-test.app.u-pariscite.fr\">Lucr\u00e8ce Friess<\/a><\/p>\n<h3>Pour les \u00e9tudiants internationaux (mobilit\u00e9s entrantes)<\/h3>\n<p>Vous pouvez prendre connaissance des <a href=\"https:\/\/wordpress-test.app.u-pariscite.fr\/eila\/licences-et-masters\/\">enseignements propos\u00e9s en Licence et Master<\/a>, ainsi qu&rsquo;en <a href=\"https:\/\/wordpress-test.app.u-pariscite.fr\/eila\/fle\/\">Fran\u00e7ais Langue Etrang\u00e8re<\/a>.<\/p>\n<p>Voir <a href=\"https:\/\/wordpress-test.app.u-pariscite.fr\/accueil-des-etudiants-internationaux\/\">l&rsquo;accueil des \u00e9tudiants internationaux \u00e0 Universit\u00e9 Paris Cit\u00e9<\/a>.<\/p>\n<h3>Pour les \u00e9tudiants de l&rsquo;UFR EILA (mobilit\u00e9s sortantes)<\/h3>\n<p>L&rsquo;UFR EILA pratique depuis longtemps des \u00e9changes avec de nombreuses universit\u00e9s europ\u00e9ennes, en particulier de langue allemande, anglaise et espagnole, et avec des universit\u00e9s am\u00e9ricaines, chinoises et japonaises. <a href=\"https:\/\/wordpress-test.app.u-pariscite.fr\/eila\/echanges\/\">Voir la page sur les \u00e9changes.<\/a><\/p>\n<p>[\/et_pb_text][\/et_pb_column][\/et_pb_row][\/et_pb_section][et_pb_section fb_built=\u00a0\u00bb1&Prime; _builder_version=\u00a0\u00bb3.22&Prime; custom_padding=\u00a0\u00bb0px||0px|\u00a0\u00bb][et_pb_row _builder_version=\u00a0\u00bb3.22&Prime;][et_pb_column type=\u00a0\u00bb4_4&Prime; _builder_version=\u00a0\u00bb3.0.47&Prime;][et_pb_text admin_label=\u00a0\u00bb\u00c0 lire aussi\u00a0\u00bb _builder_version=\u00a0\u00bb3.21&Prime;]<\/p>\n<h2><span class=\"st\">\u00c0<\/span> lire aussi<\/h2>\n<p>[\/et_pb_text][et_pb_blog posts_number=\u00a0\u00bb4&Prime; include_categories=\u00a0\u00bb13&Prime; show_author=\u00a0\u00bboff\u00a0\u00bb show_date=\u00a0\u00bboff\u00a0\u00bb show_pagination=\u00a0\u00bboff\u00a0\u00bb module_id=\u00a0\u00bbpage_type_blog\u00a0\u00bb _builder_version=\u00a0\u00bb3.21&Prime; header_level=\u00a0\u00bbh4&Prime; border_width_bottom_fullwidth=\u00a0\u00bb1px\u00a0\u00bb border_color_bottom_fullwidth=\u00a0\u00bbrgba(51,51,51,0.18)\u00a0\u00bb custom_padding=\u00a0\u00bb||50px|\u00a0\u00bb][\/et_pb_blog][\/et_pb_column][\/et_pb_row][\/et_pb_section]<\/p>\n","protected":false},"excerpt":{"rendered":"<p>R\u00e9f\u00e9rent International de l&rsquo;UFR EILA : Lucr\u00e8ce Friess Pour les \u00e9tudiants internationaux (mobilit\u00e9s entrantes) Vous pouvez prendre connaissance des enseignements propos\u00e9s en Licence et Master, ainsi qu&rsquo;en Fran\u00e7ais Langue Etrang\u00e8re. Voir l&rsquo;accueil des \u00e9tudiants internationaux \u00e0 Universit\u00e9 Paris Cit\u00e9. Pour les \u00e9tudiants de l&rsquo;UFR EILA (mobilit\u00e9s sortantes) L&rsquo;UFR EILA pratique depuis longtemps des \u00e9changes avec&hellip; <a class=\"continue\" href=\"https:\/\/wordpress-test.app.u-pariscite.fr\/eila\/international\/\">Lire la suite<span> International<\/span><\/a><\/p>\n","protected":false},"author":248,"featured_media":0,"parent":0,"menu_order":0,"comment_status":"closed","ping_status":"closed","template":"","meta":{"_et_pb_use_builder":"on","_et_pb_old_content":"","_et_gb_content_width":"","footnotes":""},"class_list":["post-1508","page","type-page","status-publish","hentry"],"_links":{"self":[{"href":"https:\/\/wordpress-test.app.u-pariscite.fr\/eila\/wp-json\/wp\/v2\/pages\/1508","targetHints":{"allow":["GET"]}}],"collection":[{"href":"https:\/\/wordpress-test.app.u-pariscite.fr\/eila\/wp-json\/wp\/v2\/pages"}],"about":[{"href":"https:\/\/wordpress-test.app.u-pariscite.fr\/eila\/wp-json\/wp\/v2\/types\/page"}],"author":[{"embeddable":true,"href":"https:\/\/wordpress-test.app.u-pariscite.fr\/eila\/wp-json\/wp\/v2\/users\/248"}],"replies":[{"embeddable":true,"href":"https:\/\/wordpress-test.app.u-pariscite.fr\/eila\/wp-json\/wp\/v2\/comments?post=1508"}],"version-history":[{"count":11,"href":"https:\/\/wordpress-test.app.u-pariscite.fr\/eila\/wp-json\/wp\/v2\/pages\/1508\/revisions"}],"predecessor-version":[{"id":4511,"href":"https:\/\/wordpress-test.app.u-pariscite.fr\/eila\/wp-json\/wp\/v2\/pages\/1508\/revisions\/4511"}],"wp:attachment":[{"href":"https:\/\/wordpress-test.app.u-pariscite.fr\/eila\/wp-json\/wp\/v2\/media?parent=1508"}],"curies":[{"name":"wp","href":"https:\/\/api.w.org\/{rel}","templated":true}]}}