{"id":1373,"date":"2021-07-05T09:36:22","date_gmt":"2021-07-05T07:36:22","guid":{"rendered":"https:\/\/wordpress-test.app.u-pariscite.fr\/eila\/?page_id=1373"},"modified":"2023-07-13T13:41:00","modified_gmt":"2023-07-13T11:41:00","slug":"parcours-master-lisi","status":"publish","type":"page","link":"https:\/\/wordpress-test.app.u-pariscite.fr\/eila\/parcours-master-lisi\/","title":{"rendered":"Les Parcours du master LISI"},"content":{"rendered":"<p>[et_pb_section bb_built=\u00a0\u00bb1&Prime; next_background_color=\u00a0\u00bb#000000&Prime; inner_width=\u00a0\u00bbauto\u00a0\u00bb inner_max_width=\u00a0\u00bbnone\u00a0\u00bb][et_pb_row][et_pb_column type=\u00a0\u00bb4_4&Prime;][et_pb_post_title admin_label=\u00a0\u00bbTitre de la page\u00a0\u00bb _builder_version=\u00a0\u00bb3.19.11&Prime; meta=\u00a0\u00bboff\u00a0\u00bb featured_image=\u00a0\u00bboff\u00a0\u00bb \/][\/et_pb_column][\/et_pb_row][et_pb_row _builder_version=\u00a0\u00bb3.22.1&Prime;][et_pb_column type=\u00a0\u00bb3_4&Prime;][et_pb_text _builder_version=\u00a0\u00bb3.22.1&Prime; module_id=\u00a0\u00bbcontenu\u00a0\u00bb text_text_shadow_horizontal_length=\u00a0\u00bbtext_text_shadow_style,%91object Object%93&Prime; text_text_shadow_vertical_length=\u00a0\u00bbtext_text_shadow_style,%91object Object%93&Prime; text_text_shadow_blur_strength=\u00a0\u00bbtext_text_shadow_style,%91object Object%93&Prime; link_text_shadow_horizontal_length=\u00a0\u00bblink_text_shadow_style,%91object Object%93&Prime; link_text_shadow_vertical_length=\u00a0\u00bblink_text_shadow_style,%91object Object%93&Prime; link_text_shadow_blur_strength=\u00a0\u00bblink_text_shadow_style,%91object Object%93&Prime; ul_text_shadow_horizontal_length=\u00a0\u00bbul_text_shadow_style,%91object Object%93&Prime; ul_text_shadow_vertical_length=\u00a0\u00bbul_text_shadow_style,%91object Object%93&Prime; ul_text_shadow_blur_strength=\u00a0\u00bbul_text_shadow_style,%91object Object%93&Prime; ol_text_shadow_horizontal_length=\u00a0\u00bbol_text_shadow_style,%91object Object%93&Prime; ol_text_shadow_vertical_length=\u00a0\u00bbol_text_shadow_style,%91object Object%93&Prime; ol_text_shadow_blur_strength=\u00a0\u00bbol_text_shadow_style,%91object Object%93&Prime; quote_text_shadow_horizontal_length=\u00a0\u00bbquote_text_shadow_style,%91object Object%93&Prime; quote_text_shadow_vertical_length=\u00a0\u00bbquote_text_shadow_style,%91object Object%93&Prime; quote_text_shadow_blur_strength=\u00a0\u00bbquote_text_shadow_style,%91object Object%93&Prime; header_text_shadow_horizontal_length=\u00a0\u00bbheader_text_shadow_style,%91object Object%93&Prime; header_text_shadow_vertical_length=\u00a0\u00bbheader_text_shadow_style,%91object Object%93&Prime; header_text_shadow_blur_strength=\u00a0\u00bbheader_text_shadow_style,%91object Object%93&Prime; header_2_text_shadow_horizontal_length=\u00a0\u00bbheader_2_text_shadow_style,%91object Object%93&Prime; header_2_text_shadow_vertical_length=\u00a0\u00bbheader_2_text_shadow_style,%91object Object%93&Prime; header_2_text_shadow_blur_strength=\u00a0\u00bbheader_2_text_shadow_style,%91object Object%93&Prime; header_3_text_shadow_horizontal_length=\u00a0\u00bbheader_3_text_shadow_style,%91object Object%93&Prime; header_3_text_shadow_vertical_length=\u00a0\u00bbheader_3_text_shadow_style,%91object Object%93&Prime; header_3_text_shadow_blur_strength=\u00a0\u00bbheader_3_text_shadow_style,%91object Object%93&Prime; header_4_text_shadow_horizontal_length=\u00a0\u00bbheader_4_text_shadow_style,%91object Object%93&Prime; header_4_text_shadow_vertical_length=\u00a0\u00bbheader_4_text_shadow_style,%91object Object%93&Prime; header_4_text_shadow_blur_strength=\u00a0\u00bbheader_4_text_shadow_style,%91object Object%93&Prime; header_5_text_shadow_horizontal_length=\u00a0\u00bbheader_5_text_shadow_style,%91object Object%93&Prime; header_5_text_shadow_vertical_length=\u00a0\u00bbheader_5_text_shadow_style,%91object Object%93&Prime; header_5_text_shadow_blur_strength=\u00a0\u00bbheader_5_text_shadow_style,%91object Object%93&Prime; header_6_text_shadow_horizontal_length=\u00a0\u00bbheader_6_text_shadow_style,%91object Object%93&Prime; header_6_text_shadow_vertical_length=\u00a0\u00bbheader_6_text_shadow_style,%91object Object%93&Prime; header_6_text_shadow_blur_strength=\u00a0\u00bbheader_6_text_shadow_style,%91object Object%93&Prime; z_index_tablet=\u00a0\u00bb500&Prime;]<\/p>\n<h2>Pr\u00e9sentation du Master LISI<\/h2>\n<p>Le Master LISI valorise l\u2019expertise linguistique et communicationnelle ainsi que les connaissances interculturelles. Il accueille des \u00e9tudiants multilingues qui souhaitent parfaire leurs comp\u00e9tences linguistiques et mettre en \u0153uvre des projets interculturels.<\/p>\n<p>Il s\u2019agit de former des experts linguistiques, des interpr\u00e8tes, des m\u00e9diateurs. Le Master LISI forme \u00e9galement les \u00e9l\u00e8ves \u00e0 la communication, \u00e0 l\u2019intelligence interculturelle et aux strat\u00e9gies de management interculturel.<\/p>\n<h2>Pr\u00e9-requis<\/h2>\n<p>&#8211; Niveau C1\/C2 exig\u00e9 en fran\u00e7ais (ou en langue A) et en anglais.\u00a0\u00a0\u00a0\u00a0<\/p>\n<p>&#8211; Niveau C1 exig\u00e9 en langue C (allemand, espagnol, chinois)<\/p>\n<p>&#8211; Capacit\u00e9s r\u00e9dactionnelles et de synth\u00e8se avanc\u00e9es.<\/p>\n<p>Comp\u00e9tences vis\u00e9es<\/p>\n<p>&#8211; Ma\u00eetriser de fa\u00e7on professionnelle une combinaison de trois langues en vue d\u2019interpr\u00e9ter, traduire et communiquer de fa\u00e7on fluide<\/p>\n<p>&#8211; Ma\u00eetriser les concepts et les pratiques li\u00e9s aux langues et \u00e0 l\u2019interculturel<\/p>\n<p>&#8211; Mobiliser des techniques de transferts linguistiques (traduction, interpr\u00e9tation) dans une perspective communicationnelle<\/p>\n<p>&#8211; D\u00e9velopper une solide culture g\u00e9n\u00e9rale transdisciplinaire<\/p>\n<p>&#8211; Communiquer de mani\u00e8re professionnelle en vue de transferts de connaissance<\/p>\n<p>&#8211; Cr\u00e9er des contenus \u00e0 vis\u00e9e interculturelle<\/p>\n<p>&#8211; Se servir de fa\u00e7on autonome des outils num\u00e9riques<\/p>\n<p>&#8211; Ma\u00eetriser et d\u00e9velopper des savoirs interculturels et les mettre en \u0153uvre<\/p>\n<p>&#8211; Accompagner les \u00e9volutions soci\u00e9tales li\u00e9es \u00e0 la diversit\u00e9 et aux mobilit\u00e9s<\/p>\n<p>&#8211; Ma\u00eetriser les enjeux g\u00e9opolitiques et identifier les nouveaux mod\u00e8les soci\u00e9taux<\/p>\n<p>&#8211; \u00catre capable de les discuter et de les conceptualiser<\/p>\n<p>&#8211; Conduire des projets de management interculturel<\/p>\n<p>&#8211; G\u00e9rer des contextes professionnels ou d&rsquo;\u00e9tudes complexes, impr\u00e9visibles et qui n\u00e9cessitent des approches strat\u00e9giques nouvelles<\/p>\n<p>\u00a0<\/p>\n<p>[\/et_pb_text][\/et_pb_column][et_pb_column type=\u00a0\u00bb1_4&Prime;][\/et_pb_column][\/et_pb_row][\/et_pb_section][et_pb_section bb_built=\u00a0\u00bb1&Prime; specialty=\u00a0\u00bboff\u00a0\u00bb _builder_version=\u00a0\u00bb3.21&Prime; custom_padding=\u00a0\u00bb0px||0px|\u00a0\u00bb prev_background_color=\u00a0\u00bb#000000&Prime; inner_width=\u00a0\u00bbauto\u00a0\u00bb inner_max_width=\u00a0\u00bbnone\u00a0\u00bb][et_pb_row _builder_version=\u00a0\u00bb3.19.11&Prime; width=\u00a0\u00bb80%\u00a0\u00bb max_width=\u00a0\u00bb1080px\u00a0\u00bb][et_pb_column type=\u00a0\u00bb4_4&Prime;][et_pb_text admin_label=\u00a0\u00bb\u00c0 lire aussi\u00a0\u00bb _builder_version=\u00a0\u00bb3.21&Prime;]<\/p>\n<h2><span class=\"st\">\u00c0<\/span> lire aussi<\/h2>\n<p>[\/et_pb_text][et_pb_blog _builder_version=\u00a0\u00bb3.21&Prime; posts_number=\u00a0\u00bb4&Prime; include_categories=\u00a0\u00bb13&Prime; show_author=\u00a0\u00bboff\u00a0\u00bb show_date=\u00a0\u00bboff\u00a0\u00bb show_pagination=\u00a0\u00bboff\u00a0\u00bb border_width_bottom_fullwidth=\u00a0\u00bb1px\u00a0\u00bb border_color_bottom_fullwidth=\u00a0\u00bbrgba(51,51,51,0.18)\u00a0\u00bb custom_padding=\u00a0\u00bb||50px|\u00a0\u00bb module_id=\u00a0\u00bbpage_type_blog\u00a0\u00bb header_level=\u00a0\u00bbh4&Prime; \/][\/et_pb_column][\/et_pb_row][\/et_pb_section]<\/p>\n","protected":false},"excerpt":{"rendered":"<div class=\"et_pb_row et_pb_row_0 et_pb_row_empty\"><\/div>\n<p> Pr\u00e9sentation du Master LISILe Master LISI valorise l\u2019expertise linguistique et communicationnelle ainsi que les connaissances interculturelles. Il accueille des \u00e9tudiants multilingues qui souhaitent parfaire leurs comp\u00e9tences linguistiques et mettre en \u0153uvre des projets interculturels.Il s\u2019agit de former des experts linguistiques, des interpr\u00e8tes, des m\u00e9diateurs. Le Master LISI forme \u00e9galement les \u00e9l\u00e8ves \u00e0 la communication,&hellip; <a class=\"continue\" href=\"https:\/\/wordpress-test.app.u-pariscite.fr\/eila\/parcours-master-lisi\/\">Lire la suite<span> Les Parcours du master LISI<\/span><\/a><\/p>\n","protected":false},"author":248,"featured_media":0,"parent":0,"menu_order":0,"comment_status":"closed","ping_status":"closed","template":"","meta":{"_et_pb_use_builder":"on","_et_pb_old_content":"","_et_gb_content_width":"","footnotes":""},"class_list":["post-1373","page","type-page","status-publish","hentry"],"_links":{"self":[{"href":"https:\/\/wordpress-test.app.u-pariscite.fr\/eila\/wp-json\/wp\/v2\/pages\/1373","targetHints":{"allow":["GET"]}}],"collection":[{"href":"https:\/\/wordpress-test.app.u-pariscite.fr\/eila\/wp-json\/wp\/v2\/pages"}],"about":[{"href":"https:\/\/wordpress-test.app.u-pariscite.fr\/eila\/wp-json\/wp\/v2\/types\/page"}],"author":[{"embeddable":true,"href":"https:\/\/wordpress-test.app.u-pariscite.fr\/eila\/wp-json\/wp\/v2\/users\/248"}],"replies":[{"embeddable":true,"href":"https:\/\/wordpress-test.app.u-pariscite.fr\/eila\/wp-json\/wp\/v2\/comments?post=1373"}],"version-history":[{"count":5,"href":"https:\/\/wordpress-test.app.u-pariscite.fr\/eila\/wp-json\/wp\/v2\/pages\/1373\/revisions"}],"predecessor-version":[{"id":4226,"href":"https:\/\/wordpress-test.app.u-pariscite.fr\/eila\/wp-json\/wp\/v2\/pages\/1373\/revisions\/4226"}],"wp:attachment":[{"href":"https:\/\/wordpress-test.app.u-pariscite.fr\/eila\/wp-json\/wp\/v2\/media?parent=1373"}],"curies":[{"name":"wp","href":"https:\/\/api.w.org\/{rel}","templated":true}]}}