{"id":11693,"date":"2022-06-03T17:00:35","date_gmt":"2022-06-03T15:00:35","guid":{"rendered":"https:\/\/wordpress-test.app.u-pariscite.fr\/doctorat\/?page_id=11693"},"modified":"2023-07-07T12:14:28","modified_gmt":"2023-07-07T10:14:28","slug":"missions-anima75-annee-2022-2023-mission-dexpertise","status":"publish","type":"page","link":"https:\/\/wordpress-test.app.u-pariscite.fr\/doctorat\/missions-anima75-annee-2022-2023-mission-dexpertise\/","title":{"rendered":"Missions Anima75 (Mission d\u2019expertise)"},"content":{"rendered":"<p><u>Description de la mission et de ses objectifs<\/u>\u00a0:<\/p>\n<p>Acqu\u00e9rir des comp\u00e9tences dans le domaine de l\u2019exp\u00e9rimentation animale prioritairement, d\u00e8s le d\u00e9but de sa th\u00e8se. Participer \u00e0 la surveillance des animaux dans l\u2019animalerie qui h\u00e9berge(ra) les animaux utilis\u00e9s par le doctorant dans le cadre de son projet de recherche. Participer au fonctionnement de la structure charg\u00e9e du suivi du bien-\u00eatre animal et ainsi acqu\u00e9rir des \u00e9l\u00e9ments utiles pour la suite du parcours professionnel et en particulier la r\u00e9daction de demande d\u2019autorisation de projet.<\/p>\n<ul>\n<li><strong>Fiche de poste 2023-2024 :\u00a0<a href=\"https:\/\/wordpress-test.app.u-pariscite.fr\/doctorat\/wp-content\/uploads\/sites\/10\/2023\/07\/ANIMA75_Ficheposte_23-24.doc\"> Fiche de poste<\/a><\/strong><\/li>\n<li><strong>Dossier de candidature 2023-2024 &#8211;\u00a0 session septembre 2023 :\u00a0 <a href=\"https:\/\/wordpress-test.app.u-pariscite.fr\/doctorat\/wp-content\/uploads\/sites\/10\/2023\/07\/ANIMA75_FormulaireCandidatureRecrutement_23-24D.doc\">Dossier<\/a><\/strong><\/li>\n<\/ul>\n","protected":false},"excerpt":{"rendered":"<p>Description de la mission et de ses objectifs\u00a0: Acqu\u00e9rir des comp\u00e9tences dans le domaine de l\u2019exp\u00e9rimentation animale prioritairement, d\u00e8s le d\u00e9but de sa th\u00e8se. Participer \u00e0 la surveillance des animaux dans l\u2019animalerie qui h\u00e9berge(ra) les animaux utilis\u00e9s par le doctorant dans le cadre de son projet de recherche. Participer au fonctionnement de la structure charg\u00e9e&hellip; <a class=\"continue\" href=\"https:\/\/wordpress-test.app.u-pariscite.fr\/doctorat\/missions-anima75-annee-2022-2023-mission-dexpertise\/\">Lire la suite<span> Missions Anima75 (Mission d\u2019expertise)<\/span><\/a><\/p>\n","protected":false},"author":347,"featured_media":0,"parent":0,"menu_order":0,"comment_status":"closed","ping_status":"closed","template":"","meta":{"_et_pb_use_builder":"","_et_pb_old_content":"","_et_gb_content_width":"","footnotes":""},"class_list":["post-11693","page","type-page","status-publish","hentry"],"_links":{"self":[{"href":"https:\/\/wordpress-test.app.u-pariscite.fr\/doctorat\/wp-json\/wp\/v2\/pages\/11693","targetHints":{"allow":["GET"]}}],"collection":[{"href":"https:\/\/wordpress-test.app.u-pariscite.fr\/doctorat\/wp-json\/wp\/v2\/pages"}],"about":[{"href":"https:\/\/wordpress-test.app.u-pariscite.fr\/doctorat\/wp-json\/wp\/v2\/types\/page"}],"author":[{"embeddable":true,"href":"https:\/\/wordpress-test.app.u-pariscite.fr\/doctorat\/wp-json\/wp\/v2\/users\/347"}],"replies":[{"embeddable":true,"href":"https:\/\/wordpress-test.app.u-pariscite.fr\/doctorat\/wp-json\/wp\/v2\/comments?post=11693"}],"version-history":[{"count":17,"href":"https:\/\/wordpress-test.app.u-pariscite.fr\/doctorat\/wp-json\/wp\/v2\/pages\/11693\/revisions"}],"predecessor-version":[{"id":13144,"href":"https:\/\/wordpress-test.app.u-pariscite.fr\/doctorat\/wp-json\/wp\/v2\/pages\/11693\/revisions\/13144"}],"wp:attachment":[{"href":"https:\/\/wordpress-test.app.u-pariscite.fr\/doctorat\/wp-json\/wp\/v2\/media?parent=11693"}],"curies":[{"name":"wp","href":"https:\/\/api.w.org\/{rel}","templated":true}]}}