{"id":16539,"date":"2024-01-29T16:01:06","date_gmt":"2024-01-29T15:01:06","guid":{"rendered":"https:\/\/wordpress-test.app.u-pariscite.fr\/centre-politiques-terre\/?page_id=16539"},"modified":"2024-02-27T10:35:43","modified_gmt":"2024-02-27T09:35:43","slug":"une-conception-de-la-sante-dans-lanthropocene","status":"publish","type":"page","link":"https:\/\/wordpress-test.app.u-pariscite.fr\/centre-politiques-terre\/une-conception-de-la-sante-dans-lanthropocene\/","title":{"rendered":"Une conception de la sant\u00e9 dans l\u2019Anthropoc\u00e8ne"},"content":{"rendered":"<p>[et_pb_section bb_built=\u00a0\u00bb1&Prime; inner_width=\u00a0\u00bbauto\u00a0\u00bb inner_max_width=\u00a0\u00bbnone\u00a0\u00bb][et_pb_row][et_pb_column type=\u00a0\u00bb3_4&Prime;][et_pb_post_title _builder_version=\u00a0\u00bb3.22.1&Prime; meta=\u00a0\u00bboff\u00a0\u00bb featured_image=\u00a0\u00bboff\u00a0\u00bb text_shadow_horizontal_length=\u00a0\u00bbtext_shadow_style,%91object Object%93&Prime; text_shadow_vertical_length=\u00a0\u00bbtext_shadow_style,%91object Object%93&Prime; text_shadow_blur_strength=\u00a0\u00bbtext_shadow_style,%91object Object%93&Prime; title_text_shadow_horizontal_length=\u00a0\u00bbtitle_text_shadow_style,%91object Object%93&Prime; title_text_shadow_vertical_length=\u00a0\u00bbtitle_text_shadow_style,%91object Object%93&Prime; title_text_shadow_blur_strength=\u00a0\u00bbtitle_text_shadow_style,%91object Object%93&Prime; meta_text_shadow_horizontal_length=\u00a0\u00bbmeta_text_shadow_style,%91object Object%93&Prime; meta_text_shadow_vertical_length=\u00a0\u00bbmeta_text_shadow_style,%91object Object%93&Prime; meta_text_shadow_blur_strength=\u00a0\u00bbmeta_text_shadow_style,%91object Object%93&Prime; z_index_tablet=\u00a0\u00bb500&Prime; \/][\/et_pb_column][et_pb_column type=\u00a0\u00bb1_4&Prime;][\/et_pb_column][\/et_pb_row][et_pb_row][et_pb_column type=\u00a0\u00bb4_4&Prime;][et_pb_text admin_label=\u00a0\u00bbintro\u00a0\u00bb _builder_version=\u00a0\u00bb3.22.1&Prime; module_id=\u00a0\u00bbintro\u00a0\u00bb text_text_shadow_horizontal_length=\u00a0\u00bbtext_text_shadow_style,%91object Object%93&Prime; text_text_shadow_vertical_length=\u00a0\u00bbtext_text_shadow_style,%91object Object%93&Prime; text_text_shadow_blur_strength=\u00a0\u00bbtext_text_shadow_style,%91object Object%93&Prime; link_text_shadow_horizontal_length=\u00a0\u00bblink_text_shadow_style,%91object Object%93&Prime; link_text_shadow_vertical_length=\u00a0\u00bblink_text_shadow_style,%91object Object%93&Prime; link_text_shadow_blur_strength=\u00a0\u00bblink_text_shadow_style,%91object Object%93&Prime; ul_text_shadow_horizontal_length=\u00a0\u00bbul_text_shadow_style,%91object Object%93&Prime; ul_text_shadow_vertical_length=\u00a0\u00bbul_text_shadow_style,%91object Object%93&Prime; ul_text_shadow_blur_strength=\u00a0\u00bbul_text_shadow_style,%91object Object%93&Prime; ol_text_shadow_horizontal_length=\u00a0\u00bbol_text_shadow_style,%91object Object%93&Prime; ol_text_shadow_vertical_length=\u00a0\u00bbol_text_shadow_style,%91object Object%93&Prime; ol_text_shadow_blur_strength=\u00a0\u00bbol_text_shadow_style,%91object Object%93&Prime; quote_text_shadow_horizontal_length=\u00a0\u00bbquote_text_shadow_style,%91object Object%93&Prime; quote_text_shadow_vertical_length=\u00a0\u00bbquote_text_shadow_style,%91object Object%93&Prime; quote_text_shadow_blur_strength=\u00a0\u00bbquote_text_shadow_style,%91object Object%93&Prime; header_text_shadow_horizontal_length=\u00a0\u00bbheader_text_shadow_style,%91object Object%93&Prime; header_text_shadow_vertical_length=\u00a0\u00bbheader_text_shadow_style,%91object Object%93&Prime; header_text_shadow_blur_strength=\u00a0\u00bbheader_text_shadow_style,%91object Object%93&Prime; header_2_text_shadow_horizontal_length=\u00a0\u00bbheader_2_text_shadow_style,%91object Object%93&Prime; header_2_text_shadow_vertical_length=\u00a0\u00bbheader_2_text_shadow_style,%91object Object%93&Prime; header_2_text_shadow_blur_strength=\u00a0\u00bbheader_2_text_shadow_style,%91object Object%93&Prime; header_3_text_shadow_horizontal_length=\u00a0\u00bbheader_3_text_shadow_style,%91object Object%93&Prime; header_3_text_shadow_vertical_length=\u00a0\u00bbheader_3_text_shadow_style,%91object Object%93&Prime; header_3_text_shadow_blur_strength=\u00a0\u00bbheader_3_text_shadow_style,%91object Object%93&Prime; header_4_text_shadow_horizontal_length=\u00a0\u00bbheader_4_text_shadow_style,%91object Object%93&Prime; header_4_text_shadow_vertical_length=\u00a0\u00bbheader_4_text_shadow_style,%91object Object%93&Prime; header_4_text_shadow_blur_strength=\u00a0\u00bbheader_4_text_shadow_style,%91object Object%93&Prime; header_5_text_shadow_horizontal_length=\u00a0\u00bbheader_5_text_shadow_style,%91object Object%93&Prime; header_5_text_shadow_vertical_length=\u00a0\u00bbheader_5_text_shadow_style,%91object Object%93&Prime; header_5_text_shadow_blur_strength=\u00a0\u00bbheader_5_text_shadow_style,%91object Object%93&Prime; header_6_text_shadow_horizontal_length=\u00a0\u00bbheader_6_text_shadow_style,%91object Object%93&Prime; header_6_text_shadow_vertical_length=\u00a0\u00bbheader_6_text_shadow_style,%91object Object%93&Prime; header_6_text_shadow_blur_strength=\u00a0\u00bbheader_6_text_shadow_style,%91object Object%93&Prime; z_index_tablet=\u00a0\u00bb500&Prime;]<\/p>\n<p>Ce quatri\u00e8me d\u00e9fi consiste \u00e0 penser ensemble sant\u00e9 humaine, sant\u00e9 animale et \u00e9tat de la plan\u00e8te, dans la lign\u00e9e de nouvelles approches syst\u00e9miques comme <i>One Health <\/i>ou la sant\u00e9 plan\u00e9taire.<\/p>\n<p>[\/et_pb_text][\/et_pb_column][\/et_pb_row][et_pb_row][et_pb_column type=\u00a0\u00bb3_4&Prime;][et_pb_text _builder_version=\u00a0\u00bb3.22.1&Prime; text_text_shadow_horizontal_length=\u00a0\u00bbtext_text_shadow_style,%91object Object%93&Prime; text_text_shadow_vertical_length=\u00a0\u00bbtext_text_shadow_style,%91object Object%93&Prime; text_text_shadow_blur_strength=\u00a0\u00bbtext_text_shadow_style,%91object Object%93&Prime; link_text_shadow_horizontal_length=\u00a0\u00bblink_text_shadow_style,%91object Object%93&Prime; link_text_shadow_vertical_length=\u00a0\u00bblink_text_shadow_style,%91object Object%93&Prime; link_text_shadow_blur_strength=\u00a0\u00bblink_text_shadow_style,%91object Object%93&Prime; ul_text_shadow_horizontal_length=\u00a0\u00bbul_text_shadow_style,%91object Object%93&Prime; ul_text_shadow_vertical_length=\u00a0\u00bbul_text_shadow_style,%91object Object%93&Prime; ul_text_shadow_blur_strength=\u00a0\u00bbul_text_shadow_style,%91object Object%93&Prime; ol_text_shadow_horizontal_length=\u00a0\u00bbol_text_shadow_style,%91object Object%93&Prime; ol_text_shadow_vertical_length=\u00a0\u00bbol_text_shadow_style,%91object Object%93&Prime; ol_text_shadow_blur_strength=\u00a0\u00bbol_text_shadow_style,%91object Object%93&Prime; quote_text_shadow_horizontal_length=\u00a0\u00bbquote_text_shadow_style,%91object Object%93&Prime; quote_text_shadow_vertical_length=\u00a0\u00bbquote_text_shadow_style,%91object Object%93&Prime; quote_text_shadow_blur_strength=\u00a0\u00bbquote_text_shadow_style,%91object Object%93&Prime; header_text_shadow_horizontal_length=\u00a0\u00bbheader_text_shadow_style,%91object Object%93&Prime; header_text_shadow_vertical_length=\u00a0\u00bbheader_text_shadow_style,%91object Object%93&Prime; header_text_shadow_blur_strength=\u00a0\u00bbheader_text_shadow_style,%91object Object%93&Prime; header_2_text_shadow_horizontal_length=\u00a0\u00bbheader_2_text_shadow_style,%91object Object%93&Prime; header_2_text_shadow_vertical_length=\u00a0\u00bbheader_2_text_shadow_style,%91object Object%93&Prime; header_2_text_shadow_blur_strength=\u00a0\u00bbheader_2_text_shadow_style,%91object Object%93&Prime; header_3_text_shadow_horizontal_length=\u00a0\u00bbheader_3_text_shadow_style,%91object Object%93&Prime; header_3_text_shadow_vertical_length=\u00a0\u00bbheader_3_text_shadow_style,%91object Object%93&Prime; header_3_text_shadow_blur_strength=\u00a0\u00bbheader_3_text_shadow_style,%91object Object%93&Prime; header_4_text_shadow_horizontal_length=\u00a0\u00bbheader_4_text_shadow_style,%91object Object%93&Prime; header_4_text_shadow_vertical_length=\u00a0\u00bbheader_4_text_shadow_style,%91object Object%93&Prime; header_4_text_shadow_blur_strength=\u00a0\u00bbheader_4_text_shadow_style,%91object Object%93&Prime; header_5_text_shadow_horizontal_length=\u00a0\u00bbheader_5_text_shadow_style,%91object Object%93&Prime; header_5_text_shadow_vertical_length=\u00a0\u00bbheader_5_text_shadow_style,%91object Object%93&Prime; header_5_text_shadow_blur_strength=\u00a0\u00bbheader_5_text_shadow_style,%91object Object%93&Prime; header_6_text_shadow_horizontal_length=\u00a0\u00bbheader_6_text_shadow_style,%91object Object%93&Prime; header_6_text_shadow_vertical_length=\u00a0\u00bbheader_6_text_shadow_style,%91object Object%93&Prime; header_6_text_shadow_blur_strength=\u00a0\u00bbheader_6_text_shadow_style,%91object Object%93&Prime; z_index_tablet=\u00a0\u00bb500&Prime;]<\/p>\n<blockquote>\n<p>Baudiffier, D., Audouze, K., Armant, O., Frelon, S., Charles, S., Beaudouin, R., Cosio, C., Payrastre, L., Siaussat, D., Burgeot, T., Mauffret, A., Degli Espoti, D., Mougin, C., Delaunay, D. &amp; Coumoul, X. (2023). Editorial trend: adverse outcome pathway (AOP) and computational strategy &#8211; towards new perspectives in ecotoxicology. <em>Environmental Science and Pollution Research<\/em>, 37966636. doi: <a href=\"https:\/\/doi.org\/10.1007\/s11356-023-30647-w\">10.1007\/s11356-023-30647-w<\/a><\/p>\n<\/blockquote>\n<h6><strong>Mots-cl\u00e9s<\/strong> : effets ind\u00e9sirables, \u00e9cotoxicologie, toxicologie, m\u00e9thodologies in silico, biologie computationnelle, effets ind\u00e9sirables : aide-m\u00e9moire<\/h6>\n<h6><strong>Keywords: <\/strong>adverse outcome pathway, ecotoxicology, toxicology, in silico methodologies, computational biology, AOP help-finder<\/h6>\n<blockquote>\n<p>Bernal, K., Touma, C., Le-Grand, B., Rose, S., Degerli, S., Gen\u00eat, V., Lagadic-Gossmann, D., Coumoul, X., Martin-Chouly, C., Langou\u00ebt, S. &amp; Blanc, E. B. (2024). Assessment of endocrine disruptor impacts on lipid metabolism in a fatty acid-supplemented HepaRG human hepatic cell line. <em>Chemosphere<\/em>, 349, 140883. <a href=\"https:\/\/doi.org\/10.1016\/j.chemosphere.2023.140883\">doi.org\/10.1016\/j.chemosphere.2023.140883<\/a><\/p>\n<\/blockquote>\n<h6><strong>Mots-cl\u00e9s<\/strong> : perturbateurs endocriniens, HepaRG, m\u00e9tabolisme des lipides, MASLD, toxicologie m\u00e9caniste, \u00e9valuation des risques<\/h6>\n<h6><strong>Keywords: <\/strong>endocrine disruptors, HepaRG, lipid metabolism, MASLD, mechanistic toxicology, risk assessment<\/h6>\n<blockquote>\n<p>Boudia S., Creager A., Frickel S., Henry E., Jas N., Reinhardt C. &amp; Roberts J. (2021). Residues. Thinking Through Chemical Environments. <em>Rutgers University Press<\/em>. <em>ISBN\u00a0<\/em>: 978-1-9788-1801-9<\/p>\n<\/blockquote>\n<blockquote>\n<p>Boudia S. &amp; Jas N. (2019). Gouverner un monde toxique. <em>\u00c9ditions Quae<\/em>. ISBN : 978-2-7592-3408-0<\/p>\n<\/blockquote>\n<blockquote>\n<p>Centre des Politiques de la Terre (2023). Campus Anthropoc\u00e8ne 2023 : Habiter la fin de la terre \u2013 Finist\u00e8re (29) &#8211; &amp; le bout du monde \u2013 <em>penn ar bed<\/em>, Compte-rendu synth\u00e9tique de deux journ\u00e9es de terrain commun. <em>Centre des Politiques de la Terre<\/em>. <a href=\"https:\/\/drive.google.com\/file\/d\/1VRL-iZgFE8ZN5nHwLKlAqTTxJtgn0Af9\/view\">drive.google.com\/file\/d\/1VRL-iZgFE8ZN5nHwLKlAqTTxJtgn0Af9\/view<\/a><\/p>\n<\/blockquote>\n<blockquote>\n<p>Corporeau, C., Le Foll, C., Cruciani-Guglielmacci, C., Le Stunff, H., Mithieux, G., Magnan, C. &amp; Delarue, J. (2023). Fish oil minimises feed intake and improves insulin sensitivity in Zucker fa\/fa rats. <em>British Journal of Nutrition<\/em>, 1\u201313. <a href=\"%2010.1017\/S0007114523002404\">doi: 10.1017\/S0007114523002404<\/a><\/p>\n<\/blockquote>\n<h6><strong>Mots-cl\u00e9s<\/strong> : acides gras n-3 \u00e0 longue cha\u00eene, ob\u00e9sit\u00e9, r\u00e9sistance \u00e0 l&rsquo;insuline, c\u00e9ramides, lipotoxicit\u00e9<\/h6>\n<h6><strong>Keywords: <\/strong>long-chain n-3 fatty acids, obesity, insulin resistance, ceramides, lipotoxicity<\/h6>\n<blockquote>\n<p>Coumoul, X. (2023, 19 d\u00e9cembre). Glyphosate : sur quelles pathologies portent les soup\u00e7ons et avec quels niveaux de preuves ? <em>The Conversation, L\u2019expertise universitaire, l\u2019exigence journalistique<\/em>. <a href=\"https:\/\/theconversation.com\/glyphosate-sur-quelles-pathologies-portent-les-soupcons-et-avec-quels-niveaux-de-preuves-217583\">theconversation.com\/glyphosate-sur-quelles-pathologies-portent-les-soupcons-et-avec-quels-niveaux-de-preuves-217583<\/a><\/p>\n<\/blockquote>\n<h6><strong>Mots-cl\u00e9s<\/strong> : pesticides, g\u00e9notoxicit\u00e9, \u00e9valuation r\u00e9glementaire<\/h6>\n<h6><strong>Keywords<\/strong>: pesticides, genotoxicity, regulatory assessment<\/h6>\n<blockquote>\n<p>Coumoul, X. (2023, 22 novembre). Pollution : peut-on encore manger des \u0153ufs en \u00cele-de-France\u00a0? <em>In<\/em> Actualit\u00e9s-Sciences &amp; Environnement (Elisa Dor\u00e9). <em>Le Figaro<\/em>. <a href=\"https:\/\/www.lefigaro.fr\/sciences\/pollution-peut-on-encore-manger-des-oeufs-en-ile-de-france-20231122\">https:\/\/www.lefigaro.fr\/sciences\/pollution-peut-on-encore-manger-des-oeufs-en-ile-de-france-20231122<\/a><\/p>\n<\/blockquote>\n<h6><strong>Mots-cl\u00e9s<\/strong> : alimentation, toxicologie, polluants organiques persistants, contamination<\/h6>\n<h6><strong>Keywords<\/strong>: food, toxicology, persistent organic pollutants, contamination<\/h6>\n<blockquote>\n<p>Coumoul, X. (2023, 25 octobre). Glyphosate, peut-on s&rsquo;en passer ? In La Terre au carr\u00e9. <em>France inter<\/em>. <a href=\"https:\/\/www.radiofrance.fr\/franceinter\/podcasts\/la-terre-au-carre\/la-terre-au-carre-du-mercredi-25-octobre-2023-8680430\">www.radiofrance.fr\/franceinter\/podcasts\/la-terre-au-carre\/la-terre-au-carre-du-mercredi-25-octobre-2023-8680430<\/a><\/p>\n<\/blockquote>\n<h6><strong>Mots-cl\u00e9s<\/strong> : pesticides, g\u00e9notoxicit\u00e9, \u00e9valuation r\u00e9glementaire<\/h6>\n<h6><strong>Keywords: <\/strong>pesticides, genotoxicity, regulatory assessment<\/h6>\n<blockquote>\n<p>Depoux, A. (2022). 19 \u2013 Requalifier l\u2019urgence environnementale en urgence sanitaire : les enjeux d\u2019un nouveau r\u00e9cit autour du changement climatique. In Sant\u00e9 et Environnement (Senn Nicolas, Del Rio Maria et al.). <em>Revue M\u00e9dicale Suisse<\/em>. <a href=\"https:\/\/www.revmed.ch\/livres\/sante-et-environnement\/partie-2-environnement-sante-et-societe-perspectives-multidisciplinaires\/perspective-de-la-sante-publique\/19-requalifier-l-urgence-environnementale-en-urgence-sanitaire-les-enjeux-d-un-nouveau-recit-autour-du-changement-climatique#tab=tab-shop\">www.revmed.ch\/livres\/sante-et-environnement\/partie-2-environnement-sante-et-societe-perspectives-multidisciplinaires\/perspective-de-la-sante-publique\/19-requalifier-l-urgence-environnementale-en-urgence-sanitaire-les-enjeux-d-un-nouveau-recit-auto<\/a><\/p>\n<\/blockquote>\n<blockquote>\n<p class=\"U-ParisTitre03\"><span class=\"uppercase\">Dev\u00e8s<\/span>, M., <span class=\"uppercase\">Moirand<\/span>, S. &amp; <span class=\"uppercase\">Le Vagueresse<\/span>, L. (2023). De l\u2019\u00e9v\u00e8nement \u00ab\u00a0naturel\u00a0\u00bb aux discours et pratiques langagi\u00e8res\u2009dans le champ de la r\u00e9duction des risques (Mayotte, 2018-2022). <i>Nouvelle revue de psychosociologie<\/i>, 36, 163-179. <a href=\"https:\/\/doi.org\/10.3917\/nrp.036.0163\">https:\/\/doi.org\/10.3917\/nrp.036.0163<\/a><\/p>\n<\/blockquote>\n<h6><strong>Mots-cl\u00e9s<\/strong> :\u00a0catastrophe,\u00a0risque,\u00a0repr\u00e9sentations, crise, psychosociologie<\/h6>\n<h6><strong>Keywords<\/strong>: disaster,\u00a0risk,\u00a0representations, crisis, psychosociology<\/h6>\n<blockquote>\n<p class=\"U-ParisTitre03\"><span class=\"uppercase\">Dev\u00e8s<\/span>, M. (2023). De la catastrophe \u00e0 \u00ab\u00a0l\u2019\u00e9cho-anxi\u00e9t\u00e9\u00a0\u00bb. <i>Le Carnet PSY<\/i>, 264, 33-36. <a href=\"https:\/\/doi.org\/10.3917\/lcp.264.0033\">doi.org\/10.3917\/lcp.264.0033<\/a><\/p>\n<\/blockquote>\n<h6><strong>Mots-cl\u00e9s<\/strong> :\u00a0catastrophe,\u00a0risque,\u00a0repr\u00e9sentations, \u00e9cho-anxi\u00e9t\u00e9, psychanalyse<\/h6>\n<h6><strong>Keywords<\/strong>: disaster,\u00a0risk,\u00a0representations, echo-anxiety, psychoanalysis<\/h6>\n<blockquote>\n<p>Dos Santos, R. M., Miyamoto, J. \u00c9., Siqueira, B. P., Araujo, T. R., Vettorazzi, J. F., Menta, P.L. R., Denom, J., Latorraca, M. Q., Cruciani-Guglielmacci, C., Carneiro, E. M., Torsoni, A., Torsoni, M., Badan, A. P.,\u00a0Magnan, C., Le Stunff, H., Ign\u00e1cio-Souza, L., Milanski, M. (2024). Interesterified palm oil promotes insulin resistance and altered insulin secretion and signaling in Swiss mice. <em>Food Research International. <\/em>Feb:177:113850. <a href=\"https:\/\/www-sciencedirect-com.insb.bib.cnrs.fr\/science\/article\/pii\/S0963996923013984?via%3Dihub\">doi: 10.1016\/j.foodres.2023.113850 <\/a><\/p>\n<\/blockquote>\n<h6><strong>Mots-cl\u00e9s<\/strong> : Huile de palme, aliments transform\u00e9s, graisses trans, acides gras interest\u00e9rifi\u00e9s, r\u00e9sistance \u00e0 l\u2019insuline, hom\u00e9ostasie glucidique.<\/h6>\n<h6><strong>Keywords: <\/strong>Palm oil, processed food, trans fat, interesterified fatty acids, insulin resistance, glucose homeostasis<\/h6>\n<blockquote>\n<p>Lam, G., Noirez, P., Djemai, H., Youssef, L., Blanc, E., Audouze, K., Kim, M. J., Coumoul, X. &amp; Li, S. F. Y. (2023). The effects of pollutant mixture released from grafted adipose tissues on fatty acid and lipid metabolism in the skeletal muscles, kidney, heart, and lungs of male mice. <em>Environmental Pollution<\/em>, 336, 122387. <a href=\"%2010.1016\/j.envpol.2023.122387\">doi: 10.1016\/j.envpol.2023.122387<\/a><\/p>\n<\/blockquote>\n<h6><strong>Mots-cl\u00e9s<\/strong> : polluants organiques persistants, tissu adipeux, dose minimale avec effet nocif observ\u00e9, m\u00e9tabolomique, m\u00e9tabolisme des acides gras, m\u00e9tabolisme des lipides, GC-MS<\/h6>\n<h6><strong>Keywords: <\/strong>persistent organic pollutants, adipose tissue, lowest observed adverse effect level, metabolomics, fatty acid metabolism, lipid metabolism, GC-MS<\/h6>\n<blockquote>\n<p>Tomkiewicz, C., Coumoul, X., Nioche, P., Barouki, R. &amp; Blanc, E. B. (2024). Costs of molecular adaptation to the chemical exposome: a focus on xenobiotic metabolism pathways. <em>Philosophical Transactions of the Royal Society B: Biological Sciences<\/em>, 379(1898). doi: 10.1098\/rstb.2022.0510<\/p>\n<\/blockquote>\n<h6><strong>Mots-cl\u00e9s<\/strong> : m\u00e9tabolisme des x\u00e9nobiotiques, r\u00e9cepteur des hydrocarbures aryliques, microbiome, toxicologie, \u00e9pig\u00e9n\u00e9tique<\/h6>\n<h6><strong>Keywords: <\/strong><span class=\"kwd-text\">xenobiotic metabolism, aryl hydrocarbon receptor, microbiome, toxicology, epigenetics<\/span><\/h6>\n<p>\u00a0<\/p>\n<p>[\/et_pb_text][\/et_pb_column][et_pb_column type=\u00a0\u00bb1_4&Prime;][\/et_pb_column][\/et_pb_row][et_pb_row][et_pb_column type=\u00a0\u00bb4_4&Prime;][et_pb_blog _builder_version=\u00a0\u00bb3.22.1&Prime; posts_number=\u00a0\u00bb18&Prime; include_categories=\u00a0\u00bb74&Prime; show_author=\u00a0\u00bboff\u00a0\u00bb show_date=\u00a0\u00bboff\u00a0\u00bb show_pagination=\u00a0\u00bboff\u00a0\u00bb border_width_bottom_fullwidth=\u00a0\u00bb1px\u00a0\u00bb border_color_bottom_fullwidth=\u00a0\u00bbrgba(51,51,51,0.18)\u00a0\u00bb custom_padding=\u00a0\u00bb||50px|\u00a0\u00bb module_id=\u00a0\u00bbpage_type_blog\u00a0\u00bb header_level=\u00a0\u00bbh4&Prime; text_shadow_horizontal_length=\u00a0\u00bbtext_shadow_style,%91object Object%93&Prime; text_shadow_vertical_length=\u00a0\u00bbtext_shadow_style,%91object Object%93&Prime; text_shadow_blur_strength=\u00a0\u00bbtext_shadow_style,%91object Object%93&Prime; header_text_shadow_horizontal_length=\u00a0\u00bbheader_text_shadow_style,%91object Object%93&Prime; header_text_shadow_vertical_length=\u00a0\u00bbheader_text_shadow_style,%91object Object%93&Prime; header_text_shadow_blur_strength=\u00a0\u00bbheader_text_shadow_style,%91object Object%93&Prime; body_text_shadow_horizontal_length=\u00a0\u00bbbody_text_shadow_style,%91object Object%93&Prime; body_text_shadow_vertical_length=\u00a0\u00bbbody_text_shadow_style,%91object Object%93&Prime; body_text_shadow_blur_strength=\u00a0\u00bbbody_text_shadow_style,%91object Object%93&Prime; meta_text_shadow_horizontal_length=\u00a0\u00bbmeta_text_shadow_style,%91object Object%93&Prime; meta_text_shadow_vertical_length=\u00a0\u00bbmeta_text_shadow_style,%91object Object%93&Prime; meta_text_shadow_blur_strength=\u00a0\u00bbmeta_text_shadow_style,%91object Object%93&Prime; pagination_text_shadow_horizontal_length=\u00a0\u00bbpagination_text_shadow_style,%91object Object%93&Prime; pagination_text_shadow_vertical_length=\u00a0\u00bbpagination_text_shadow_style,%91object Object%93&Prime; pagination_text_shadow_blur_strength=\u00a0\u00bbpagination_text_shadow_style,%91object Object%93&Prime; z_index_tablet=\u00a0\u00bb500&Prime; show_categories=\u00a0\u00bboff\u00a0\u00bb disabled_on=\u00a0\u00bbon|on|on\u00a0\u00bb disabled=\u00a0\u00bbon\u00a0\u00bb \/][\/et_pb_column][\/et_pb_row][\/et_pb_section]<\/p>\n","protected":false},"excerpt":{"rendered":"<div class=\"et_pb_row et_pb_row_0 et_pb_row_empty\"><\/div>\n<div class=\"et_pb_row et_pb_row_1 et_pb_row_empty\"><\/div>\n<p> Ce quatri\u00e8me d\u00e9fi consiste \u00e0 penser ensemble sant\u00e9 humaine, sant\u00e9 animale et \u00e9tat de la plan\u00e8te, dans la lign\u00e9e de nouvelles approches syst\u00e9miques comme One Health ou la sant\u00e9 plan\u00e9taire. <\/p>\n<div class=\"et_pb_row et_pb_row_2 et_pb_row_empty\"><\/div>\n<p> Baudiffier, D., Audouze, K., Armant, O., Frelon, S., Charles, S., Beaudouin, R., Cosio, C., Payrastre, L., Siaussat, D., Burgeot, T., Mauffret, A., Degli&hellip; <a class=\"continue\" href=\"https:\/\/wordpress-test.app.u-pariscite.fr\/centre-politiques-terre\/une-conception-de-la-sante-dans-lanthropocene\/\">Lire la suite<span> Une conception de la sant\u00e9 dans l\u2019Anthropoc\u00e8ne<\/span><\/a><\/p>\n","protected":false},"author":446,"featured_media":0,"parent":0,"menu_order":0,"comment_status":"closed","ping_status":"closed","template":"","meta":{"_et_pb_use_builder":"on","_et_pb_old_content":"","_et_gb_content_width":"","footnotes":""},"class_list":["post-16539","page","type-page","status-publish","hentry"],"_links":{"self":[{"href":"https:\/\/wordpress-test.app.u-pariscite.fr\/centre-politiques-terre\/wp-json\/wp\/v2\/pages\/16539","targetHints":{"allow":["GET"]}}],"collection":[{"href":"https:\/\/wordpress-test.app.u-pariscite.fr\/centre-politiques-terre\/wp-json\/wp\/v2\/pages"}],"about":[{"href":"https:\/\/wordpress-test.app.u-pariscite.fr\/centre-politiques-terre\/wp-json\/wp\/v2\/types\/page"}],"author":[{"embeddable":true,"href":"https:\/\/wordpress-test.app.u-pariscite.fr\/centre-politiques-terre\/wp-json\/wp\/v2\/users\/446"}],"replies":[{"embeddable":true,"href":"https:\/\/wordpress-test.app.u-pariscite.fr\/centre-politiques-terre\/wp-json\/wp\/v2\/comments?post=16539"}],"version-history":[{"count":4,"href":"https:\/\/wordpress-test.app.u-pariscite.fr\/centre-politiques-terre\/wp-json\/wp\/v2\/pages\/16539\/revisions"}],"predecessor-version":[{"id":16609,"href":"https:\/\/wordpress-test.app.u-pariscite.fr\/centre-politiques-terre\/wp-json\/wp\/v2\/pages\/16539\/revisions\/16609"}],"wp:attachment":[{"href":"https:\/\/wordpress-test.app.u-pariscite.fr\/centre-politiques-terre\/wp-json\/wp\/v2\/media?parent=16539"}],"curies":[{"name":"wp","href":"https:\/\/api.w.org\/{rel}","templated":true}]}}